195.178.110.103 - - [05/Aug/2026:16:19:36 +0330] "GET / HTTP/1.1" 200 297534 "http://armgroupco.com" "Mozilla/5.0 (Windows NT 10.0; Win64; x64) AppleWebKit/537.36 (KHTML, like Gecko) Chrome/124.0.0.0 Safari/537.36"
164.92.102.132 - - [05/Aug/2026:16:21:16 +0330] "POST /wp-login.php HTTP/1.1" 200 10911 "-" "Mozilla/5.0"
164.92.102.132 - - [05/Aug/2026:16:21:16 +0330] "POST /wp-login.php HTTP/1.1" 200 10927 "-" "Mozilla/5.0"
164.92.102.132 - - [05/Aug/2026:16:21:16 +0330] "POST /wp-login.php HTTP/1.1" 200 10905 "-" "Mozilla/5.0"
164.92.102.132 - - [05/Aug/2026:16:21:16 +0330] "POST /wp-login.php HTTP/1.1" 200 10929 "-" "Mozilla/5.0"
164.92.102.132 - - [05/Aug/2026:16:21:18 +0330] "POST /wp-login.php HTTP/1.1" 200 10917 "-" "Mozilla/5.0"
103.215.222.14 - - [05/Aug/2026:16:29:33 +0330] "POST /wp-cron.php?doing_wp_cron=1785934773.1234359741210937500000 HTTP/1.1" 200 0 "-" "WordPress/7.0; https://armgroupco.com"
164.92.102.132 - - [05/Aug/2026:16:29:29 +0330] "POST /wp-login.php HTTP/1.1" 200 10917 "-" "Mozilla/5.0"
164.92.102.132 - - [05/Aug/2026:16:29:29 +0330] "POST /wp-login.php HTTP/1.1" 200 10917 "-" "Mozilla/5.0"
164.92.102.132 - - [05/Aug/2026:16:29:29 +0330] "POST /wp-login.php HTTP/1.1" 200 10911 "-" "Mozilla/5.0"
164.92.102.132 - - [05/Aug/2026:16:29:29 +0330] "POST /wp-login.php HTTP/1.1" 200 10905 "-" "Mozilla/5.0"
164.92.102.132 - - [05/Aug/2026:16:29:29 +0330] "POST /wp-login.php HTTP/1.1" 200 10927 "-" "Mozilla/5.0"
164.92.102.132 - - [05/Aug/2026:16:37:45 +0330] "POST /wp-login.php HTTP/1.1" 200 10917 "-" "Mozilla/5.0"
164.92.102.132 - - [05/Aug/2026:16:37:46 +0330] "POST /wp-login.php HTTP/1.1" 200 10927 "-" "Mozilla/5.0"
91.193.232.42 - - [05/Aug/2026:16:38:24 +0330] "POST /wp-login.php HTTP/1.1" 200 3649 "-" "Mozilla/5.0 (Windows NT 10.0; Win64; x64) AppleWebKit/537.36 Chrome/129.0.0.0 Safari/537.36"
164.92.102.132 - - [05/Aug/2026:16:46:05 +0330] "POST /wp-login.php HTTP/1.1" 200 10929 "-" "Mozilla/5.0"
164.92.102.132 - - [05/Aug/2026:16:46:05 +0330] "POST /wp-login.php HTTP/1.1" 200 10927 "-" "Mozilla/5.0"
164.92.102.132 - - [05/Aug/2026:16:46:05 +0330] "POST /wp-login.php HTTP/1.1" 200 10905 "-" "Mozilla/5.0"
164.92.102.132 - - [05/Aug/2026:16:46:05 +0330] "POST /wp-login.php HTTP/1.1" 200 10927 "-" "Mozilla/5.0"
164.92.102.132 - - [05/Aug/2026:16:46:05 +0330] "POST /wp-login.php HTTP/1.1" 200 10911 "-" "Mozilla/5.0"
164.92.102.132 - - [05/Aug/2026:16:46:05 +0330] "POST /wp-login.php HTTP/1.1" 200 10917 "-" "Mozilla/5.0"
103.215.222.14 - - [05/Aug/2026:16:27:06 +0330] "POST /wp-cron.php?doing_wp_cron=1785934626.1590569019317626953125 HTTP/1.1" 200 0 "-" "WordPress/7.0; https://armgroupco.com"
91.193.232.27 - - [05/Aug/2026:16:27:04 +0330] "POST /wp-login.php HTTP/1.1" 200 3649 "-" "Mozilla/5.0 (Windows NT 10.0; Win64; rv:143.0) Gecko/20100101 Firefox/143.0"
164.92.102.132 - - [05/Aug/2026:16:29:28 +0330] "POST /wp-login.php HTTP/1.1" 200 10891 "-" "Mozilla/5.0"
164.92.102.132 - - [05/Aug/2026:16:29:29 +0330] "POST /wp-login.php HTTP/1.1" 200 10927 "-" "Mozilla/5.0"
164.92.102.132 - - [05/Aug/2026:16:29:28 +0330] "POST /wp-login.php HTTP/1.1" 200 10929 "-" "Mozilla/5.0"
164.92.102.132 - - [05/Aug/2026:16:37:45 +0330] "POST /wp-login.php HTTP/1.1" 200 10927 "-" "Mozilla/5.0"
164.92.102.132 - - [05/Aug/2026:16:37:45 +0330] "POST /wp-login.php HTTP/1.1" 200 10911 "-" "Mozilla/5.0"
103.215.222.14 - - [05/Aug/2026:16:37:47 +0330] "POST /wp-cron.php?doing_wp_cron=1785935267.1932289600372314453125 HTTP/1.1" 200 0 "-" "WordPress/7.0; https://armgroupco.com"
164.92.102.132 - - [05/Aug/2026:16:37:45 +0330] "POST /wp-login.php HTTP/1.1" 200 10917 "-" "Mozilla/5.0"
164.92.102.132 - - [05/Aug/2026:16:37:45 +0330] "POST /wp-login.php HTTP/1.1" 200 10891 "-" "Mozilla/5.0"
164.92.102.132 - - [05/Aug/2026:16:37:46 +0330] "POST /wp-login.php HTTP/1.1" 200 10905 "-" "Mozilla/5.0"
164.92.102.132 - - [05/Aug/2026:16:37:46 +0330] "POST /wp-login.php HTTP/1.1" 200 10929 "-" "Mozilla/5.0"
103.215.222.14 - - [05/Aug/2026:16:38:26 +0330] "POST /wp-cron.php?doing_wp_cron=1785935306.6269280910491943359375 HTTP/1.1" 200 0 "-" "WordPress/7.0; https://armgroupco.com"
103.215.222.14 - - [05/Aug/2026:16:43:25 +0330] "POST /wp-cron.php?doing_wp_cron=1785935605.1429629325866699218750 HTTP/1.1" 200 0 "-" "WordPress/7.0; https://armgroupco.com"
198.38.94.67 - - [05/Aug/2026:16:43:23 +0330] "GET /wp-login.php HTTP/2" 200 3142 "-" "Mozilla/5.0 (Windows NT 10.0; Win64; x64) AppleWebKit/537.36 (KHTML, like Gecko) Chrome/150.0.0.0 Safari/537.36"
198.38.94.67 - - [05/Aug/2026:16:43:29 +0330] "GET /wp-login.php HTTP/2" 200 3095 "-" "Mozilla/5.0 (Windows NT 10.0; Win64; x64) AppleWebKit/537.36 (KHTML, like Gecko) Chrome/150.0.0.0 Safari/537.36"
198.38.94.67 - - [05/Aug/2026:16:43:31 +0330] "POST /wp-login.php HTTP/2" 200 3297 "https://armgroupco.com/wp-login.php" "Mozilla/5.0 (Windows NT 10.0; Win64; x64) AppleWebKit/537.36 (KHTML, like Gecko) Chrome/150.0.0.0 Safari/537.36"
103.215.222.14 - - [05/Aug/2026:16:46:08 +0330] "POST /wp-cron.php?doing_wp_cron=1785935768.8634839057922363281250 HTTP/1.1" 200 0 "-" "WordPress/7.0; https://armgroupco.com"
103.215.222.14 - - [05/Aug/2026:16:49:34 +0330] "POST /wp-cron.php?doing_wp_cron=1785935974.8871068954467773437500 HTTP/1.1" 200 0 "-" "WordPress/7.0; https://armgroupco.com"
91.193.232.50 - - [05/Aug/2026:16:49:33 +0330] "POST /wp-login.php HTTP/1.1" 200 3649 "-" "Mozilla/5.0 (Windows NT 10.0; Win64; rv:143.0) Gecko/20100101 Firefox/143.0"
49.51.196.42 - - [05/Aug/2026:16:49:59 +0330] "GET / HTTP/1.1" 200 126610 "http://armgroupco.com" "Mozilla/5.0 (iPhone; CPU iPhone OS 13_2_3 like Mac OS X) AppleWebKit/605.1.15 (KHTML, like Gecko) Version/13.0.3 Mobile/15E148 Safari/604.1"
103.215.222.14 - - [05/Aug/2026:16:50:31 +0330] "POST /wp-cron.php?doing_wp_cron=1785936031.2518908977508544921875 HTTP/1.1" 200 0 "-" "WordPress/7.0; https://armgroupco.com"
162.14.81.106 - - [05/Aug/2026:16:50:29 +0330] "GET / HTTP/1.1" 200 129699 "http://www.armgroup101.com" "Mozilla/5.0 (iPhone; CPU iPhone OS 13_2_3 like Mac OS X) AppleWebKit/605.1.15 (KHTML, like Gecko) Version/13.0.3 Mobile/15E148 Safari/604.1"
164.92.102.132 - - [05/Aug/2026:16:54:29 +0330] "POST /wp-login.php HTTP/1.1" 200 10911 "-" "Mozilla/5.0"
164.92.102.132 - - [05/Aug/2026:16:54:29 +0330] "POST /wp-login.php HTTP/1.1" 200 10905 "-" "Mozilla/5.0"
164.92.102.132 - - [05/Aug/2026:16:54:30 +0330] "POST /wp-login.php HTTP/1.1" 200 10927 "-" "Mozilla/5.0"
164.92.102.132 - - [05/Aug/2026:16:54:30 +0330] "POST /wp-login.php HTTP/1.1" 200 10929 "-" "Mozilla/5.0"
164.92.102.132 - - [05/Aug/2026:16:46:05 +0330] "POST /wp-login.php HTTP/1.1" 200 10891 "-" "Mozilla/5.0"
164.92.102.132 - - [05/Aug/2026:16:46:06 +0330] "POST /wp-login.php HTTP/1.1" 200 10917 "-" "Mozilla/5.0"
20.113.142.140 - - [05/Aug/2026:16:53:51 +0330] "GET /wp-admin/network/index.php HTTP/1.1" 302 0 "-" "-"
20.113.142.140 - - [05/Aug/2026:16:53:53 +0330] "GET /wp-login.php?redirect_to=https%3A%2F%2Farmgroupco.com%2Fwp-admin%2Fnetwork%2Findex.php&reauth=1 HTTP/1.1" 200 10561 "-" "-"
103.215.222.14 - - [05/Aug/2026:16:54:33 +0330] "POST /wp-cron.php?doing_wp_cron=1785936273.5516710281372070312500 HTTP/1.1" 200 0 "-" "WordPress/7.0; https://armgroupco.com"
164.92.102.132 - - [05/Aug/2026:16:54:30 +0330] "POST /wp-login.php HTTP/1.1" 200 10917 "-" "Mozilla/5.0"
164.92.102.132 - - [05/Aug/2026:16:54:30 +0330] "POST /wp-login.php HTTP/1.1" 200 10927 "-" "Mozilla/5.0"
164.92.102.132 - - [05/Aug/2026:16:54:31 +0330] "POST /wp-login.php HTTP/1.1" 200 10891 "-" "Mozilla/5.0"
20.113.142.140 - - [05/Aug/2026:16:55:12 +0330] "GET /wp-admin/user/index.php HTTP/1.1" 302 0 "-" "-"
20.113.142.140 - - [05/Aug/2026:16:55:14 +0330] "GET /wp-login.php?redirect_to=https%3A%2F%2Farmgroupco.com%2Fwp-admin%2Fuser%2Findex.php&reauth=1 HTTP/1.1" 200 10555 "-" "-"
205.169.39.2 - - [05/Aug/2026:16:55:21 +0330] "GET / HTTP/1.1" 301 795 "-" "Mozilla/5.0 (Windows NT 10.0) AppleWebKit/537.36 (KHTML, like Gecko) Chrome/106.0.0.0 Safari/537.36"
195.123.160.97 - - [05/Aug/2026:16:55:22 +0330] "POST /xmlrpc.php HTTP/1.1" 200 426 "-" "Jetpack/12.5; WordPress/6.1; http://site60474025.com"
195.123.160.97 - - [05/Aug/2026:16:55:32 +0330] "POST /xmlrpc.php HTTP/1.1" 200 426 "-" "Jetpack by WordPress.com (Jetpack 12.0; WordPress 6.3)"
195.123.160.97 - - [05/Aug/2026:16:55:43 +0330] "POST /xmlrpc.php HTTP/1.1" 200 426 "-" "WordPress.com; https://wordpress.com"
103.215.222.14 - - [05/Aug/2026:17:00:38 +0330] "POST /wp-cron.php?doing_wp_cron=1785936638.8265988826751708984375 HTTP/1.1" 200 0 "-" "WordPress/7.0; https://armgroupco.com"
91.193.232.52 - - [05/Aug/2026:17:00:37 +0330] "POST /wp-login.php HTTP/1.1" 200 3649 "-" "Mozilla/5.0 (Windows NT 10.0; Win64; rv:143.0) Gecko/20100101 Firefox/143.0"
5.133.214.187 - - [05/Aug/2026:17:02:27 +0330] "GET / HTTP/1.1" 200 125666 "http://armgroupco.ir/" "Mozilla/5.0 (Windows NT 6.3; Win64; x64; rv:109.0) Gecko/20100101 Firefox/115"
164.92.102.132 - - [05/Aug/2026:17:02:54 +0330] "POST /wp-login.php HTTP/1.1" 200 10905 "-" "Mozilla/5.0"
164.92.102.132 - - [05/Aug/2026:17:02:53 +0330] "POST /wp-login.php HTTP/1.1" 200 10911 "-" "Mozilla/5.0"
164.92.102.132 - - [05/Aug/2026:17:02:54 +0330] "POST /wp-login.php HTTP/1.1" 200 10929 "-" "Mozilla/5.0"
164.92.102.132 - - [05/Aug/2026:17:02:54 +0330] "POST /wp-login.php HTTP/1.1" 200 10917 "-" "Mozilla/5.0"
103.215.222.14 - - [05/Aug/2026:17:07:48 +0330] "POST /wp-cron.php?doing_wp_cron=1785937068.1786789894104003906250 HTTP/1.1" 200 0 "-" "WordPress/7.0; https://armgroupco.com"
198.38.94.67 - - [05/Aug/2026:17:07:46 +0330] "GET /wp-login.php HTTP/2" 200 3142 "-" "Mozilla/5.0 (Windows NT 10.0; Win64; x64) AppleWebKit/537.36 (KHTML, like Gecko) Chrome/150.0.0.0 Safari/537.36"
198.38.94.67 - - [05/Aug/2026:17:07:53 +0330] "GET /wp-login.php HTTP/2" 200 3142 "-" "Mozilla/5.0 (Windows NT 10.0; Win64; x64) AppleWebKit/537.36 (KHTML, like Gecko) Chrome/150.0.0.0 Safari/537.36"
195.178.110.104 - - [05/Aug/2026:17:07:54 +0330] "GET /wp-json/gravitysmtp/v1/tests/mock-data?page=gravitysmtp-settings HTTP/1.1" 404 270 "-" "vuln_scanner/3.1.0 (CVE-2026-4020)"
198.38.94.67 - - [05/Aug/2026:17:07:54 +0330] "POST /wp-login.php HTTP/2" 200 3297 "https://armgroupco.com/wp-login.php" "Mozilla/5.0 (Windows NT 10.0; Win64; x64) AppleWebKit/537.36 (KHTML, like Gecko) Chrome/150.0.0.0 Safari/537.36"
194.59.30.204 - - [05/Aug/2026:17:09:56 +0330] "GET / HTTP/1.1" 200 125666 "-" "Mozilla/5.0 (Windows NT 10.0; Win64; x64) AppleWebKit/537.36 (KHTML, like Gecko) Chrome/120.0.0.0 Safari/537.36"
164.92.102.132 - - [05/Aug/2026:16:54:30 +0330] "POST /wp-login.php HTTP/1.1" 200 10917 "-" "Mozilla/5.0"
103.215.222.14 - - [05/Aug/2026:16:55:14 +0330] "POST /wp-cron.php?doing_wp_cron=1785936314.2388970851898193359375 HTTP/1.1" 200 0 "-" "WordPress/7.0; https://armgroupco.com"
205.169.39.2 - - [05/Aug/2026:16:55:28 +0330] "GET / HTTP/1.1" 200 125666 "https://armgroup101.com" "Mozilla/5.0 (Windows NT 10.0) AppleWebKit/537.36 (KHTML, like Gecko) Chrome/106.0.0.0 Safari/537.36"
20.113.142.140 - - [05/Aug/2026:16:56:09 +0330] "GET /wp-login.php HTTP/1.1" 200 10432 "-" "-"
20.113.142.140 - - [05/Aug/2026:16:59:03 +0330] "GET /wp-admin/network/ HTTP/1.1" 302 0 "-" "-"
20.113.142.140 - - [05/Aug/2026:16:59:04 +0330] "GET /wp-login.php?redirect_to=https%3A%2F%2Farmgroupco.com%2Fwp-admin%2Fnetwork%2F&reauth=1 HTTP/1.1" 200 10543 "-" "-"
198.38.94.67 - - [05/Aug/2026:16:59:51 +0330] "GET /wp-login.php HTTP/2" 200 3142 "-" "Mozilla/5.0 (Windows NT 10.0; Win64; x64) AppleWebKit/537.36 (KHTML, like Gecko) Chrome/150.0.0.0 Safari/537.36"
198.38.94.67 - - [05/Aug/2026:16:59:54 +0330] "POST /wp-login.php HTTP/2" 200 3297 "https://armgroupco.com/wp-login.php" "Mozilla/5.0 (Windows NT 10.0; Win64; x64) AppleWebKit/537.36 (KHTML, like Gecko) Chrome/150.0.0.0 Safari/537.36"
103.215.222.14 - - [05/Aug/2026:17:02:56 +0330] "POST /wp-cron.php?doing_wp_cron=1785936776.1252160072326660156250 HTTP/1.1" 200 0 "-" "WordPress/7.0; https://armgroupco.com"
164.92.102.132 - - [05/Aug/2026:17:02:54 +0330] "POST /wp-login.php HTTP/1.1" 200 10917 "-" "Mozilla/5.0"
164.92.102.132 - - [05/Aug/2026:17:02:54 +0330] "POST /wp-login.php HTTP/1.1" 200 10927 "-" "Mozilla/5.0"
164.92.102.132 - - [05/Aug/2026:17:02:54 +0330] "POST /wp-login.php HTTP/1.1" 200 10891 "-" "Mozilla/5.0"
195.178.110.104 - - [05/Aug/2026:17:08:01 +0330] "GET /wp-json/gravitysmtp/v1/tests/mock-data HTTP/1.1" 404 270 "-" "vuln_scanner/3.1.0 (CVE-2026-4020)"
194.59.30.204 - - [05/Aug/2026:17:09:58 +0330] "GET / HTTP/1.1" 200 125666 "-" "Mozilla/5.0 (Windows NT 10.0; Win64; x64) AppleWebKit/537.36 (KHTML, like Gecko) Chrome/120.0.0.0 Safari/537.36"
194.59.30.204 - - [05/Aug/2026:17:10:03 +0330] "GET / HTTP/1.1" 200 125666 "-" "Mozilla/5.0 (Windows NT 10.0; Win64; x64) AppleWebKit/537.36 (KHTML, like Gecko) Chrome/120.0.0.0 Safari/537.36"
144.76.32.188 - - [05/Aug/2026:17:10:23 +0330] "GET /robots.txt HTTP/1.1" 200 125 "-" "Mozilla/5.0 (compatible; SERankingBacklinksBot/1.0; +https://seranking.com/backlinks-crawler)"
164.138.220.142 - - [05/Aug/2026:17:10:24 +0330] "GET /wp-login.php HTTP/2" 200 3142 "-" "Mozilla/5.0 (Windows NT 10.0; Win64; x64) AppleWebKit/537.36 (KHTML, like Gecko) Chrome/150.0.0.0 Safari/537.36"
164.138.220.142 - - [05/Aug/2026:17:10:25 +0330] "POST /wp-login.php HTTP/2" 200 3297 "https://armgroupco.com/wp-login.php" "Mozilla/5.0 (Windows NT 10.0; Win64; x64) AppleWebKit/537.36 (KHTML, like Gecko) Chrome/150.0.0.0 Safari/537.36"
103.215.222.14 - - [05/Aug/2026:17:11:25 +0330] "POST /wp-cron.php?doing_wp_cron=1785937284.9551498889923095703125 HTTP/1.1" 200 0 "-" "WordPress/7.0; https://armgroupco.com"
164.92.102.132 - - [05/Aug/2026:17:11:22 +0330] "POST /wp-login.php HTTP/1.1" 200 10917 "-" "Mozilla/5.0"
164.92.102.132 - - [05/Aug/2026:17:11:22 +0330] "POST /wp-login.php HTTP/1.1" 200 10911 "-" "Mozilla/5.0"
164.92.102.132 - - [05/Aug/2026:17:11:23 +0330] "POST /wp-login.php HTTP/1.1" 200 10905 "-" "Mozilla/5.0"
164.92.102.132 - - [05/Aug/2026:17:11:23 +0330] "POST /wp-login.php HTTP/1.1" 200 10927 "-" "Mozilla/5.0"
103.215.222.14 - - [05/Aug/2026:17:11:54 +0330] "POST /wp-cron.php?doing_wp_cron=1785937314.6219830513000488281250 HTTP/1.1" 200 0 "-" "WordPress/7.0; https://armgroupco.com"
37.27.51.142 - - [05/Aug/2026:17:11:54 +0330] "GET / HTTP/1.1" 200 125666 "-" "Mozilla/5.0 (compatible; SERankingBacklinksBot/1.0; +https://seranking.com/backlinks-crawler)"
91.193.232.44 - - [05/Aug/2026:17:12:11 +0330] "POST /wp-login.php HTTP/1.1" 200 3649 "-" "Mozilla/5.0 (Windows NT 10.0; Win64; x64) AppleWebKit/537.36 Chrome/129.0.0.0 Safari/537.36"
103.215.222.14 - - [05/Aug/2026:17:14:50 +0330] "POST /wp-cron.php?doing_wp_cron=1785937490.3173930644989013671875 HTTP/1.1" 200 0 "-" "WordPress/7.0; https://armgroupco.com"
198.38.94.5 - - [05/Aug/2026:17:14:48 +0330] "GET /wp-login.php HTTP/2" 200 3142 "-" "Mozilla/5.0 (Windows NT 10.0; Win64; x64) AppleWebKit/537.36 (KHTML, like Gecko) Chrome/150.0.0.0 Safari/537.36"
198.38.94.5 - - [05/Aug/2026:17:14:52 +0330] "POST /wp-login.php HTTP/2" 200 3297 "https://armgroupco.com/wp-login.php" "Mozilla/5.0 (Windows NT 10.0; Win64; x64) AppleWebKit/537.36 (KHTML, like Gecko) Chrome/150.0.0.0 Safari/537.36"
103.215.222.14 - - [05/Aug/2026:17:19:49 +0330] "POST /wp-cron.php?doing_wp_cron=1785937789.5947248935699462890625 HTTP/1.1" 200 0 "-" "WordPress/7.0; https://armgroupco.com"
164.92.102.132 - - [05/Aug/2026:17:19:47 +0330] "POST /wp-login.php HTTP/1.1" 200 10929 "-" "Mozilla/5.0"
164.92.102.132 - - [05/Aug/2026:17:19:48 +0330] "POST /wp-login.php HTTP/1.1" 200 10905 "-" "Mozilla/5.0"
23.236.222.95 - - [05/Aug/2026:17:20:21 +0330] "GET / HTTP/2" 301 795 "https://www.facebook.com/" "Mozilla/5.0 (Macintosh; Intel Mac OS X 10_15_7) AppleWebKit/537.36 (KHTML, like Gecko) Chrome/120.0.0.0 Safari/537.36"
166.88.224.200 - - [05/Aug/2026:17:20:22 +0330] "GET / HTTP/2" 200 125666 "https://www.facebook.com/" "Mozilla/5.0 (Macintosh; Intel Mac OS X 10_15_7) AppleWebKit/537.36 (KHTML, like Gecko) Chrome/120.0.0.0 Safari/537.36"
103.215.222.14 - - [05/Aug/2026:17:20:24 +0330] "POST /wp-cron.php?doing_wp_cron=1785937824.5651628971099853515625 HTTP/1.1" 200 0 "-" "WordPress/7.0; https://armgroupco.com"
166.88.3.217 - - [05/Aug/2026:17:20:23 +0330] "GET / HTTP/2" 301 0 "https://www.bing.com/" "Mozilla/5.0 (Windows NT 10.0; Win64; x64) AppleWebKit/537.36 (KHTML, like Gecko) Chrome/120.0.0.0 Safari/537.36"
166.88.3.76 - - [05/Aug/2026:17:20:25 +0330] "GET / HTTP/2" 200 125666 "https://www.bing.com/" "Mozilla/5.0 (Windows NT 10.0; Win64; x64) AppleWebKit/537.36 (KHTML, like Gecko) Chrome/120.0.0.0 Safari/537.36"
192.241.104.113 - - [05/Aug/2026:17:20:26 +0330] "GET / HTTP/2" 301 795 "https://www.google.com/" "Mozilla/5.0 (Macintosh; Intel Mac OS X 10_15_7) AppleWebKit/537.36 (KHTML, like Gecko) Chrome/120.0.0.0 Safari/537.36"
38.154.233.137 - - [05/Aug/2026:17:20:31 +0330] "GET / HTTP/2" 200 125666 "https://www.google.com/" "Mozilla/5.0 (Macintosh; Intel Mac OS X 10_15_7) AppleWebKit/537.36 (KHTML, like Gecko) Chrome/120.0.0.0 Safari/537.36"
103.215.222.14 - - [05/Aug/2026:17:20:39 +0330] "POST /wp-cron.php?doing_wp_cron=1785937839.1282138824462890625000 HTTP/1.1" 200 0 "-" "WordPress/7.0; https://armgroupco.com"
202.172.28.53 - - [05/Aug/2026:17:20:37 +0330] "GET /wp-login.php HTTP/2" 200 3142 "-" "Mozilla/5.0 (Windows NT 10.0; Win64; x64) AppleWebKit/537.36 (KHTML, like Gecko) Chrome/150.0.0.0 Safari/537.36"
202.172.28.53 - - [05/Aug/2026:17:20:41 +0330] "POST /wp-login.php HTTP/2" 200 3297 "https://armgroupco.com/wp-login.php" "Mozilla/5.0 (Windows NT 10.0; Win64; x64) AppleWebKit/537.36 (KHTML, like Gecko) Chrome/150.0.0.0 Safari/537.36"
166.88.3.174 - - [05/Aug/2026:17:20:47 +0330] "GET / HTTP/2" 200 125666 "https://duckduckgo.com/" "Mozilla/5.0 (X11; Linux x86_64) AppleWebKit/537.36 (KHTML, like Gecko) Chrome/121.0.0.0 Safari/537.36"
103.215.222.14 - - [05/Aug/2026:17:23:42 +0330] "POST /wp-cron.php?doing_wp_cron=1785938022.3917219638824462890625 HTTP/1.1" 200 0 "-" "WordPress/7.0; https://armgroupco.com"
91.193.232.46 - - [05/Aug/2026:17:23:40 +0330] "POST /wp-login.php HTTP/1.1" 200 3649 "-" "Mozilla/5.0 (Windows NT 10.0; Win64; rv:143.0) Gecko/20100101 Firefox/143.0"
103.215.222.14 - - [05/Aug/2026:17:28:16 +0330] "POST /wp-cron.php?doing_wp_cron=1785938296.8199369907379150390625 HTTP/1.1" 200 0 "-" "WordPress/7.0; https://armgroupco.com"
164.92.102.132 - - [05/Aug/2026:17:28:14 +0330] "POST /wp-login.php HTTP/1.1" 200 10927 "-" "Mozilla/5.0"
164.92.102.132 - - [05/Aug/2026:17:28:14 +0330] "POST /wp-login.php HTTP/1.1" 200 10917 "-" "Mozilla/5.0"
194.59.30.204 - - [05/Aug/2026:17:10:01 +0330] "GET / HTTP/1.1" 200 125666 "-" "Mozilla/5.0 (Windows NT 10.0; Win64; x64) AppleWebKit/537.36 (KHTML, like Gecko) Chrome/120.0.0.0 Safari/537.36"
144.76.32.188 - - [05/Aug/2026:17:10:25 +0330] "GET / HTTP/1.1" 301 795 "-" "Mozilla/5.0 (compatible; SERankingBacklinksBot/1.0; +https://seranking.com/backlinks-crawler)"
164.92.102.132 - - [05/Aug/2026:17:11:22 +0330] "POST /wp-login.php HTTP/1.1" 200 10929 "-" "Mozilla/5.0"
164.92.102.132 - - [05/Aug/2026:17:11:22 +0330] "POST /wp-login.php HTTP/1.1" 200 10891 "-" "Mozilla/5.0"
164.92.102.132 - - [05/Aug/2026:17:11:22 +0330] "POST /wp-login.php HTTP/1.1" 200 10927 "-" "Mozilla/5.0"
164.92.102.132 - - [05/Aug/2026:17:11:22 +0330] "POST /wp-login.php HTTP/1.1" 200 10917 "-" "Mozilla/5.0"
37.27.51.142 - - [05/Aug/2026:17:11:53 +0330] "GET /robots.txt HTTP/1.1" 200 125 "-" "Mozilla/5.0 (compatible; SERankingBacklinksBot/1.0; +https://seranking.com/backlinks-crawler)"
103.215.222.14 - - [05/Aug/2026:17:12:37 +0330] "POST /wp-cron.php?doing_wp_cron=1785937357.1505489349365234375000 HTTP/1.1" 200 0 "-" "WordPress/7.0; https://armgroupco.com"
37.27.51.142 - - [05/Aug/2026:17:12:35 +0330] "GET /robots.txt HTTP/1.1" 200 125 "-" "Mozilla/5.0 (compatible; SERankingBacklinksBot/1.0; +https://seranking.com/backlinks-crawler)"
37.27.51.142 - - [05/Aug/2026:17:12:37 +0330] "GET / HTTP/1.1" 200 125666 "-" "Mozilla/5.0 (compatible; SERankingBacklinksBot/1.0; +https://seranking.com/backlinks-crawler)"
164.92.102.132 - - [05/Aug/2026:17:19:47 +0330] "POST /wp-login.php HTTP/1.1" 200 10917 "-" "Mozilla/5.0"
164.92.102.132 - - [05/Aug/2026:17:19:47 +0330] "POST /wp-login.php HTTP/1.1" 200 10911 "-" "Mozilla/5.0"
164.92.102.132 - - [05/Aug/2026:17:19:47 +0330] "POST /wp-login.php HTTP/1.1" 200 10927 "-" "Mozilla/5.0"
164.92.102.132 - - [05/Aug/2026:17:19:47 +0330] "POST /wp-login.php HTTP/1.1" 200 10891 "-" "Mozilla/5.0"
164.92.102.132 - - [05/Aug/2026:17:19:47 +0330] "POST /wp-login.php HTTP/1.1" 200 10917 "-" "Mozilla/5.0"
164.92.102.132 - - [05/Aug/2026:17:19:48 +0330] "POST /wp-login.php HTTP/1.1" 200 10927 "-" "Mozilla/5.0"
164.92.102.132 - - [05/Aug/2026:17:28:14 +0330] "POST /wp-login.php HTTP/1.1" 200 10891 "-" "Mozilla/5.0"
164.92.102.132 - - [05/Aug/2026:17:28:14 +0330] "POST /wp-login.php HTTP/1.1" 200 10917 "-" "Mozilla/5.0"
164.92.102.132 - - [05/Aug/2026:17:28:14 +0330] "POST /wp-login.php HTTP/1.1" 200 10929 "-" "Mozilla/5.0"
164.92.102.132 - - [05/Aug/2026:17:28:14 +0330] "POST /wp-login.php HTTP/1.1" 200 10927 "-" "Mozilla/5.0"
164.92.102.132 - - [05/Aug/2026:17:28:14 +0330] "POST /wp-login.php HTTP/1.1" 200 10905 "-" "Mozilla/5.0"
20.113.142.140 - - [05/Aug/2026:17:33:34 +0330] "GET /wp-admin/network/index.php HTTP/1.1" 302 0 "-" "-"
20.113.142.140 - - [05/Aug/2026:17:33:36 +0330] "GET /wp-login.php?redirect_to=https%3A%2F%2Farmgroupco.com%2Fwp-admin%2Fnetwork%2Findex.php&reauth=1 HTTP/1.1" 200 10561 "-" "-"
91.193.232.4 - - [05/Aug/2026:17:34:42 +0330] "POST /wp-login.php HTTP/1.1" 200 3649 "-" "Mozilla/5.0 (Windows NT 10.0; Win64; rv:143.0) Gecko/20100101 Firefox/143.0"
20.113.142.140 - - [05/Aug/2026:17:35:43 +0330] "GET /wp-login.php HTTP/1.1" 200 10432 "-" "-"
4.225.166.176 - - [05/Aug/2026:17:36:31 +0330] "GET /wp-admin/user/index.php HTTP/1.1" 302 0 "-" "-"
4.225.166.176 - - [05/Aug/2026:17:36:33 +0330] "GET /wp-login.php?redirect_to=https%3A%2F%2Farmgroupco.com%2Fwp-admin%2Fuser%2Findex.php&reauth=1 HTTP/1.1" 200 10555 "-" "-"
164.92.102.132 - - [05/Aug/2026:17:36:38 +0330] "POST /wp-login.php HTTP/1.1" 200 10917 "-" "Mozilla/5.0"
164.92.102.132 - - [05/Aug/2026:17:36:38 +0330] "POST /wp-login.php HTTP/1.1" 200 10917 "-" "Mozilla/5.0"
164.92.102.132 - - [05/Aug/2026:17:36:38 +0330] "POST /wp-login.php HTTP/1.1" 200 10911 "-" "Mozilla/5.0"
164.92.102.132 - - [05/Aug/2026:17:36:42 +0330] "POST /wp-login.php HTTP/1.1" 200 10927 "-" "Mozilla/5.0"
164.92.102.132 - - [05/Aug/2026:17:28:14 +0330] "POST /wp-login.php HTTP/1.1" 200 10911 "-" "Mozilla/5.0"
103.215.222.14 - - [05/Aug/2026:17:28:18 +0330] "POST /wp-cron.php?doing_wp_cron=1785938298.6598930358886718750000 HTTP/1.1" 200 0 "-" "WordPress/7.0; https://armgroupco.com"
20.113.142.140 - - [05/Aug/2026:17:34:49 +0330] "GET /wp-admin/user/index.php HTTP/1.1" 302 0 "-" "-"
20.113.142.140 - - [05/Aug/2026:17:34:51 +0330] "GET /wp-login.php?redirect_to=https%3A%2F%2Farmgroupco.com%2Fwp-admin%2Fuser%2Findex.php&reauth=1 HTTP/1.1" 200 10555 "-" "-"
4.225.166.176 - - [05/Aug/2026:17:35:28 +0330] "GET /wp-admin/network/index.php HTTP/1.1" 302 0 "-" "-"
4.225.166.176 - - [05/Aug/2026:17:35:29 +0330] "GET /wp-login.php?redirect_to=https%3A%2F%2Farmgroupco.com%2Fwp-admin%2Fnetwork%2Findex.php&reauth=1 HTTP/1.1" 200 10561 "-" "-"
103.215.222.14 - - [05/Aug/2026:17:36:33 +0330] "POST /wp-cron.php?doing_wp_cron=1785938793.3283119201660156250000 HTTP/1.1" 200 0 "-" "WordPress/7.0; https://armgroupco.com"
164.92.102.132 - - [05/Aug/2026:17:36:38 +0330] "POST /wp-login.php HTTP/1.1" 200 10929 "-" "Mozilla/5.0"
164.92.102.132 - - [05/Aug/2026:17:36:38 +0330] "POST /wp-login.php HTTP/1.1" 200 10905 "-" "Mozilla/5.0"
164.92.102.132 - - [05/Aug/2026:17:36:38 +0330] "POST /wp-login.php HTTP/1.1" 200 10927 "-" "Mozilla/5.0"
164.92.102.132 - - [05/Aug/2026:17:36:39 +0330] "POST /wp-login.php HTTP/1.1" 200 10891 "-" "Mozilla/5.0"
20.113.142.140 - - [05/Aug/2026:17:38:04 +0330] "GET /wp-admin/network/ HTTP/1.1" 302 0 "-" "-"
20.113.142.140 - - [05/Aug/2026:17:38:06 +0330] "GET /wp-login.php?redirect_to=https%3A%2F%2Farmgroupco.com%2Fwp-admin%2Fnetwork%2F&reauth=1 HTTP/1.1" 200 10543 "-" "-"
103.215.222.14 - - [05/Aug/2026:17:39:35 +0330] "POST /wp-cron.php?doing_wp_cron=1785938975.0372231006622314453125 HTTP/1.1" 200 0 "-" "WordPress/7.0; https://armgroupco.com"
20.16.180.61 - - [05/Aug/2026:17:39:40 +0330] "GET /wp-login.php HTTP/2" 200 3142 "-" "Mozilla/5.0 (Windows NT 10.0; Win64; x64) AppleWebKit/537.36 (KHTML, like Gecko) Chrome/150.0.0.0 Safari/537.36"
198.38.94.5 - - [05/Aug/2026:17:39:40 +0330] "GET /wp-login.php HTTP/2" 200 3142 "-" "Mozilla/5.0 (Windows NT 10.0; Win64; x64) AppleWebKit/537.36 (KHTML, like Gecko) Chrome/150.0.0.0 Safari/537.36"
157.245.63.62 - - [05/Aug/2026:17:39:42 +0330] "GET /wp-login.php HTTP/1.1" 200 3142 "https://www.google.com/search?q=wordpress" "Mozilla/5.0 (Macintosh; Intel Mac OS X 10_15_7) AppleWebKit/537.36 (KHTML, like Gecko) Chrome/119.0.0.0 Safari/537.36"
198.38.94.5 - - [05/Aug/2026:17:40:00 +0330] "POST /wp-login.php HTTP/2" 200 3297 "https://armgroupco.com/wp-login.php" "Mozilla/5.0 (Windows NT 10.0; Win64; x64) AppleWebKit/537.36 (KHTML, like Gecko) Chrome/150.0.0.0 Safari/537.36"
20.16.180.61 - - [05/Aug/2026:17:40:10 +0330] "GET /wp-login.php HTTP/2" 200 3142 "-" "Mozilla/5.0 (Windows NT 10.0; Win64; x64) AppleWebKit/537.36 (KHTML, like Gecko) Chrome/150.0.0.0 Safari/537.36"
20.16.180.61 - - [05/Aug/2026:17:40:12 +0330] "POST /wp-login.php HTTP/2" 200 3261 "https://armgroupco.com/wp-login.php" "Mozilla/5.0 (Windows NT 10.0; Win64; x64) AppleWebKit/537.36 (KHTML, like Gecko) Chrome/150.0.0.0 Safari/537.36"
157.245.63.62 - - [05/Aug/2026:17:40:30 +0330] "GET /wp-login.php?redirect_to=https%3A%2F%2Farmgroupco.com%2Fwp-admin%2F&reauth=1 HTTP/1.1" 200 3146 "-" "Mozilla/5.0 (Macintosh; Intel Mac OS X 13_6_1; rv:120.0) Gecko/20100101 Firefox/120.0"
157.245.63.62 - - [05/Aug/2026:17:40:43 +0330] "GET /wp-admin/ HTTP/1.1" 302 0 "https://www.google.com/" "Mozilla/5.0 (Macintosh; Intel Mac OS X 13_6_1; rv:120.0) Gecko/20100101 Firefox/120.0"
43.156.5.187 - - [05/Aug/2026:17:43:25 +0330] "GET / HTTP/1.1" 301 795 "-" "Mozilla/5.0 (Windows NT 10.0; Win64; x64)"
43.156.5.187 - - [05/Aug/2026:17:43:27 +0330] "GET /%D8%AA%D9%85%D8%A7%D8%B3-%D8%A8%D8%A7-%D9%85%D8%A7 HTTP/1.1" 301 0 "-" "Mozilla/5.0 (Windows NT 10.0; Win64; x64)"
43.156.5.187 - - [05/Aug/2026:17:43:29 +0330] "GET /%D8%AA%D9%85%D8%A7%D8%B3-%D8%A8%D8%A7-%D9%85%D8%A7/ HTTP/1.1" 200 128837 "-" "Mozilla/5.0 (Windows NT 10.0; Win64; x64)"
164.92.102.132 - - [05/Aug/2026:17:45:06 +0330] "POST /wp-login.php HTTP/1.1" 200 10891 "-" "Mozilla/5.0"
164.92.102.132 - - [05/Aug/2026:17:45:06 +0330] "POST /wp-login.php HTTP/1.1" 200 10927 "-" "Mozilla/5.0"
164.92.102.132 - - [05/Aug/2026:17:45:06 +0330] "POST /wp-login.php HTTP/1.1" 200 10927 "-" "Mozilla/5.0"
164.92.102.132 - - [05/Aug/2026:17:45:06 +0330] "POST /wp-login.php HTTP/1.1" 200 10917 "-" "Mozilla/5.0"
164.92.102.132 - - [05/Aug/2026:17:45:06 +0330] "POST /wp-login.php HTTP/1.1" 200 10905 "-" "Mozilla/5.0"
164.92.102.132 - - [05/Aug/2026:17:45:06 +0330] "POST /wp-login.php HTTP/1.1" 200 10917 "-" "Mozilla/5.0"
195.178.110.155 - - [05/Aug/2026:17:46:16 +0330] "GET / HTTP/1.1" 200 297534 "https://armgroup101.com" "Mozilla/5.0 (Windows NT 10.0; Win64; x64) AppleWebKit/537.36 (KHTML, like Gecko) Chrome/124.0.0.0 Safari/537.36"
195.178.110.155 - - [05/Aug/2026:17:46:17 +0330] "GET / HTTP/1.1" 200 297534 "http://armgroup101.com" "Mozilla/5.0 (Windows NT 10.0; Win64; x64) AppleWebKit/537.36 (KHTML, like Gecko) Chrome/124.0.0.0 Safari/537.36"
31.56.221.181 - - [05/Aug/2026:17:50:16 +0330] "GET /wp-content/cache/min/1/wp-content/themes/hello-elementor/assets/css/reset.css?ver=1785519864 HTTP/2" 200 1578 "https://www.armgroup101.com/" "Mozilla/5.0 (Linux; Android 6.0; Nexus 5 Build/MRA58N) AppleWebKit/537.36 (KHTML, like Gecko) Chrome/51.0.1010.1944 Mobile Safari/537.36"
31.56.221.181 - - [05/Aug/2026:17:50:16 +0330] "GET /wp-content/plugins/elementor/assets/lib/animations/styles/e-animation-wobble-horizontal.min.css?ver=4.1.1 HTTP/2" 200 184 "https://www.armgroup101.com/" "Mozilla/5.0 (Linux; Android 6.0; Nexus 5 Build/MRA58N) AppleWebKit/537.36 (KHTML, like Gecko) Chrome/51.0.1010.1944 Mobile Safari/537.36"
31.56.221.181 - - [05/Aug/2026:17:50:16 +0330] "GET /wp-content/plugins/elementor/assets/css/conditionals/e-swiper.min.css?ver=4.1.1 HTTP/2" 200 699 "https://www.armgroup101.com/" "Mozilla/5.0 (Linux; Android 6.0; Nexus 5 Build/MRA58N) AppleWebKit/537.36 (KHTML, like Gecko) Chrome/51.0.1010.1944 Mobile Safari/537.36"
31.56.221.181 - - [05/Aug/2026:17:50:16 +0330] "GET /wp-content/cache/min/1/wp-content/plugins/elementor/assets/lib/swiper/v8/css/swiper.min.css?ver=1785519864 HTTP/2" 200 4082 "https://www.armgroup101.com/" "Mozilla/5.0 (Linux; Android 6.0; Nexus 5 Build/MRA58N) AppleWebKit/537.36 (KHTML, like Gecko) Chrome/51.0.1010.1944 Mobile Safari/537.36"
31.56.221.181 - - [05/Aug/2026:17:50:16 +0330] "GET /wp-content/plugins/elementor-pro/assets/css/modules/motion-fx.min.css?ver=3.34.0 HTTP/2" 200 240 "https://www.armgroup101.com/" "Mozilla/5.0 (Linux; Android 6.0; Nexus 5 Build/MRA58N) AppleWebKit/537.36 (KHTML, like Gecko) Chrome/51.0.1010.1944 Mobile Safari/537.36"
31.56.221.181 - - [05/Aug/2026:17:50:16 +0330] "GET /wp-content/plugins/elementor-pro/assets/css/widget-loop-carousel-rtl.min.css?ver=3.34.0 HTTP/2" 200 1239 "https://www.armgroup101.com/" "Mozilla/5.0 (Linux; Android 6.0; Nexus 5 Build/MRA58N) AppleWebKit/537.36 (KHTML, like Gecko) Chrome/51.0.1010.1944 Mobile Safari/537.36"
31.56.221.181 - - [05/Aug/2026:17:50:16 +0330] "GET /wp-content/plugins/elementor-pro/assets/css/widget-off-canvas-rtl.min.css?ver=3.34.0 HTTP/2" 200 715 "https://www.armgroup101.com/" "Mozilla/5.0 (Linux; Android 6.0; Nexus 5 Build/MRA58N) AppleWebKit/537.36 (KHTML, like Gecko) Chrome/51.0.1010.1944 Mobile Safari/537.36"
31.56.221.181 - - [05/Aug/2026:17:50:16 +0330] "GET /wp-content/cache/min/1/wp-content/plugins/jet-elements/assets/css/addons/jet-scroll-navigation-rtl.css?ver=1785520158 HTTP/2" 200 439 "https://www.armgroup101.com/" "Mozilla/5.0 (Linux; Android 6.0; Nexus 5 Build/MRA58N) AppleWebKit/537.36 (KHTML, like Gecko) Chrome/51.0.1010.1944 Mobile Safari/537.36"
31.56.221.181 - - [05/Aug/2026:17:50:16 +0330] "GET /wp-content/plugins/elementor/assets/css/widget-icon-box-rtl.min.css?ver=4.1.1 HTTP/2" 200 356 "https://www.armgroup101.com/" "Mozilla/5.0 (Linux; Android 6.0; Nexus 5 Build/MRA58N) AppleWebKit/537.36 (KHTML, like Gecko) Chrome/51.0.1010.1944 Mobile Safari/537.36"
31.56.221.181 - - [05/Aug/2026:17:50:16 +0330] "GET /wp-content/plugins/elementor-pro/assets/css/widget-loop-common-rtl.min.css?ver=3.34.0 HTTP/2" 200 119 "https://www.armgroup101.com/" "Mozilla/5.0 (Linux; Android 6.0; Nexus 5 Build/MRA58N) AppleWebKit/537.36 (KHTML, like Gecko) Chrome/51.0.1010.1944 Mobile Safari/537.36"
31.56.221.181 - - [05/Aug/2026:17:50:16 +0330] "GET /wp-content/plugins/elementor-pro/assets/css/widget-search-rtl.min.css?ver=3.34.0 HTTP/2" 200 1920 "https://www.armgroup101.com/" "Mozilla/5.0 (Linux; Android 6.0; Nexus 5 Build/MRA58N) AppleWebKit/537.36 (KHTML, like Gecko) Chrome/51.0.1010.1944 Mobile Safari/537.36"
31.56.221.181 - - [05/Aug/2026:17:50:16 +0330] "GET /wp-content/plugins/elementor/assets/lib/animations/styles/fadeInRight.min.css?ver=4.1.1 HTTP/2" 200 139 "https://www.armgroup101.com/" "Mozilla/5.0 (Linux; Android 6.0; Nexus 5 Build/MRA58N) AppleWebKit/537.36 (KHTML, like Gecko) Chrome/51.0.1010.1944 Mobile Safari/537.36"
31.56.221.181 - - [05/Aug/2026:17:50:16 +0330] "GET /wp-content/plugins/elementor/assets/lib/animations/styles/fadeInUp.min.css?ver=4.1.1 HTTP/2" 200 130 "https://www.armgroup101.com/" "Mozilla/5.0 (Linux; Android 6.0; Nexus 5 Build/MRA58N) AppleWebKit/537.36 (KHTML, like Gecko) Chrome/51.0.1010.1944 Mobile Safari/537.36"
31.56.221.181 - - [05/Aug/2026:17:50:16 +0330] "GET /wp-content/plugins/elementor/assets/lib/animations/styles/slideInRight.min.css?ver=4.1.1 HTTP/2" 200 155 "https://www.armgroup101.com/" "Mozilla/5.0 (Linux; Android 6.0; Nexus 5 Build/MRA58N) AppleWebKit/537.36 (KHTML, like Gecko) Chrome/51.0.1010.1944 Mobile Safari/537.36"
31.56.221.181 - - [05/Aug/2026:17:50:16 +0330] "GET /wp-content/plugins/elementor/assets/lib/animations/styles/fadeInDown.min.css?ver=4.1.1 HTTP/2" 200 137 "https://www.armgroup101.com/" "Mozilla/5.0 (Linux; Android 6.0; Nexus 5 Build/MRA58N) AppleWebKit/537.36 (KHTML, like Gecko) Chrome/51.0.1010.1944 Mobile Safari/537.36"
31.56.221.181 - - [05/Aug/2026:17:50:16 +0330] "GET /wp-content/cache/min/1/wp-content/plugins/jet-elements/assets/css/jet-elements-rtl.css?ver=1785519864 HTTP/2" 200 2872 "https://www.armgroup101.com/" "Mozilla/5.0 (Linux; Android 6.0; Nexus 5 Build/MRA58N) AppleWebKit/537.36 (KHTML, like Gecko) Chrome/51.0.1010.1944 Mobile Safari/537.36"
31.56.221.181 - - [05/Aug/2026:17:50:16 +0330] "GET /wp-content/cache/min/1/wp-content/plugins/persian-elementor/includes/icons/efaicons/style.css?ver=1785519864 HTTP/2" 200 702 "https://www.armgroup101.com/" "Mozilla/5.0 (Linux; Android 6.0; Nexus 5 Build/MRA58N) AppleWebKit/537.36 (KHTML, like Gecko) Chrome/51.0.1010.1944 Mobile Safari/537.36"
31.56.221.181 - - [05/Aug/2026:17:50:16 +0330] "GET /wp-content/plugins/elementor/assets/css/widget-image-rtl.min.css?ver=4.1.1 HTTP/2" 200 96 "https://www.armgroup101.com/" "Mozilla/5.0 (Linux; Android 6.0; Nexus 5 Build/MRA58N) AppleWebKit/537.36 (KHTML, like Gecko) Chrome/51.0.1010.1944 Mobile Safari/537.36"
31.56.221.181 - - [05/Aug/2026:17:50:16 +0330] "GET /wp-content/cache/min/1/wp-content/themes/hello-elementor/assets/css/header-footer.css?ver=1785519864 HTTP/2" 200 1258 "https://www.armgroup101.com/" "Mozilla/5.0 (Linux; Android 6.0; Nexus 5 Build/MRA58N) AppleWebKit/537.36 (KHTML, like Gecko) Chrome/51.0.1010.1944 Mobile Safari/537.36"
31.56.221.181 - - [05/Aug/2026:17:50:16 +0330] "GET /wp-content/cache/min/1/wp-content/plugins/persian-elementor/assets/css/font.css?ver=1785519864 HTTP/2" 200 840 "https://www.armgroup101.com/" "Mozilla/5.0 (Linux; Android 6.0; Nexus 5 Build/MRA58N) AppleWebKit/537.36 (KHTML, like Gecko) Chrome/51.0.1010.1944 Mobile Safari/537.36"
31.56.221.181 - - [05/Aug/2026:17:50:16 +0330] "GET /wp-content/plugins/elementor/assets/css/widget-icon-list-rtl.min.css?ver=4.1.1 HTTP/2" 200 928 "https://www.armgroup101.com/" "Mozilla/5.0 (Linux; Android 6.0; Nexus 5 Build/MRA58N) AppleWebKit/537.36 (KHTML, like Gecko) Chrome/51.0.1010.1944 Mobile Safari/537.36"
31.56.221.181 - - [05/Aug/2026:17:50:16 +0330] "GET /wp-content/plugins/elementor/assets/css/widget-heading-rtl.min.css?ver=4.1.1 HTTP/2" 200 126 "https://www.armgroup101.com/" "Mozilla/5.0 (Linux; Android 6.0; Nexus 5 Build/MRA58N) AppleWebKit/537.36 (KHTML, like Gecko) Chrome/51.0.1010.1944 Mobile Safari/537.36"
31.56.221.181 - - [05/Aug/2026:17:50:16 +0330] "GET /wp-content/uploads/elementor/css/post-6.css?ver=1785519862 HTTP/2" 200 610 "https://www.armgroup101.com/" "Mozilla/5.0 (Linux; Android 6.0; Nexus 5 Build/MRA58N) AppleWebKit/537.36 (KHTML, like Gecko) Chrome/51.0.1010.1944 Mobile Safari/537.36"
31.56.221.181 - - [05/Aug/2026:17:50:16 +0330] "GET /wp-content/uploads/elementor/css/post-40.css?ver=1785519863 HTTP/2" 200 3493 "https://www.armgroup101.com/" "Mozilla/5.0 (Linux; Android 6.0; Nexus 5 Build/MRA58N) AppleWebKit/537.36 (KHTML, like Gecko) Chrome/51.0.1010.1944 Mobile Safari/537.36"
31.56.221.181 - - [05/Aug/2026:17:50:16 +0330] "GET /wp-content/plugins/elementor/assets/css/widget-social-icons-rtl.min.css?ver=4.1.1 HTTP/2" 200 1039 "https://www.armgroup101.com/" "Mozilla/5.0 (Linux; Android 6.0; Nexus 5 Build/MRA58N) AppleWebKit/537.36 (KHTML, like Gecko) Chrome/51.0.1010.1944 Mobile Safari/537.36"
31.56.221.181 - - [05/Aug/2026:17:50:16 +0330] "GET /wp-content/uploads/elementor/css/post-81.css?ver=1785519863 HTTP/2" 200 2638 "https://www.armgroup101.com/" "Mozilla/5.0 (Linux; Android 6.0; Nexus 5 Build/MRA58N) AppleWebKit/537.36 (KHTML, like Gecko) Chrome/51.0.1010.1944 Mobile Safari/537.36"
31.56.221.181 - - [05/Aug/2026:17:50:16 +0330] "GET /wp-content/plugins/elementor/assets/css/conditionals/apple-webkit.min.css?ver=4.1.1 HTTP/2" 200 464 "https://www.armgroup101.com/" "Mozilla/5.0 (Linux; Android 6.0; Nexus 5 Build/MRA58N) AppleWebKit/537.36 (KHTML, like Gecko) Chrome/51.0.1010.1944 Mobile Safari/537.36"
31.56.221.181 - - [05/Aug/2026:17:50:16 +0330] "GET /wp-content/cache/min/1/wp-content/themes/hello-elementor/assets/css/theme.css?ver=1785519864 HTTP/2" 200 1123 "https://www.armgroup101.com/" "Mozilla/5.0 (Linux; Android 6.0; Nexus 5 Build/MRA58N) AppleWebKit/537.36 (KHTML, like Gecko) Chrome/51.0.1010.1944 Mobile Safari/537.36"
31.56.221.181 - - [05/Aug/2026:17:50:16 +0330] "GET /wp-content/cache/min/1/wp-content/plugins/jet-elements/assets/css/skin/jet-scroll-navigation-rtl.css?ver=1785520158 HTTP/2" 200 254 "https://www.armgroup101.com/" "Mozilla/5.0 (Linux; Android 6.0; Nexus 5 Build/MRA58N) AppleWebKit/537.36 (KHTML, like Gecko) Chrome/51.0.1010.1944 Mobile Safari/537.36"
31.56.221.181 - - [05/Aug/2026:17:50:16 +0330] "GET /wp-content/cache/min/1/wp-content/plugins/elementor-pro/abzarwp/fonts/all/css/fonts.css?ver=1785519864 HTTP/2" 200 2578 "https://www.armgroup101.com/" "Mozilla/5.0 (Linux; Android 6.0; Nexus 5 Build/MRA58N) AppleWebKit/537.36 (KHTML, like Gecko) Chrome/51.0.1010.1944 Mobile Safari/537.36"
31.56.221.181 - - [05/Aug/2026:17:50:16 +0330] "GET /wp-content/themes/hello-elementor/Shape.png HTTP/2" 206 500 "https://www.armgroup101.com/" "Mozilla/5.0 (Linux; Android 6.0; Nexus 5 Build/MRA58N) AppleWebKit/537.36 (KHTML, like Gecko) Chrome/51.0.1010.1944 Mobile Safari/537.36"
31.56.221.181 - - [05/Aug/2026:17:50:16 +0330] "GET /wp-content/plugins/elementor/assets/css/widget-image-box-rtl.min.css?ver=4.1.1 HTTP/2" 200 297 "https://www.armgroup101.com/" "Mozilla/5.0 (Linux; Android 6.0; Nexus 5 Build/MRA58N) AppleWebKit/537.36 (KHTML, like Gecko) Chrome/51.0.1010.1944 Mobile Safari/537.36"
31.56.221.181 - - [05/Aug/2026:17:50:16 +0330] "GET /wp-content/plugins/elementor-pro/assets/css/widget-nav-menu-rtl.min.css?ver=3.34.0 HTTP/2" 200 3246 "https://www.armgroup101.com/" "Mozilla/5.0 (Linux; Android 6.0; Nexus 5 Build/MRA58N) AppleWebKit/537.36 (KHTML, like Gecko) Chrome/51.0.1010.1944 Mobile Safari/537.36"
31.56.221.181 - - [05/Aug/2026:17:50:16 +0330] "GET /wp-content/uploads/elementor/css/post-8.css?ver=1785520158 HTTP/2" 200 3563 "https://www.armgroup101.com/" "Mozilla/5.0 (Linux; Android 6.0; Nexus 5 Build/MRA58N) AppleWebKit/537.36 (KHTML, like Gecko) Chrome/51.0.1010.1944 Mobile Safari/537.36"
31.56.221.181 - - [05/Aug/2026:17:50:16 +0330] "GET /wp-content/plugins/elementor/assets/lib/animations/styles/e-animation-pulse-grow.min.css?ver=4.1.1 HTTP/2" 200 155 "https://www.armgroup101.com/" "Mozilla/5.0 (Linux; Android 6.0; Nexus 5 Build/MRA58N) AppleWebKit/537.36 (KHTML, like Gecko) Chrome/51.0.1010.1944 Mobile Safari/537.36"
31.56.221.181 - - [05/Aug/2026:17:50:16 +0330] "GET /wp-content/plugins/elementor/assets/css/frontend.min.css?ver=4.1.1 HTTP/2" 200 6613 "https://www.armgroup101.com/" "Mozilla/5.0 (Linux; Android 6.0; Nexus 5 Build/MRA58N) AppleWebKit/537.36 (KHTML, like Gecko) Chrome/51.0.1010.1944 Mobile Safari/537.36"
31.56.221.181 - - [05/Aug/2026:17:50:17 +0330] "GET /wp-content/uploads/2025/06/footer-catalog.png HTTP/2" 206 500 "https://www.armgroup101.com/" "Mozilla/5.0 (Linux; Android 6.0; Nexus 5 Build/MRA58N) AppleWebKit/537.36 (KHTML, like Gecko) Chrome/51.0.1010.1944 Mobile Safari/537.36"
31.56.221.181 - - [05/Aug/2026:17:50:17 +0330] "GET /wp-content/uploads/2025/06/Layer-69.png HTTP/2" 206 500 "https://www.armgroup101.com/" "Mozilla/5.0 (Linux; Android 6.0; Nexus 5 Build/MRA58N) AppleWebKit/537.36 (KHTML, like Gecko) Chrome/51.0.1010.1944 Mobile Safari/537.36"
31.56.221.181 - - [05/Aug/2026:17:50:17 +0330] "GET /wp-content/uploads/2025/06/Group-589.png HTTP/2" 206 500 "https://www.armgroup101.com/" "Mozilla/5.0 (Linux; Android 6.0; Nexus 5 Build/MRA58N) AppleWebKit/537.36 (KHTML, like Gecko) Chrome/51.0.1010.1944 Mobile Safari/537.36"
31.56.221.181 - - [05/Aug/2026:17:50:17 +0330] "GET /wp-content/uploads/2025/06/Layer-67.png HTTP/2" 206 500 "https://www.armgroup101.com/" "Mozilla/5.0 (Linux; Android 6.0; Nexus 5 Build/MRA58N) AppleWebKit/537.36 (KHTML, like Gecko) Chrome/51.0.1010.1944 Mobile Safari/537.36"
31.56.221.181 - - [05/Aug/2026:17:50:17 +0330] "GET /wp-content/uploads/2025/06/Group-1020.png HTTP/2" 206 500 "https://www.armgroup101.com/" "Mozilla/5.0 (Linux; Android 6.0; Nexus 5 Build/MRA58N) AppleWebKit/537.36 (KHTML, like Gecko) Chrome/51.0.1010.1944 Mobile Safari/537.36"
31.56.221.181 - - [05/Aug/2026:17:50:17 +0330] "GET /wp-content/uploads/2025/06/Care-of-Home-Appliances.png HTTP/2" 206 500 "https://www.armgroup101.com/" "Mozilla/5.0 (Linux; Android 6.0; Nexus 5 Build/MRA58N) AppleWebKit/537.36 (KHTML, like Gecko) Chrome/51.0.1010.1944 Mobile Safari/537.36"
31.56.221.181 - - [05/Aug/2026:17:50:17 +0330] "GET /wp-content/uploads/2025/06/Layer-68.png HTTP/2" 206 500 "https://www.armgroup101.com/" "Mozilla/5.0 (Linux; Android 6.0; Nexus 5 Build/MRA58N) AppleWebKit/537.36 (KHTML, like Gecko) Chrome/51.0.1010.1944 Mobile Safari/537.36"
31.56.221.181 - - [05/Aug/2026:17:50:17 +0330] "GET /wp-content/uploads/2025/06/Group76.png HTTP/2" 206 500 "https://armgroupco.com/wp-content/uploads/elementor/css/post-8.css?ver=1785520158" "Mozilla/5.0 (Linux; Android 6.0; Nexus 5 Build/MRA58N) AppleWebKit/537.36 (KHTML, like Gecko) Chrome/51.0.1010.1944 Mobile Safari/537.36"
31.56.221.181 - - [05/Aug/2026:17:50:17 +0330] "GET /wp-content/uploads/2025/06/Layer-2.png HTTP/2" 206 500 "https://armgroupco.com/wp-content/uploads/elementor/css/post-8.css?ver=1785520158" "Mozilla/5.0 (Linux; Android 6.0; Nexus 5 Build/MRA58N) AppleWebKit/537.36 (KHTML, like Gecko) Chrome/51.0.1010.1944 Mobile Safari/537.36"
31.56.221.181 - - [05/Aug/2026:17:50:17 +0330] "GET /wp-content/uploads/2025/06/Group-58889.png HTTP/2" 206 500 "https://armgroupco.com/wp-content/uploads/elementor/css/post-8.css?ver=1785520158" "Mozilla/5.0 (Linux; Android 6.0; Nexus 5 Build/MRA58N) AppleWebKit/537.36 (KHTML, like Gecko) Chrome/51.0.1010.1944 Mobile Safari/537.36"
198.38.94.5 - - [05/Aug/2026:17:39:33 +0330] "GET /wp-login.php HTTP/2" 200 3142 "-" "Mozilla/5.0 (Windows NT 10.0; Win64; x64) AppleWebKit/537.36 (KHTML, like Gecko) Chrome/150.0.0.0 Safari/537.36"
157.245.63.62 - - [05/Aug/2026:17:40:04 +0330] "GET /wp-admin/ HTTP/1.1" 302 0 "-" "Mozilla/5.0 (Macintosh; Intel Mac OS X 13_6_1; rv:120.0) Gecko/20100101 Firefox/120.0"
157.245.63.62 - - [05/Aug/2026:17:40:56 +0330] "GET /wp-login.php?redirect_to=https%3A%2F%2Farmgroup101.com%2Fwp-admin%2F&reauth=1 HTTP/1.1" 200 3145 "https://www.google.com/" "Mozilla/5.0 (Macintosh; Intel Mac OS X 13_6_1; rv:120.0) Gecko/20100101 Firefox/120.0"
43.156.5.187 - - [05/Aug/2026:17:43:26 +0330] "GET / HTTP/1.1" 200 125666 "-" "Mozilla/5.0 (Windows NT 10.0; Win64; x64)"
103.215.222.14 - - [05/Aug/2026:17:43:29 +0330] "POST /wp-cron.php?doing_wp_cron=1785939209.5769889354705810546875 HTTP/1.1" 200 0 "-" "WordPress/7.0; https://armgroupco.com"
43.156.5.187 - - [05/Aug/2026:17:43:31 +0330] "GET /%D8%AF%D8%B1%D8%A8%D8%A7%D8%B1%D9%87-%D9%85%D8%A7 HTTP/1.1" 301 0 "-" "Mozilla/5.0 (Windows NT 10.0; Win64; x64)"
43.156.5.187 - - [05/Aug/2026:17:43:33 +0330] "GET /%D8%AF%D8%B1%D8%A8%D8%A7%D8%B1%D9%87-%D9%85%D8%A7/ HTTP/1.1" 200 137590 "-" "Mozilla/5.0 (Windows NT 10.0; Win64; x64)"
43.166.224.244 - - [05/Aug/2026:17:44:57 +0330] "GET / HTTP/1.1" 200 131873 "http://www.armgroupco.com" "Mozilla/5.0 (iPhone; CPU iPhone OS 13_2_3 like Mac OS X) AppleWebKit/605.1.15 (KHTML, like Gecko) Version/13.0.3 Mobile/15E148 Safari/604.1"
164.92.102.132 - - [05/Aug/2026:17:45:06 +0330] "POST /wp-login.php HTTP/1.1" 200 10929 "-" "Mozilla/5.0"
164.92.102.132 - - [05/Aug/2026:17:45:06 +0330] "POST /wp-login.php HTTP/1.1" 200 10911 "-" "Mozilla/5.0"
103.215.222.14 - - [05/Aug/2026:17:45:40 +0330] "POST /wp-cron.php?doing_wp_cron=1785939340.2657589912414550781250 HTTP/1.1" 200 0 "-" "WordPress/7.0; https://armgroupco.com"
91.193.232.6 - - [05/Aug/2026:17:45:38 +0330] "POST /wp-login.php HTTP/1.1" 200 3649 "-" "Mozilla/5.0 (Windows NT 10.0; Win64; rv:143.0) Gecko/20100101 Firefox/143.0"
195.178.110.155 - - [05/Aug/2026:17:46:16 +0330] "GET / HTTP/1.1" 301 795 "-" "Mozilla/5.0 (Windows NT 10.0; Win64; x64) AppleWebKit/537.36 (KHTML, like Gecko) Chrome/124.0.0.0 Safari/537.36"
38.162.142.40 - - [05/Aug/2026:17:50:11 +0330] "GET / HTTP/2" 301 795 "-" "Mozilla/5.0 (Windows NT 10.0; Win64; x64) AppleWebKit/537.36 (KHTML, like Gecko) Chrome/150.0.0.0 Safari/537.36"
38.162.142.40 - - [05/Aug/2026:17:50:13 +0330] "GET / HTTP/2" 200 125666 "https://www.armgroup101.com/" "Mozilla/5.0 (Windows NT 10.0; Win64; x64) AppleWebKit/537.36 (KHTML, like Gecko) Chrome/150.0.0.0 Safari/537.36"
47.128.118.208 - - [05/Aug/2026:17:50:45 +0330] "GET /robots.txt HTTP/1.1" 403 787 "-" "Mozilla/5.0 (Linux; Android 5.0) AppleWebKit/537.36 (KHTML, like Gecko) Mobile Safari/537.36 (compatible; Bytespider; https://bytedance.sg.larkoffice.com/docx/K5bxdypulop3IIxrJb0lOjLVgFe)"
164.92.102.132 - - [05/Aug/2026:17:53:32 +0330] "POST /wp-login.php HTTP/1.1" 200 10891 "-" "Mozilla/5.0"
164.92.102.132 - - [05/Aug/2026:17:53:33 +0330] "POST /wp-login.php HTTP/1.1" 200 10917 "-" "Mozilla/5.0"
164.92.102.132 - - [05/Aug/2026:17:53:33 +0330] "POST /wp-login.php HTTP/1.1" 200 10917 "-" "Mozilla/5.0"
47.128.116.124 - - [05/Aug/2026:17:56:26 +0330] "GET /robots.txt HTTP/1.1" 403 787 "-" "Mozilla/5.0 (Linux; Android 5.0) AppleWebKit/537.36 (KHTML, like Gecko) Mobile Safari/537.36 (compatible; Bytespider; https://bytedance.sg.larkoffice.com/docx/K5bxdypulop3IIxrJb0lOjLVgFe)"
103.215.222.14 - - [05/Aug/2026:17:56:44 +0330] "POST /wp-cron.php?doing_wp_cron=1785940004.7880480289459228515625 HTTP/1.1" 200 0 "-" "WordPress/7.0; https://armgroupco.com"
103.215.222.14 - - [05/Aug/2026:17:59:58 +0330] "POST /wp-cron.php?doing_wp_cron=1785940198.0609200000762939453125 HTTP/1.1" 200 0 "-" "WordPress/7.0; https://armgroupco.com"
198.38.94.5 - - [05/Aug/2026:17:59:56 +0330] "GET /wp-login.php HTTP/2" 200 3142 "-" "Mozilla/5.0 (Windows NT 10.0; Win64; x64) AppleWebKit/537.36 (KHTML, like Gecko) Chrome/150.0.0.0 Safari/537.36"
31.56.221.181 - - [05/Aug/2026:17:50:17 +0330] "GET /wp-content/uploads/2025/06/Layer-54-copy-3.png HTTP/2" 206 500 "https://www.armgroup101.com/" "Mozilla/5.0 (Linux; Android 6.0; Nexus 5 Build/MRA58N) AppleWebKit/537.36 (KHTML, like Gecko) Chrome/51.0.1010.1944 Mobile Safari/537.36"
31.56.221.181 - - [05/Aug/2026:17:50:17 +0330] "GET /wp-content/uploads/2025/06/Layer-21.png HTTP/2" 206 500 "https://www.armgroup101.com/" "Mozilla/5.0 (Linux; Android 6.0; Nexus 5 Build/MRA58N) AppleWebKit/537.36 (KHTML, like Gecko) Chrome/51.0.1010.1944 Mobile Safari/537.36"
31.56.221.181 - - [05/Aug/2026:17:50:17 +0330] "GET /wp-content/uploads/2025/06/Layer-22.png HTTP/2" 206 500 "https://www.armgroup101.com/" "Mozilla/5.0 (Linux; Android 6.0; Nexus 5 Build/MRA58N) AppleWebKit/537.36 (KHTML, like Gecko) Chrome/51.0.1010.1944 Mobile Safari/537.36"
31.56.221.181 - - [05/Aug/2026:17:50:17 +0330] "GET /wp-content/uploads/2025/07/arrow-left.svg HTTP/2" 206 294 "https://www.armgroup101.com/" "Mozilla/5.0 (Linux; Android 6.0; Nexus 5 Build/MRA58N) AppleWebKit/537.36 (KHTML, like Gecko) Chrome/51.0.1010.1944 Mobile Safari/537.36"
31.56.221.181 - - [05/Aug/2026:17:50:17 +0330] "GET /wp-content/uploads/2025/06/Group-89.png HTTP/2" 206 500 "https://armgroupco.com/wp-content/uploads/elementor/css/post-40.css?ver=1785519863" "Mozilla/5.0 (Linux; Android 6.0; Nexus 5 Build/MRA58N) AppleWebKit/537.36 (KHTML, like Gecko) Chrome/51.0.1010.1944 Mobile Safari/537.36"
31.56.221.181 - - [05/Aug/2026:17:50:17 +0330] "GET /wp-content/uploads/2025/06/Group-591.png HTTP/2" 206 500 "https://armgroupco.com/wp-content/uploads/elementor/css/post-40.css?ver=1785519863" "Mozilla/5.0 (Linux; Android 6.0; Nexus 5 Build/MRA58N) AppleWebKit/537.36 (KHTML, like Gecko) Chrome/51.0.1010.1944 Mobile Safari/537.36"
103.215.222.14 - - [05/Aug/2026:17:53:34 +0330] "POST /wp-cron.php?doing_wp_cron=1785939814.4994928836822509765625 HTTP/1.1" 200 0 "-" "WordPress/7.0; https://armgroupco.com"
164.92.102.132 - - [05/Aug/2026:17:53:33 +0330] "POST /wp-login.php HTTP/1.1" 200 10911 "-" "Mozilla/5.0"
91.193.232.20 - - [05/Aug/2026:17:56:43 +0330] "POST /wp-login.php HTTP/1.1" 200 3649 "-" "Mozilla/5.0 (Macintosh; Intel Mac OS X 10_15_7) AppleWebKit/605.1.15 Version/17.0 Safari/605.1.15"
103.215.222.14 - - [05/Aug/2026:18:07:47 +0330] "POST /wp-cron.php?doing_wp_cron=1785940666.9563579559326171875000 HTTP/1.1" 200 0 "-" "WordPress/7.0; https://armgroupco.com"
91.193.232.35 - - [05/Aug/2026:18:07:45 +0330] "POST /wp-login.php HTTP/1.1" 200 3649 "-" "Mozilla/5.0 (Windows NT 10.0; Win64; x64) AppleWebKit/537.36 Chrome/129.0.0.0 Safari/537.36"
198.38.94.5 - - [05/Aug/2026:17:59:58 +0330] "POST /wp-login.php HTTP/2" 200 3297 "https://armgroupco.com/wp-login.php" "Mozilla/5.0 (Windows NT 10.0; Win64; x64) AppleWebKit/537.36 (KHTML, like Gecko) Chrome/150.0.0.0 Safari/537.36"
216.73.216.172 - - [05/Aug/2026:18:12:34 +0330] "GET /robots.txt HTTP/2" 200 107 "-" "Mozilla/5.0 AppleWebKit/537.36 (KHTML, like Gecko; compatible; ClaudeBot/1.0; +claudebot@anthropic.com)"
216.73.216.172 - - [05/Aug/2026:18:12:37 +0330] "GET /sitemap_index.xml HTTP/2" 200 306 "-" "Mozilla/5.0 AppleWebKit/537.36 (KHTML, like Gecko; compatible; ClaudeBot/1.0; +claudebot@anthropic.com)"
103.215.222.14 - - [05/Aug/2026:18:12:36 +0330] "POST /wp-cron.php?doing_wp_cron=1785940956.4261479377746582031250 HTTP/1.1" 200 0 "-" "WordPress/7.0; https://armgroupco.com"
