39.34.169.49 - - [05/Aug/2026:14:21:42 +0330] "POST /xmlrpc.php HTTP/1.1" 200 426 "-" "Jetpack by WordPress.com (Jetpack 12.5; WordPress 6.3)"
39.34.169.49 - - [05/Aug/2026:14:21:52 +0330] "POST /xmlrpc.php HTTP/1.1" 200 426 "-" "Jetpack by WordPress.com"
39.34.169.49 - - [05/Aug/2026:14:22:03 +0330] "POST /xmlrpc.php HTTP/1.1" 200 426 "-" "WordPress.com; https://wordpress.com"
103.215.222.14 - - [05/Aug/2026:14:22:17 +0330] "POST /wp-cron.php?doing_wp_cron=1785927137.5601708889007568359375 HTTP/1.1" 200 0 "-" "WordPress/7.0; https://armgroupco.com"
39.34.169.49 - - [05/Aug/2026:14:22:16 +0330] "POST /xmlrpc.php HTTP/1.1" 200 426 "-" "Jetpack/13.0; WordPress/6.2; http://site76172852.com"
39.34.169.49 - - [05/Aug/2026:14:22:26 +0330] "POST /xmlrpc.php HTTP/1.1" 200 426 "-" "Jetpack by WordPress.com"
103.215.222.14 - - [05/Aug/2026:14:22:38 +0330] "POST /wp-cron.php?doing_wp_cron=1785927158.7874879837036132812500 HTTP/1.1" 200 0 "-" "WordPress/7.0; https://armgroupco.com"
39.34.169.49 - - [05/Aug/2026:14:22:37 +0330] "POST /xmlrpc.php HTTP/1.1" 200 426 "-" "Jetpack/12.0; WordPress/6.4; http://site89844121.com"
39.34.169.49 - - [05/Aug/2026:14:22:48 +0330] "POST /xmlrpc.php HTTP/1.1" 200 426 "-" "Jetpack by WordPress.com (Jetpack 12.1; WordPress 6.4)"
39.34.169.49 - - [05/Aug/2026:14:22:59 +0330] "POST /xmlrpc.php HTTP/1.1" 200 426 "-" "Jetpack by WordPress.com"
39.34.169.49 - - [05/Aug/2026:14:23:11 +0330] "POST /xmlrpc.php HTTP/1.1" 200 426 "-" "Jetpack/12.5; WordPress/6.1; http://site54052791.com"
103.215.222.14 - - [05/Aug/2026:14:23:16 +0330] "POST /wp-cron.php?doing_wp_cron=1785927196.6839070320129394531250 HTTP/1.1" 200 0 "-" "WordPress/7.0; https://armgroupco.com"
164.92.102.132 - - [05/Aug/2026:14:23:13 +0330] "POST /wp-login.php HTTP/1.1" 200 10917 "-" "Mozilla/5.0"
164.92.102.132 - - [05/Aug/2026:14:23:14 +0330] "POST /wp-login.php HTTP/1.1" 200 10891 "-" "Mozilla/5.0"
164.92.102.132 - - [05/Aug/2026:14:23:14 +0330] "POST /wp-login.php HTTP/1.1" 200 10911 "-" "Mozilla/5.0"
103.215.222.14 - - [05/Aug/2026:14:23:19 +0330] "POST /wp-cron.php?doing_wp_cron=1785927199.0200080871582031250000 HTTP/1.1" 200 0 "-" "WordPress/7.0; https://armgroupco.com"
164.92.102.132 - - [05/Aug/2026:14:23:14 +0330] "POST /wp-login.php HTTP/1.1" 200 10917 "-" "Mozilla/5.0"
39.34.169.49 - - [05/Aug/2026:14:23:22 +0330] "POST /xmlrpc.php HTTP/1.1" 200 426 "-" "WordPress.com; https://wordpress.com"
39.34.169.49 - - [05/Aug/2026:14:23:33 +0330] "POST /xmlrpc.php HTTP/1.1" 200 426 "-" "Jetpack by WordPress.com"
39.34.169.49 - - [05/Aug/2026:14:23:43 +0330] "POST /xmlrpc.php HTTP/1.1" 200 426 "-" "Jetpack by WordPress.com"
146.190.253.9 - - [05/Aug/2026:14:23:50 +0330] "POST /wp-login.php HTTP/1.1" 200 10891 "-" "Mozilla/5.0"
146.190.253.9 - - [05/Aug/2026:14:23:49 +0330] "POST /wp-login.php HTTP/1.1" 200 10929 "-" "Mozilla/5.0"
146.190.253.9 - - [05/Aug/2026:14:23:49 +0330] "POST /wp-login.php HTTP/1.1" 200 10905 "-" "Mozilla/5.0"
146.190.253.9 - - [05/Aug/2026:14:23:50 +0330] "POST /wp-login.php HTTP/1.1" 200 10911 "-" "Mozilla/5.0"
146.190.253.9 - - [05/Aug/2026:14:23:50 +0330] "POST /wp-login.php HTTP/1.1" 200 10927 "-" "Mozilla/5.0"
39.34.169.49 - - [05/Aug/2026:14:23:55 +0330] "POST /xmlrpc.php HTTP/1.1" 200 426 "-" "Jetpack by WordPress.com"
146.190.253.9 - - [05/Aug/2026:14:23:53 +0330] "POST /wp-login.php HTTP/1.1" 200 10917 "-" "Mozilla/5.0"
170.106.167.30 - - [05/Aug/2026:14:24:02 +0330] "GET /wp-login.php HTTP/2" 200 3094 "-" "Mozilla/5.0 (Windows NT 10.0; Win64; x64) AppleWebKit/537.36 (KHTML, like Gecko) Chrome/150.0.0.0 Safari/537.36"
170.106.167.30 - - [05/Aug/2026:14:24:04 +0330] "POST /wp-login.php HTTP/2" 200 3296 "https://armgroupco.com/wp-login.php" "Mozilla/5.0 (Windows NT 10.0; Win64; x64) AppleWebKit/537.36 (KHTML, like Gecko) Chrome/150.0.0.0 Safari/537.36"
198.38.94.5 - - [05/Aug/2026:14:31:02 +0330] "GET /wp-login.php HTTP/2" 200 3141 "-" "Mozilla/5.0 (Windows NT 10.0; Win64; x64) AppleWebKit/537.36 (KHTML, like Gecko) Chrome/150.0.0.0 Safari/537.36"
198.38.94.5 - - [05/Aug/2026:14:31:05 +0330] "POST /wp-login.php HTTP/2" 200 3296 "https://armgroupco.com/wp-login.php" "Mozilla/5.0 (Windows NT 10.0; Win64; x64) AppleWebKit/537.36 (KHTML, like Gecko) Chrome/150.0.0.0 Safari/537.36"
146.190.253.9 - - [05/Aug/2026:14:31:20 +0330] "POST /wp-login.php HTTP/1.1" 200 10927 "-" "Mozilla/5.0"
146.190.253.9 - - [05/Aug/2026:14:31:20 +0330] "POST /wp-login.php HTTP/1.1" 200 10905 "-" "Mozilla/5.0"
146.190.253.9 - - [05/Aug/2026:14:31:21 +0330] "POST /wp-login.php HTTP/1.1" 200 10917 "-" "Mozilla/5.0"
146.190.253.9 - - [05/Aug/2026:14:31:21 +0330] "POST /wp-login.php HTTP/1.1" 200 10929 "-" "Mozilla/5.0"
146.190.253.9 - - [05/Aug/2026:14:31:21 +0330] "POST /wp-login.php HTTP/1.1" 200 10927 "-" "Mozilla/5.0"
103.215.222.14 - - [05/Aug/2026:14:31:44 +0330] "POST /wp-cron.php?doing_wp_cron=1785927704.3125150203704833984375 HTTP/1.1" 200 0 "-" "WordPress/7.0; https://armgroupco.com"
164.92.102.132 - - [05/Aug/2026:14:31:41 +0330] "POST /wp-login.php HTTP/1.1" 200 10917 "-" "Mozilla/5.0"
164.92.102.132 - - [05/Aug/2026:14:31:41 +0330] "POST /wp-login.php HTTP/1.1" 200 10917 "-" "Mozilla/5.0"
164.92.102.132 - - [05/Aug/2026:14:31:41 +0330] "POST /wp-login.php HTTP/1.1" 200 10927 "-" "Mozilla/5.0"
164.92.102.132 - - [05/Aug/2026:14:31:43 +0330] "POST /wp-login.php HTTP/1.1" 200 10927 "-" "Mozilla/5.0"
164.92.102.132 - - [05/Aug/2026:14:23:13 +0330] "POST /wp-login.php HTTP/1.1" 200 10905 "-" "Mozilla/5.0"
164.92.102.132 - - [05/Aug/2026:14:23:13 +0330] "POST /wp-login.php HTTP/1.1" 200 10929 "-" "Mozilla/5.0"
164.92.102.132 - - [05/Aug/2026:14:23:14 +0330] "POST /wp-login.php HTTP/1.1" 200 10927 "-" "Mozilla/5.0"
164.92.102.132 - - [05/Aug/2026:14:23:13 +0330] "POST /wp-login.php HTTP/1.1" 200 10927 "-" "Mozilla/5.0"
146.190.253.9 - - [05/Aug/2026:14:23:50 +0330] "POST /wp-login.php HTTP/1.1" 200 10927 "-" "Mozilla/5.0"
146.190.253.9 - - [05/Aug/2026:14:23:50 +0330] "POST /wp-login.php HTTP/1.1" 200 10917 "-" "Mozilla/5.0"
103.215.222.14 - - [05/Aug/2026:14:31:04 +0330] "POST /wp-cron.php?doing_wp_cron=1785927664.9240119457244873046875 HTTP/1.1" 200 0 "-" "WordPress/7.0; https://armgroupco.com"
103.215.222.14 - - [05/Aug/2026:14:31:23 +0330] "POST /wp-cron.php?doing_wp_cron=1785927683.7125179767608642578125 HTTP/1.1" 200 0 "-" "WordPress/7.0; https://armgroupco.com"
146.190.253.9 - - [05/Aug/2026:14:31:20 +0330] "POST /wp-login.php HTTP/1.1" 200 10891 "-" "Mozilla/5.0"
146.190.253.9 - - [05/Aug/2026:14:31:20 +0330] "POST /wp-login.php HTTP/1.1" 200 10917 "-" "Mozilla/5.0"
146.190.253.9 - - [05/Aug/2026:14:31:20 +0330] "POST /wp-login.php HTTP/1.1" 200 10911 "-" "Mozilla/5.0"
164.92.102.132 - - [05/Aug/2026:14:31:41 +0330] "POST /wp-login.php HTTP/1.1" 200 10905 "-" "Mozilla/5.0"
164.92.102.132 - - [05/Aug/2026:14:31:41 +0330] "POST /wp-login.php HTTP/1.1" 200 10891 "-" "Mozilla/5.0"
164.92.102.132 - - [05/Aug/2026:14:31:41 +0330] "POST /wp-login.php HTTP/1.1" 200 10911 "-" "Mozilla/5.0"
164.92.102.132 - - [05/Aug/2026:14:31:43 +0330] "POST /wp-login.php HTTP/1.1" 200 10929 "-" "Mozilla/5.0"
103.215.222.14 - - [05/Aug/2026:14:34:20 +0330] "POST /wp-cron.php?doing_wp_cron=1785927860.1532170772552490234375 HTTP/1.1" 200 0 "-" "WordPress/7.0; https://armgroupco.com"
198.38.94.5 - - [05/Aug/2026:14:34:27 +0330] "GET /wp-login.php HTTP/2" 200 3141 "-" "Mozilla/5.0 (Windows NT 10.0; Win64; x64) AppleWebKit/537.36 (KHTML, like Gecko) Chrome/150.0.0.0 Safari/537.36"
198.38.94.5 - - [05/Aug/2026:14:34:29 +0330] "POST /wp-login.php HTTP/2" 200 3296 "https://armgroupco.com/wp-login.php" "Mozilla/5.0 (Windows NT 10.0; Win64; x64) AppleWebKit/537.36 (KHTML, like Gecko) Chrome/150.0.0.0 Safari/537.36"
146.190.253.9 - - [05/Aug/2026:14:38:56 +0330] "POST /wp-login.php HTTP/1.1" 200 10917 "-" "Mozilla/5.0"
146.190.253.9 - - [05/Aug/2026:14:38:56 +0330] "POST /wp-login.php HTTP/1.1" 200 10905 "-" "Mozilla/5.0"
146.190.253.9 - - [05/Aug/2026:14:38:56 +0330] "POST /wp-login.php HTTP/1.1" 200 10911 "-" "Mozilla/5.0"
146.190.253.9 - - [05/Aug/2026:14:38:56 +0330] "POST /wp-login.php HTTP/1.1" 200 10917 "-" "Mozilla/5.0"
146.190.253.9 - - [05/Aug/2026:14:38:56 +0330] "POST /wp-login.php HTTP/1.1" 200 10927 "-" "Mozilla/5.0"
146.190.253.9 - - [05/Aug/2026:14:38:56 +0330] "POST /wp-login.php HTTP/1.1" 200 10929 "-" "Mozilla/5.0"
146.190.253.9 - - [05/Aug/2026:14:38:57 +0330] "POST /wp-login.php HTTP/1.1" 200 10927 "-" "Mozilla/5.0"
103.215.222.14 - - [05/Aug/2026:14:40:22 +0330] "POST /wp-cron.php?doing_wp_cron=1785928222.0603539943695068359375 HTTP/1.1" 200 0 "-" "WordPress/7.0; https://armgroupco.com"
164.92.102.132 - - [05/Aug/2026:14:40:12 +0330] "POST /wp-login.php HTTP/1.1" 200 10917 "-" "Mozilla/5.0"
164.92.102.132 - - [05/Aug/2026:14:40:12 +0330] "POST /wp-login.php HTTP/1.1" 200 10927 "-" "Mozilla/5.0"
198.38.94.5 - - [05/Aug/2026:14:34:18 +0330] "GET /wp-login.php HTTP/2" 200 3141 "-" "Mozilla/5.0 (Windows NT 10.0; Win64; x64) AppleWebKit/537.36 (KHTML, like Gecko) Chrome/150.0.0.0 Safari/537.36"
103.215.222.14 - - [05/Aug/2026:14:38:58 +0330] "POST /wp-cron.php?doing_wp_cron=1785928138.4086780548095703125000 HTTP/1.1" 200 0 "-" "WordPress/7.0; https://armgroupco.com"
146.190.253.9 - - [05/Aug/2026:14:38:56 +0330] "POST /wp-login.php HTTP/1.1" 200 10891 "-" "Mozilla/5.0"
164.92.102.132 - - [05/Aug/2026:14:40:12 +0330] "POST /wp-login.php HTTP/1.1" 200 10929 "-" "Mozilla/5.0"
103.215.222.14 - - [05/Aug/2026:14:40:15 +0330] "POST /wp-cron.php?doing_wp_cron=1785928215.2027630805969238281250 HTTP/1.1" 200 0 "-" "WordPress/7.0; https://armgroupco.com"
164.92.102.132 - - [05/Aug/2026:14:40:12 +0330] "POST /wp-login.php HTTP/1.1" 200 10927 "-" "Mozilla/5.0"
164.92.102.132 - - [05/Aug/2026:14:40:12 +0330] "POST /wp-login.php HTTP/1.1" 200 10905 "-" "Mozilla/5.0"
164.92.102.132 - - [05/Aug/2026:14:40:14 +0330] "POST /wp-login.php HTTP/1.1" 200 10891 "-" "Mozilla/5.0"
164.92.102.132 - - [05/Aug/2026:14:40:13 +0330] "POST /wp-login.php HTTP/1.1" 200 10911 "-" "Mozilla/5.0"
164.92.102.132 - - [05/Aug/2026:14:40:13 +0330] "POST /wp-login.php HTTP/1.1" 200 10917 "-" "Mozilla/5.0"
146.190.253.9 - - [05/Aug/2026:14:46:28 +0330] "POST /wp-login.php HTTP/1.1" 200 10917 "-" "Mozilla/5.0"
146.190.253.9 - - [05/Aug/2026:14:46:28 +0330] "POST /wp-login.php HTTP/1.1" 200 10891 "-" "Mozilla/5.0"
146.190.253.9 - - [05/Aug/2026:14:46:28 +0330] "POST /wp-login.php HTTP/1.1" 200 10927 "-" "Mozilla/5.0"
43.128.149.102 - - [05/Aug/2026:14:48:30 +0330] "GET / HTTP/1.1" 200 131872 "http://armgroup101.com" "Mozilla/5.0 (iPhone; CPU iPhone OS 13_2_3 like Mac OS X) AppleWebKit/605.1.15 (KHTML, like Gecko) Version/13.0.3 Mobile/15E148 Safari/604.1"
164.92.102.132 - - [05/Aug/2026:14:48:39 +0330] "POST /wp-login.php HTTP/1.1" 200 10911 "-" "Mozilla/5.0"
164.92.102.132 - - [05/Aug/2026:14:48:38 +0330] "POST /wp-login.php HTTP/1.1" 200 10927 "-" "Mozilla/5.0"
164.92.102.132 - - [05/Aug/2026:14:48:39 +0330] "POST /wp-login.php HTTP/1.1" 200 10917 "-" "Mozilla/5.0"
164.92.102.132 - - [05/Aug/2026:14:48:40 +0330] "POST /wp-login.php HTTP/1.1" 200 10927 "-" "Mozilla/5.0"
103.215.222.14 - - [05/Aug/2026:14:51:35 +0330] "GET /223/ HTTP/1.1" 200 0 "-" "WP Rocket/Preload"
103.215.222.14 - - [05/Aug/2026:14:51:38 +0330] "GET /%D9%85%D8%B4%D8%AA%D8%B1%DB%8C%D8%A7%D9%86-%D9%85%D8%A7/ HTTP/1.1" 200 0 "-" "WP Rocket/Preload"
103.215.222.14 - - [05/Aug/2026:14:51:39 +0330] "GET /%D9%88%D8%A8%D9%84%D8%A7%DA%AF-%D9%85%D8%A7/ HTTP/1.1" 200 0 "-" "WP Rocket/Preload"
146.190.253.9 - - [05/Aug/2026:14:54:06 +0330] "POST /wp-login.php HTTP/1.1" 200 10917 "-" "Mozilla/5.0"
146.190.253.9 - - [05/Aug/2026:14:54:07 +0330] "POST /wp-login.php HTTP/1.1" 200 10927 "-" "Mozilla/5.0"
146.190.253.9 - - [05/Aug/2026:14:54:07 +0330] "POST /wp-login.php HTTP/1.1" 200 10927 "-" "Mozilla/5.0"
146.190.253.9 - - [05/Aug/2026:14:54:07 +0330] "POST /wp-login.php HTTP/1.1" 200 10917 "-" "Mozilla/5.0"
146.190.253.9 - - [05/Aug/2026:14:54:07 +0330] "POST /wp-login.php HTTP/1.1" 200 10911 "-" "Mozilla/5.0"
164.92.102.132 - - [05/Aug/2026:14:57:05 +0330] "POST /wp-login.php HTTP/1.1" 200 10929 "-" "Mozilla/5.0"
164.92.102.132 - - [05/Aug/2026:14:57:05 +0330] "POST /wp-login.php HTTP/1.1" 200 10891 "-" "Mozilla/5.0"
164.92.102.132 - - [05/Aug/2026:14:57:06 +0330] "POST /wp-login.php HTTP/1.1" 200 10917 "-" "Mozilla/5.0"
164.92.102.132 - - [05/Aug/2026:14:57:06 +0330] "POST /wp-login.php HTTP/1.1" 200 10917 "-" "Mozilla/5.0"
164.92.102.132 - - [05/Aug/2026:14:57:06 +0330] "POST /wp-login.php HTTP/1.1" 200 10905 "-" "Mozilla/5.0"
164.92.102.132 - - [05/Aug/2026:14:57:06 +0330] "POST /wp-login.php HTTP/1.1" 200 10927 "-" "Mozilla/5.0"
103.215.222.14 - - [05/Aug/2026:14:58:30 +0330] "POST /wp-cron.php?doing_wp_cron=1785929310.6490728855133056640625 HTTP/1.1" 200 0 "-" "WordPress/7.0; https://armgroupco.com"
103.215.222.14 - - [05/Aug/2026:14:58:40 +0330] "POST /wp-cron.php?doing_wp_cron=1785929320.0277059078216552734375 HTTP/1.1" 200 0 "-" "WordPress/7.0; https://armgroupco.com"
146.190.253.9 - - [05/Aug/2026:14:46:27 +0330] "POST /wp-login.php HTTP/1.1" 200 10917 "-" "Mozilla/5.0"
103.215.222.14 - - [05/Aug/2026:14:46:30 +0330] "POST /wp-cron.php?doing_wp_cron=1785928590.5064311027526855468750 HTTP/1.1" 200 0 "-" "WordPress/7.0; https://armgroupco.com"
146.190.253.9 - - [05/Aug/2026:14:46:27 +0330] "POST /wp-login.php HTTP/1.1" 200 10911 "-" "Mozilla/5.0"
146.190.253.9 - - [05/Aug/2026:14:46:28 +0330] "POST /wp-login.php HTTP/1.1" 200 10927 "-" "Mozilla/5.0"
146.190.253.9 - - [05/Aug/2026:14:46:28 +0330] "POST /wp-login.php HTTP/1.1" 200 10905 "-" "Mozilla/5.0"
146.190.253.9 - - [05/Aug/2026:14:46:28 +0330] "POST /wp-login.php HTTP/1.1" 200 10929 "-" "Mozilla/5.0"
103.215.222.14 - - [05/Aug/2026:14:48:32 +0330] "POST /wp-cron.php?doing_wp_cron=1785928712.4060370922088623046875 HTTP/1.1" 200 0 "-" "WordPress/7.0; https://armgroupco.com"
164.92.102.132 - - [05/Aug/2026:14:48:38 +0330] "POST /wp-login.php HTTP/1.1" 200 10905 "-" "Mozilla/5.0"
164.92.102.132 - - [05/Aug/2026:14:48:38 +0330] "POST /wp-login.php HTTP/1.1" 200 10929 "-" "Mozilla/5.0"
164.92.102.132 - - [05/Aug/2026:14:48:39 +0330] "POST /wp-login.php HTTP/1.1" 200 10917 "-" "Mozilla/5.0"
164.92.102.132 - - [05/Aug/2026:14:48:40 +0330] "POST /wp-login.php HTTP/1.1" 200 10891 "-" "Mozilla/5.0"
103.215.222.14 - - [05/Aug/2026:14:51:31 +0330] "GET /%D9%85%D8%AC%D9%84%D9%87-%D8%AA%D8%B3%D8%AA%DB%8C/ HTTP/1.1" 200 130554 "-" "WP Rocket/Preload"
103.215.222.14 - - [05/Aug/2026:14:51:36 +0330] "GET /224/ HTTP/1.1" 200 0 "-" "WP Rocket/Preload"
103.215.222.14 - - [05/Aug/2026:14:53:19 +0330] "POST /wp-cron.php?doing_wp_cron=1785928999.2992599010467529296875 HTTP/1.1" 200 0 "-" "WordPress/7.0; https://armgroupco.com"
52.2.226.16 - - [05/Aug/2026:14:53:17 +0330] "GET /robots.txt HTTP/1.1" 200 125 "-" "Mozilla/5.0 (Macintosh; Intel Mac OS X 10_10_1) AppleWebKit/600.2.5 (KHTML, like Gecko) Version/8.0.2 Safari/600.2.5 (Gort)"
103.215.222.14 - - [05/Aug/2026:14:54:08 +0330] "POST /wp-cron.php?doing_wp_cron=1785929048.7013359069824218750000 HTTP/1.1" 200 0 "-" "WordPress/7.0; https://armgroupco.com"
146.190.253.9 - - [05/Aug/2026:14:54:06 +0330] "POST /wp-login.php HTTP/1.1" 200 10905 "-" "Mozilla/5.0"
146.190.253.9 - - [05/Aug/2026:14:54:06 +0330] "POST /wp-login.php HTTP/1.1" 200 10891 "-" "Mozilla/5.0"
146.190.253.9 - - [05/Aug/2026:14:54:07 +0330] "POST /wp-login.php HTTP/1.1" 200 10929 "-" "Mozilla/5.0"
103.215.222.14 - - [05/Aug/2026:14:57:08 +0330] "POST /wp-cron.php?doing_wp_cron=1785929228.5838038921356201171875 HTTP/1.1" 200 0 "-" "WordPress/7.0; https://armgroupco.com"
164.92.102.132 - - [05/Aug/2026:14:57:05 +0330] "POST /wp-login.php HTTP/1.1" 200 10927 "-" "Mozilla/5.0"
164.92.102.132 - - [05/Aug/2026:14:57:06 +0330] "POST /wp-login.php HTTP/1.1" 200 10911 "-" "Mozilla/5.0"
49.36.136.213 - - [05/Aug/2026:14:58:28 +0330] "POST /xmlrpc.php HTTP/1.1" 200 426 "-" "WordPress.com; https://wordpress.com"
49.36.136.213 - - [05/Aug/2026:14:58:38 +0330] "POST /xmlrpc.php HTTP/1.1" 200 426 "-" "Jetpack/12.0; WordPress/6.2; http://site32150884.com"
49.36.136.213 - - [05/Aug/2026:14:58:49 +0330] "POST /xmlrpc.php HTTP/1.1" 200 426 "-" "Jetpack by WordPress.com"
49.36.136.213 - - [05/Aug/2026:14:58:59 +0330] "POST /xmlrpc.php HTTP/1.1" 200 426 "-" "WordPress.com; https://wordpress.com"
103.215.222.14 - - [05/Aug/2026:14:59:24 +0330] "POST /wp-cron.php?doing_wp_cron=1785929364.5238089561462402343750 HTTP/1.1" 200 0 "-" "WordPress/7.0; https://armgroupco.com"
49.36.136.213 - - [05/Aug/2026:14:59:22 +0330] "POST /xmlrpc.php HTTP/1.1" 200 426 "-" "WordPress.com; https://wordpress.com"
49.36.136.213 - - [05/Aug/2026:14:59:30 +0330] "POST /xmlrpc.php HTTP/1.1" 200 426 "-" "Jetpack by WordPress.com (Jetpack 12.1; WordPress 6.2)"
49.36.136.213 - - [05/Aug/2026:14:59:42 +0330] "POST /xmlrpc.php HTTP/1.1" 200 426 "-" "Jetpack/12.0; WordPress/6.2; http://site62877913.com"
49.36.136.213 - - [05/Aug/2026:14:59:52 +0330] "POST /xmlrpc.php HTTP/1.1" 200 426 "-" "Jetpack/12.0; WordPress/6.1; http://site86580446.com"
49.36.136.213 - - [05/Aug/2026:15:00:02 +0330] "POST /xmlrpc.php HTTP/1.1" 200 426 "-" "Jetpack by WordPress.com (Jetpack 12.1; WordPress 6.1)"
49.36.136.213 - - [05/Aug/2026:15:00:13 +0330] "POST /xmlrpc.php HTTP/1.1" 200 426 "-" "Jetpack/12.1; WordPress/6.3; http://site18813159.com"
49.36.136.213 - - [05/Aug/2026:15:00:23 +0330] "POST /xmlrpc.php HTTP/1.1" 200 426 "-" "WordPress.com; https://wordpress.com"
49.36.136.213 - - [05/Aug/2026:15:00:34 +0330] "POST /xmlrpc.php HTTP/1.1" 200 426 "-" "Jetpack by WordPress.com"
49.36.136.213 - - [05/Aug/2026:15:00:44 +0330] "POST /xmlrpc.php HTTP/1.1" 200 426 "-" "Jetpack/12.0; WordPress/6.2; http://site87263073.com"
49.36.136.213 - - [05/Aug/2026:15:00:55 +0330] "POST /xmlrpc.php HTTP/1.1" 200 426 "-" "Jetpack by WordPress.com"
49.36.136.213 - - [05/Aug/2026:15:01:05 +0330] "POST /xmlrpc.php HTTP/1.1" 200 426 "-" "Jetpack by WordPress.com (Jetpack 12.5; WordPress 6.4)"
49.36.136.213 - - [05/Aug/2026:15:01:16 +0330] "POST /xmlrpc.php HTTP/1.1" 200 426 "-" "Jetpack by WordPress.com (Jetpack 12.1; WordPress 6.4)"
49.36.136.213 - - [05/Aug/2026:15:01:27 +0330] "POST /xmlrpc.php HTTP/1.1" 200 426 "-" "Jetpack by WordPress.com"
146.190.253.9 - - [05/Aug/2026:15:01:34 +0330] "POST /wp-login.php HTTP/1.1" 200 10905 "-" "Mozilla/5.0"
49.36.136.213 - - [05/Aug/2026:15:01:37 +0330] "POST /xmlrpc.php HTTP/1.1" 200 426 "-" "Jetpack by WordPress.com (Jetpack 12.1; WordPress 6.3)"
146.190.253.9 - - [05/Aug/2026:15:01:35 +0330] "POST /wp-login.php HTTP/1.1" 200 10929 "-" "Mozilla/5.0"
146.190.253.9 - - [05/Aug/2026:15:01:35 +0330] "POST /wp-login.php HTTP/1.1" 200 10917 "-" "Mozilla/5.0"
49.36.136.213 - - [05/Aug/2026:15:01:47 +0330] "POST /xmlrpc.php HTTP/1.1" 200 426 "-" "Jetpack by WordPress.com"
49.36.136.213 - - [05/Aug/2026:15:01:58 +0330] "POST /xmlrpc.php HTTP/1.1" 200 426 "-" "Jetpack/12.5; WordPress/6.3; http://site51847762.com"
49.36.136.213 - - [05/Aug/2026:15:02:08 +0330] "POST /xmlrpc.php HTTP/1.1" 200 426 "-" "Jetpack/12.1; WordPress/6.2; http://site70890992.com"
103.215.222.14 - - [05/Aug/2026:15:02:22 +0330] "POST /wp-cron.php?doing_wp_cron=1785929542.1030550003051757812500 HTTP/1.1" 200 0 "-" "WordPress/7.0; https://armgroupco.com"
49.36.136.213 - - [05/Aug/2026:15:02:19 +0330] "POST /xmlrpc.php HTTP/1.1" 200 426 "-" "Jetpack/13.0; WordPress/6.2; http://site74916245.com"
49.36.136.213 - - [05/Aug/2026:15:02:29 +0330] "POST /xmlrpc.php HTTP/1.1" 200 426 "-" "Jetpack by WordPress.com (Jetpack 12.1; WordPress 6.2)"
49.36.136.213 - - [05/Aug/2026:15:02:40 +0330] "POST /xmlrpc.php HTTP/1.1" 200 426 "-" "Jetpack by WordPress.com (Jetpack 13.0; WordPress 6.3)"
49.36.136.213 - - [05/Aug/2026:15:02:51 +0330] "POST /xmlrpc.php HTTP/1.1" 200 426 "-" "Jetpack by WordPress.com (Jetpack 12.1; WordPress 6.4)"
49.36.136.213 - - [05/Aug/2026:15:03:01 +0330] "POST /xmlrpc.php HTTP/1.1" 200 426 "-" "WordPress.com; https://wordpress.com"
49.36.136.213 - - [05/Aug/2026:15:03:12 +0330] "POST /xmlrpc.php HTTP/1.1" 200 426 "-" "WordPress.com; https://wordpress.com"
49.36.136.213 - - [05/Aug/2026:15:03:23 +0330] "POST /xmlrpc.php HTTP/1.1" 200 426 "-" "Jetpack by WordPress.com"
103.215.222.14 - - [05/Aug/2026:15:03:38 +0330] "POST /wp-cron.php?doing_wp_cron=1785929618.3474760055541992187500 HTTP/1.1" 200 0 "-" "WordPress/7.0; https://armgroupco.com"
49.36.136.213 - - [05/Aug/2026:15:03:33 +0330] "POST /xmlrpc.php HTTP/1.1" 200 426 "-" "WordPress.com; https://wordpress.com"
49.36.136.213 - - [05/Aug/2026:15:03:43 +0330] "POST /xmlrpc.php HTTP/1.1" 200 426 "-" "Jetpack/12.1; WordPress/6.2; http://site67498024.com"
49.36.136.213 - - [05/Aug/2026:15:03:54 +0330] "POST /xmlrpc.php HTTP/1.1" 200 426 "-" "WordPress.com; https://wordpress.com"
103.215.222.14 - - [05/Aug/2026:15:04:19 +0330] "POST /wp-cron.php?doing_wp_cron=1785929659.4607980251312255859375 HTTP/1.1" 200 0 "-" "WordPress/7.0; https://armgroupco.com"
103.215.222.14 - - [05/Aug/2026:15:00:35 +0330] "POST /wp-cron.php?doing_wp_cron=1785929435.4680490493774414062500 HTTP/1.1" 200 0 "-" "WordPress/7.0; https://armgroupco.com"
146.190.253.9 - - [05/Aug/2026:15:01:34 +0330] "POST /wp-login.php HTTP/1.1" 200 10911 "-" "Mozilla/5.0"
146.190.253.9 - - [05/Aug/2026:15:01:34 +0330] "POST /wp-login.php HTTP/1.1" 200 10917 "-" "Mozilla/5.0"
146.190.253.9 - - [05/Aug/2026:15:01:35 +0330] "POST /wp-login.php HTTP/1.1" 200 10891 "-" "Mozilla/5.0"
146.190.253.9 - - [05/Aug/2026:15:01:35 +0330] "POST /wp-login.php HTTP/1.1" 200 10927 "-" "Mozilla/5.0"
146.190.253.9 - - [05/Aug/2026:15:01:36 +0330] "POST /wp-login.php HTTP/1.1" 200 10927 "-" "Mozilla/5.0"
103.215.222.14 - - [05/Aug/2026:15:02:44 +0330] "POST /wp-cron.php?doing_wp_cron=1785929564.1653230190277099609375 HTTP/1.1" 200 0 "-" "WordPress/7.0; https://armgroupco.com"
103.215.222.14 - - [05/Aug/2026:15:03:17 +0330] "POST /wp-cron.php?doing_wp_cron=1785929597.1397740840911865234375 HTTP/1.1" 200 0 "-" "WordPress/7.0; https://armgroupco.com"
49.36.136.213 - - [05/Aug/2026:15:04:05 +0330] "POST /xmlrpc.php HTTP/1.1" 200 426 "-" "Jetpack/12.0; WordPress/6.4; http://site96802131.com"
49.36.136.213 - - [05/Aug/2026:15:04:15 +0330] "POST /xmlrpc.php HTTP/1.1" 200 426 "-" "Jetpack by WordPress.com (Jetpack 13.0; WordPress 6.3)"
49.36.136.213 - - [05/Aug/2026:15:04:27 +0330] "POST /xmlrpc.php HTTP/1.1" 200 426 "-" "Jetpack by WordPress.com"
49.36.136.213 - - [05/Aug/2026:15:04:36 +0330] "POST /xmlrpc.php HTTP/1.1" 200 426 "-" "WordPress.com; https://wordpress.com"
49.36.136.213 - - [05/Aug/2026:15:04:47 +0330] "POST /xmlrpc.php HTTP/1.1" 200 426 "-" "Jetpack by WordPress.com (Jetpack 12.5; WordPress 6.1)"
49.36.136.213 - - [05/Aug/2026:15:04:57 +0330] "POST /xmlrpc.php HTTP/1.1" 200 426 "-" "Jetpack by WordPress.com (Jetpack 12.5; WordPress 6.4)"
49.36.136.213 - - [05/Aug/2026:15:05:08 +0330] "POST /xmlrpc.php HTTP/1.1" 200 426 "-" "WordPress.com; https://wordpress.com"
49.36.136.213 - - [05/Aug/2026:15:05:18 +0330] "POST /xmlrpc.php HTTP/1.1" 200 426 "-" "Jetpack by WordPress.com"
49.36.136.213 - - [05/Aug/2026:15:05:30 +0330] "POST /xmlrpc.php HTTP/1.1" 200 426 "-" "WordPress.com; https://wordpress.com"
103.215.222.14 - - [05/Aug/2026:15:05:37 +0330] "POST /wp-cron.php?doing_wp_cron=1785929737.5814430713653564453125 HTTP/1.1" 200 0 "-" "WordPress/7.0; https://armgroupco.com"
164.92.102.132 - - [05/Aug/2026:15:05:35 +0330] "POST /wp-login.php HTTP/1.1" 200 10911 "-" "Mozilla/5.0"
164.92.102.132 - - [05/Aug/2026:15:05:35 +0330] "POST /wp-login.php HTTP/1.1" 200 10917 "-" "Mozilla/5.0"
164.92.102.132 - - [05/Aug/2026:15:05:36 +0330] "POST /wp-login.php HTTP/1.1" 200 10927 "-" "Mozilla/5.0"
49.36.136.213 - - [05/Aug/2026:15:05:39 +0330] "POST /xmlrpc.php HTTP/1.1" 200 426 "-" "Jetpack by WordPress.com (Jetpack 12.1; WordPress 6.2)"
49.36.136.213 - - [05/Aug/2026:15:05:49 +0330] "POST /xmlrpc.php HTTP/1.1" 403 787 "-" "Jetpack by WordPress.com"
49.36.136.213 - - [05/Aug/2026:15:06:05 +0330] "POST /xmlrpc.php HTTP/1.1" 403 787 "-" "Jetpack by WordPress.com"
49.36.136.213 - - [05/Aug/2026:15:06:10 +0330] "POST /xmlrpc.php HTTP/1.1" 403 787 "-" "Jetpack/12.1; WordPress/6.1; http://site99840017.com"
198.38.94.67 - - [05/Aug/2026:15:10:21 +0330] "GET /wp-login.php HTTP/2" 200 3141 "-" "Mozilla/5.0 (Windows NT 10.0; Win64; x64) AppleWebKit/537.36 (KHTML, like Gecko) Chrome/150.0.0.0 Safari/537.36"
198.38.94.67 - - [05/Aug/2026:15:10:24 +0330] "POST /wp-login.php HTTP/2" 200 3296 "https://armgroupco.com/wp-login.php" "Mozilla/5.0 (Windows NT 10.0; Win64; x64) AppleWebKit/537.36 (KHTML, like Gecko) Chrome/150.0.0.0 Safari/537.36"
103.215.222.14 - - [05/Aug/2026:15:14:05 +0330] "POST /wp-cron.php?doing_wp_cron=1785930245.1110210418701171875000 HTTP/1.1" 200 0 "-" "WordPress/7.0; https://armgroupco.com"
164.92.102.132 - - [05/Aug/2026:15:14:00 +0330] "POST /wp-login.php HTTP/1.1" 200 10911 "-" "Mozilla/5.0"
164.92.102.132 - - [05/Aug/2026:15:14:01 +0330] "POST /wp-login.php HTTP/1.1" 200 10917 "-" "Mozilla/5.0"
164.92.102.132 - - [05/Aug/2026:15:14:01 +0330] "POST /wp-login.php HTTP/1.1" 200 10927 "-" "Mozilla/5.0"
164.92.102.132 - - [05/Aug/2026:15:14:01 +0330] "POST /wp-login.php HTTP/1.1" 200 10929 "-" "Mozilla/5.0"
103.215.222.14 - - [05/Aug/2026:15:17:05 +0330] "POST /wp-cron.php?doing_wp_cron=1785930424.9912550449371337890625 HTTP/1.1" 200 0 "-" "WordPress/7.0; https://armgroupco.com"
65.181.116.151 - - [05/Aug/2026:15:17:03 +0330] "GET /wp-login.php HTTP/2" 200 3141 "-" "Mozilla/5.0 (Windows NT 10.0; Win64; x64) AppleWebKit/537.36 (KHTML, like Gecko) Chrome/150.0.0.0 Safari/537.36"
103.59.160.179 - - [05/Aug/2026:15:18:49 +0330] "GET / HTTP/1.1" 200 125666 "-" "Mozilla/5.0 (compatible; WP-Safe-Scanner/1.0)"
103.215.222.14 - - [05/Aug/2026:15:04:40 +0330] "POST /wp-cron.php?doing_wp_cron=1785929680.2335200309753417968750 HTTP/1.1" 200 0 "-" "WordPress/7.0; https://armgroupco.com"
103.215.222.14 - - [05/Aug/2026:15:05:20 +0330] "POST /wp-cron.php?doing_wp_cron=1785929720.3824150562286376953125 HTTP/1.1" 200 0 "-" "WordPress/7.0; https://armgroupco.com"
164.92.102.132 - - [05/Aug/2026:15:05:35 +0330] "POST /wp-login.php HTTP/1.1" 200 10905 "-" "Mozilla/5.0"
164.92.102.132 - - [05/Aug/2026:15:05:36 +0330] "POST /wp-login.php HTTP/1.1" 200 10917 "-" "Mozilla/5.0"
164.92.102.132 - - [05/Aug/2026:15:05:35 +0330] "POST /wp-login.php HTTP/1.1" 200 10891 "-" "Mozilla/5.0"
164.92.102.132 - - [05/Aug/2026:15:05:35 +0330] "POST /wp-login.php HTTP/1.1" 200 10927 "-" "Mozilla/5.0"
164.92.102.132 - - [05/Aug/2026:15:05:36 +0330] "POST /wp-login.php HTTP/1.1" 200 10929 "-" "Mozilla/5.0"
103.215.222.14 - - [05/Aug/2026:15:10:23 +0330] "POST /wp-cron.php?doing_wp_cron=1785930023.4250679016113281250000 HTTP/1.1" 200 0 "-" "WordPress/7.0; https://armgroupco.com"
103.215.222.14 - - [05/Aug/2026:15:11:40 +0330] "POST /wp-cron.php?doing_wp_cron=1785930099.9737629890441894531250 HTTP/1.1" 200 0 "-" "WordPress/7.0; https://armgroupco.com"
49.36.136.213 - - [05/Aug/2026:15:11:37 +0330] "POST /xmlrpc.php HTTP/1.1" 200 426 "-" "Jetpack by WordPress.com (Jetpack 12.5; WordPress 6.2)"
49.36.136.213 - - [05/Aug/2026:15:11:47 +0330] "POST /xmlrpc.php HTTP/1.1" 403 787 "-" "Jetpack by WordPress.com (Jetpack 12.1; WordPress 6.1)"
49.36.136.213 - - [05/Aug/2026:15:11:58 +0330] "POST /xmlrpc.php HTTP/1.1" 403 787 "-" "Jetpack by WordPress.com"
49.36.136.213 - - [05/Aug/2026:15:12:08 +0330] "POST /xmlrpc.php HTTP/1.1" 403 787 "-" "Jetpack by WordPress.com"
49.36.136.213 - - [05/Aug/2026:15:12:19 +0330] "POST /xmlrpc.php HTTP/1.1" 403 787 "-" "Jetpack by WordPress.com"
49.36.136.213 - - [05/Aug/2026:15:12:29 +0330] "POST /xmlrpc.php HTTP/1.1" 403 787 "-" "Jetpack by WordPress.com"
164.92.102.132 - - [05/Aug/2026:15:14:00 +0330] "POST /wp-login.php HTTP/1.1" 200 10905 "-" "Mozilla/5.0"
164.92.102.132 - - [05/Aug/2026:15:14:01 +0330] "POST /wp-login.php HTTP/1.1" 200 10917 "-" "Mozilla/5.0"
164.92.102.132 - - [05/Aug/2026:15:14:01 +0330] "POST /wp-login.php HTTP/1.1" 200 10927 "-" "Mozilla/5.0"
164.92.102.132 - - [05/Aug/2026:15:14:04 +0330] "POST /wp-login.php HTTP/1.1" 200 10891 "-" "Mozilla/5.0"
103.59.160.179 - - [05/Aug/2026:15:18:49 +0330] "GET / HTTP/1.1" 200 125666 "-" "Mozilla/5.0 (compatible; WP-Safe-Scanner/1.0)"
164.92.102.132 - - [05/Aug/2026:15:22:29 +0330] "POST /wp-login.php HTTP/1.1" 200 10917 "-" "Mozilla/5.0"
103.215.222.14 - - [05/Aug/2026:15:22:33 +0330] "POST /wp-cron.php?doing_wp_cron=1785930753.4237289428710937500000 HTTP/1.1" 200 0 "-" "WordPress/7.0; https://armgroupco.com"
103.59.160.179 - - [05/Aug/2026:15:27:06 +0330] "GET /wp-admin/ HTTP/1.1" 302 0 "-" "Mozilla/5.0 (compatible; WP-Safe-Scanner/1.0)"
103.59.160.179 - - [05/Aug/2026:15:27:09 +0330] "GET /wp-login.php?redirect_to=https%3A%2F%2Farmgroup101.ir%2Fwp-admin%2F&reauth=1 HTTP/1.1" 200 3507 "-" "Mozilla/5.0 (compatible; WP-Safe-Scanner/1.0)"
103.59.160.179 - - [05/Aug/2026:15:27:09 +0330] "GET /wp-admin/ HTTP/1.1" 302 0 "-" "Mozilla/5.0 (compatible; WP-Safe-Scanner/1.0)"
103.59.160.179 - - [05/Aug/2026:15:27:13 +0330] "GET /wp-login.php?redirect_to=https%3A%2F%2Farmgroupco.ir%2Fwp-admin%2F&reauth=1 HTTP/1.1" 200 3504 "-" "Mozilla/5.0 (compatible; WP-Safe-Scanner/1.0)"
91.193.232.47 - - [05/Aug/2026:15:29:22 +0330] "POST /wp-login.php HTTP/1.1" 200 3647 "-" "Mozilla/5.0 (Windows NT 10.0; Win64; rv:143.0) Gecko/20100101 Firefox/143.0"
103.215.222.14 - - [05/Aug/2026:15:30:58 +0330] "POST /wp-cron.php?doing_wp_cron=1785931258.1273820400238037109375 HTTP/1.1" 200 0 "-" "WordPress/7.0; https://armgroupco.com"
164.92.102.132 - - [05/Aug/2026:15:30:55 +0330] "POST /wp-login.php HTTP/1.1" 200 10927 "-" "Mozilla/5.0"
164.92.102.132 - - [05/Aug/2026:15:30:55 +0330] "POST /wp-login.php HTTP/1.1" 200 10929 "-" "Mozilla/5.0"
164.92.102.132 - - [05/Aug/2026:15:30:55 +0330] "POST /wp-login.php HTTP/1.1" 200 10911 "-" "Mozilla/5.0"
164.92.102.132 - - [05/Aug/2026:15:30:56 +0330] "POST /wp-login.php HTTP/1.1" 200 10927 "-" "Mozilla/5.0"
103.215.222.14 - - [05/Aug/2026:15:31:29 +0330] "POST /wp-cron.php?doing_wp_cron=1785931289.1266050338745117187500 HTTP/1.1" 200 0 "-" "WordPress/7.0; https://armgroupco.com"
103.215.222.14 - - [05/Aug/2026:15:37:57 +0330] "POST /wp-cron.php?doing_wp_cron=1785931677.6060841083526611328125 HTTP/1.1" 200 0 "-" "WordPress/7.0; https://armgroupco.com"
89.19.46.245 - - [05/Aug/2026:15:37:55 +0330] "GET /?rest_route=/wp/v2/posts&per_page=1&_fields=link HTTP/2" 200 64 "-" "Mozilla/5.0 (Windows NT 10.0; Win64; x64) AppleWebKit/537.36 (KHTML, like Gecko) Chrome/131.0.0.0 Safari/537.36"
89.19.46.245 - - [05/Aug/2026:15:37:57 +0330] "GET /?rest_route=/wp/v2/posts&per_page=1&_fields=link HTTP/2" 200 64 "https://armgroupco.com" "Mozilla/5.0 (Windows NT 10.0; Win64; x64) AppleWebKit/537.36 (KHTML, like Gecko) Chrome/131.0.0.0 Safari/537.36"
89.19.46.245 - - [05/Aug/2026:15:37:59 +0330] "POST /?rest_route=/batch/v1 HTTP/2" 403 787 "https://armgroupco.com" "Mozilla/5.0 (Windows NT 10.0; Win64; x64) AppleWebKit/537.36 (KHTML, like Gecko) Chrome/131.0.0.0 Safari/537.36"
89.19.46.245 - - [05/Aug/2026:15:38:00 +0330] "POST /?rest_route=/batch/v1 HTTP/2" 403 787 "https://armgroupco.com" "Mozilla/5.0 (Windows NT 10.0; Win64; x64) AppleWebKit/537.36 (KHTML, like Gecko) Chrome/131.0.0.0 Safari/537.36"
89.19.46.245 - - [05/Aug/2026:15:38:00 +0330] "POST /?rest_route=/batch/v1 HTTP/2" 403 787 "https://armgroupco.com" "Mozilla/5.0 (Windows NT 10.0; Win64; x64) AppleWebKit/537.36 (KHTML, like Gecko) Chrome/131.0.0.0 Safari/537.36"
89.19.46.245 - - [05/Aug/2026:15:38:01 +0330] "POST /?rest_route=/batch/v1 HTTP/2" 403 787 "https://armgroupco.com" "Mozilla/5.0 (Windows NT 10.0; Win64; x64) AppleWebKit/537.36 (KHTML, like Gecko) Chrome/131.0.0.0 Safari/537.36"
164.92.102.132 - - [05/Aug/2026:15:39:23 +0330] "POST /wp-login.php HTTP/1.1" 200 10905 "-" "Mozilla/5.0"
164.92.102.132 - - [05/Aug/2026:15:39:23 +0330] "POST /wp-login.php HTTP/1.1" 200 10927 "-" "Mozilla/5.0"
164.92.102.132 - - [05/Aug/2026:15:39:24 +0330] "POST /wp-login.php HTTP/1.1" 200 10917 "-" "Mozilla/5.0"
164.92.102.132 - - [05/Aug/2026:15:39:24 +0330] "POST /wp-login.php HTTP/1.1" 200 10929 "-" "Mozilla/5.0"
164.92.102.132 - - [05/Aug/2026:15:22:29 +0330] "POST /wp-login.php HTTP/1.1" 200 10927 "-" "Mozilla/5.0"
164.92.102.132 - - [05/Aug/2026:15:22:29 +0330] "POST /wp-login.php HTTP/1.1" 200 10929 "-" "Mozilla/5.0"
164.92.102.132 - - [05/Aug/2026:15:22:29 +0330] "POST /wp-login.php HTTP/1.1" 200 10927 "-" "Mozilla/5.0"
164.92.102.132 - - [05/Aug/2026:15:22:29 +0330] "POST /wp-login.php HTTP/1.1" 200 10905 "-" "Mozilla/5.0"
164.92.102.132 - - [05/Aug/2026:15:22:29 +0330] "POST /wp-login.php HTTP/1.1" 200 10911 "-" "Mozilla/5.0"
164.92.102.132 - - [05/Aug/2026:15:22:29 +0330] "POST /wp-login.php HTTP/1.1" 200 10891 "-" "Mozilla/5.0"
164.92.102.132 - - [05/Aug/2026:15:22:30 +0330] "POST /wp-login.php HTTP/1.1" 200 10917 "-" "Mozilla/5.0"
103.215.222.14 - - [05/Aug/2026:15:27:14 +0330] "POST /wp-cron.php?doing_wp_cron=1785931034.6509120464324951171875 HTTP/1.1" 200 0 "-" "WordPress/7.0; https://armgroupco.com"
103.215.222.14 - - [05/Aug/2026:15:29:24 +0330] "POST /wp-cron.php?doing_wp_cron=1785931164.7398650646209716796875 HTTP/1.1" 200 0 "-" "WordPress/7.0; https://armgroupco.com"
164.92.102.132 - - [05/Aug/2026:15:30:55 +0330] "POST /wp-login.php HTTP/1.1" 200 10905 "-" "Mozilla/5.0"
164.92.102.132 - - [05/Aug/2026:15:30:55 +0330] "POST /wp-login.php HTTP/1.1" 200 10891 "-" "Mozilla/5.0"
164.92.102.132 - - [05/Aug/2026:15:30:55 +0330] "POST /wp-login.php HTTP/1.1" 200 10917 "-" "Mozilla/5.0"
164.92.102.132 - - [05/Aug/2026:15:30:56 +0330] "POST /wp-login.php HTTP/1.1" 200 10917 "-" "Mozilla/5.0"
43.130.150.80 - - [05/Aug/2026:15:31:26 +0330] "GET / HTTP/1.1" 200 131873 "http://www.armgroup101.com" "Mozilla/5.0 (iPhone; CPU iPhone OS 13_2_3 like Mac OS X) AppleWebKit/605.1.15 (KHTML, like Gecko) Version/13.0.3 Mobile/15E148 Safari/604.1"
98.93.134.242 - - [05/Aug/2026:15:36:15 +0330] "GET / HTTP/1.1" 301 0 "-" "Mozilla/5.0 (Macintosh; Intel Mac OS X 10_15_5) AppleWebKit/537.36 (KHTML, like Gecko) Chrome/83.0.4103.97 Safari/537.36"
98.93.134.242 - - [05/Aug/2026:15:36:17 +0330] "GET / HTTP/1.1" 200 125666 "-" "Mozilla/5.0 (Macintosh; Intel Mac OS X 10_10_5) AppleWebKit/600.8.9 (KHTML, like Gecko) Maxthon/4.5.2"
41.79.235.70 - - [05/Aug/2026:15:36:31 +0330] "GET /wp-login.php HTTP/2" 200 3095 "-" "Mozilla/5.0 (Windows NT 10.0; Win64; x64) AppleWebKit/537.36 (KHTML, like Gecko) Chrome/150.0.0.0 Safari/537.36"
103.215.222.14 - - [05/Aug/2026:15:36:35 +0330] "POST /wp-cron.php?doing_wp_cron=1785931595.5787770748138427734375 HTTP/1.1" 200 0 "-" "WordPress/7.0; https://armgroupco.com"
41.79.235.70 - - [05/Aug/2026:15:36:33 +0330] "POST /wp-login.php HTTP/2" 200 3297 "https://armgroupco.com/wp-login.php" "Mozilla/5.0 (Windows NT 10.0; Win64; x64) AppleWebKit/537.36 (KHTML, like Gecko) Chrome/150.0.0.0 Safari/537.36"
57.128.255.167 - - [05/Aug/2026:15:37:14 +0330] "GET / HTTP/2" 200 125666 "-" "Mozilla/5.0 (Macintosh; Intel Mac OS X 10_15_7) AppleWebKit/537.36 (KHTML, like Gecko) Chrome/146.0.0.0 Safari/537.36"
103.215.222.14 - - [05/Aug/2026:15:39:26 +0330] "POST /wp-cron.php?doing_wp_cron=1785931766.2377920150756835937500 HTTP/1.1" 200 0 "-" "WordPress/7.0; https://armgroupco.com"
164.92.102.132 - - [05/Aug/2026:15:39:23 +0330] "POST /wp-login.php HTTP/1.1" 200 10891 "-" "Mozilla/5.0"
103.215.222.14 - - [05/Aug/2026:15:39:26 +0330] "POST /wp-cron.php?doing_wp_cron=1785931766.2338020801544189453125 HTTP/1.1" 200 0 "-" "WordPress/7.0; https://armgroupco.com"
164.92.102.132 - - [05/Aug/2026:15:39:24 +0330] "POST /wp-login.php HTTP/1.1" 200 10927 "-" "Mozilla/5.0"
164.92.102.132 - - [05/Aug/2026:15:39:23 +0330] "POST /wp-login.php HTTP/1.1" 200 10911 "-" "Mozilla/5.0"
164.92.102.132 - - [05/Aug/2026:15:39:24 +0330] "POST /wp-login.php HTTP/1.1" 200 10917 "-" "Mozilla/5.0"
103.215.222.14 - - [05/Aug/2026:15:40:58 +0330] "POST /wp-cron.php?doing_wp_cron=1785931858.8306920528411865234375 HTTP/1.1" 200 0 "-" "WordPress/7.0; https://armgroupco.com"
91.193.232.36 - - [05/Aug/2026:15:40:57 +0330] "POST /wp-login.php HTTP/1.1" 200 3649 "-" "Mozilla/5.0 (Macintosh; Intel Mac OS X 10_15_7) AppleWebKit/605.1.15 Version/17.0 Safari/605.1.15"
103.215.222.14 - - [05/Aug/2026:15:45:05 +0330] "POST /wp-cron.php?doing_wp_cron=1785932105.7558329105377197265625 HTTP/1.1" 200 0 "-" "WordPress/7.0; https://armgroupco.com"
209.147.81.7 - - [05/Aug/2026:15:47:22 +0330] "GET / HTTP/1.1" 301 795 "-" "Mozilla/5.0 (X11; Linux i686; rv:109.0) Gecko/20100101 Firefox/120.0"
103.215.222.14 - - [05/Aug/2026:15:47:28 +0330] "GET /%D8%AA%D9%85%D8%A7%D8%B3-%D8%A8%D8%A7-%D9%85%D8%A7/ HTTP/1.1" 200 129565 "-" "WP Rocket/Preload"
103.215.222.14 - - [05/Aug/2026:15:47:31 +0330] "GET /category/%D9%85%D8%AC%D9%84%D9%87/ HTTP/1.1" 200 0 "-" "WP Rocket/Preload"
103.215.222.14 - - [05/Aug/2026:15:47:34 +0330] "GET /author/baxc454urj/ HTTP/1.1" 200 0 "-" "WP Rocket/Preload"
103.215.222.14 - - [05/Aug/2026:15:47:51 +0330] "POST /wp-cron.php?doing_wp_cron=1785932271.7131841182708740234375 HTTP/1.1" 200 0 "-" "WordPress/7.0; https://armgroupco.com"
164.92.102.132 - - [05/Aug/2026:15:47:49 +0330] "POST /wp-login.php HTTP/1.1" 200 10927 "-" "Mozilla/5.0"
164.92.102.132 - - [05/Aug/2026:15:47:50 +0330] "POST /wp-login.php HTTP/1.1" 200 10911 "-" "Mozilla/5.0"
164.92.102.132 - - [05/Aug/2026:15:47:50 +0330] "POST /wp-login.php HTTP/1.1" 200 10927 "-" "Mozilla/5.0"
164.92.102.132 - - [05/Aug/2026:15:47:51 +0330] "POST /wp-login.php HTTP/1.1" 200 10917 "-" "Mozilla/5.0"
103.215.222.14 - - [05/Aug/2026:15:50:27 +0330] "POST /wp-cron.php?doing_wp_cron=1785932427.6995580196380615234375 HTTP/1.1" 200 0 "-" "WordPress/7.0; https://armgroupco.com"
198.38.94.67 - - [05/Aug/2026:15:50:25 +0330] "GET /wp-login.php HTTP/2" 200 3142 "-" "Mozilla/5.0 (Windows NT 10.0; Win64; x64) AppleWebKit/537.36 (KHTML, like Gecko) Chrome/150.0.0.0 Safari/537.36"
103.215.222.14 - - [05/Aug/2026:15:50:29 +0330] "GET /%D8%AF%D8%B1%D8%A8%D8%A7%D8%B1%D9%87-%D9%85%D8%A7/ HTTP/1.1" 200 137014 "-" "WP Rocket/Preload"
198.38.94.67 - - [05/Aug/2026:15:50:48 +0330] "GET /wp-login.php HTTP/2" 200 3142 "-" "Mozilla/5.0 (Windows NT 10.0; Win64; x64) AppleWebKit/537.36 (KHTML, like Gecko) Chrome/150.0.0.0 Safari/537.36"
198.38.94.67 - - [05/Aug/2026:15:50:50 +0330] "POST /wp-login.php HTTP/2" 200 3297 "https://armgroupco.com/wp-login.php" "Mozilla/5.0 (Windows NT 10.0; Win64; x64) AppleWebKit/537.36 (KHTML, like Gecko) Chrome/150.0.0.0 Safari/537.36"
91.193.232.47 - - [05/Aug/2026:15:52:48 +0330] "POST /wp-login.php HTTP/1.1" 200 3649 "-" "Mozilla/5.0 (Windows NT 10.0; Win64; rv:143.0) Gecko/20100101 Firefox/143.0"
103.215.222.14 - - [05/Aug/2026:15:53:45 +0330] "POST /wp-cron.php?doing_wp_cron=1785932625.2781839370727539062500 HTTP/1.1" 200 0 "-" "WordPress/7.0; https://armgroupco.com"
198.38.94.5 - - [05/Aug/2026:15:53:43 +0330] "GET /wp-login.php HTTP/2" 200 3142 "-" "Mozilla/5.0 (Windows NT 10.0; Win64; x64) AppleWebKit/537.36 (KHTML, like Gecko) Chrome/150.0.0.0 Safari/537.36"
198.38.94.5 - - [05/Aug/2026:15:54:04 +0330] "GET /wp-login.php HTTP/2" 200 3142 "-" "Mozilla/5.0 (Windows NT 10.0; Win64; x64) AppleWebKit/537.36 (KHTML, like Gecko) Chrome/150.0.0.0 Safari/537.36"
198.38.94.5 - - [05/Aug/2026:15:54:08 +0330] "POST /wp-login.php HTTP/2" 200 3297 "https://armgroupco.com/wp-login.php" "Mozilla/5.0 (Windows NT 10.0; Win64; x64) AppleWebKit/537.36 (KHTML, like Gecko) Chrome/150.0.0.0 Safari/537.36"
103.215.222.14 - - [05/Aug/2026:15:56:16 +0330] "POST /wp-cron.php?doing_wp_cron=1785932776.1194210052490234375000 HTTP/1.1" 200 0 "-" "WordPress/7.0; https://armgroupco.com"
164.92.102.132 - - [05/Aug/2026:15:56:14 +0330] "POST /wp-login.php HTTP/1.1" 200 10891 "-" "Mozilla/5.0"
164.92.102.132 - - [05/Aug/2026:15:56:14 +0330] "POST /wp-login.php HTTP/1.1" 200 10917 "-" "Mozilla/5.0"
164.92.102.132 - - [05/Aug/2026:15:56:14 +0330] "POST /wp-login.php HTTP/1.1" 200 10927 "-" "Mozilla/5.0"
164.92.102.132 - - [05/Aug/2026:15:56:15 +0330] "POST /wp-login.php HTTP/1.1" 200 10927 "-" "Mozilla/5.0"
103.215.222.14 - - [05/Aug/2026:16:04:22 +0330] "POST /wp-cron.php?doing_wp_cron=1785933261.9318099021911621093750 HTTP/1.1" 200 0 "-" "WordPress/7.0; https://armgroupco.com"
185.214.196.71 - - [05/Aug/2026:15:45:02 +0330] "GET / HTTP/1.1" 301 0 "-" "Mozilla/5.0 (X11; Linux i686; rv:109.0) Gecko/20100101 Firefox/120.0"
103.215.222.14 - - [05/Aug/2026:15:47:26 +0330] "POST /wp-cron.php?doing_wp_cron=1785932246.5601689815521240234375 HTTP/1.1" 200 0 "-" "WordPress/7.0; https://armgroupco.com"
209.147.81.7 - - [05/Aug/2026:15:47:23 +0330] "GET / HTTP/1.1" 200 133058 "-" "Mozilla/5.0 (X11; Linux i686; rv:109.0) Gecko/20100101 Firefox/120.0"
103.215.222.14 - - [05/Aug/2026:15:47:32 +0330] "GET /author/admin/ HTTP/1.1" 200 0 "-" "WP Rocket/Preload"
103.215.222.14 - - [05/Aug/2026:15:47:35 +0330] "GET /author/wadminw/ HTTP/1.1" 200 0 "-" "WP Rocket/Preload"
164.92.102.132 - - [05/Aug/2026:15:47:49 +0330] "POST /wp-login.php HTTP/1.1" 200 10891 "-" "Mozilla/5.0"
164.92.102.132 - - [05/Aug/2026:15:47:50 +0330] "POST /wp-login.php HTTP/1.1" 200 10917 "-" "Mozilla/5.0"
164.92.102.132 - - [05/Aug/2026:15:47:50 +0330] "POST /wp-login.php HTTP/1.1" 200 10905 "-" "Mozilla/5.0"
164.92.102.132 - - [05/Aug/2026:15:47:50 +0330] "POST /wp-login.php HTTP/1.1" 200 10929 "-" "Mozilla/5.0"
103.215.222.14 - - [05/Aug/2026:15:50:49 +0330] "POST /wp-cron.php?doing_wp_cron=1785932449.8699400424957275390625 HTTP/1.1" 200 0 "-" "WordPress/7.0; https://armgroupco.com"
103.215.222.14 - - [05/Aug/2026:15:52:49 +0330] "POST /wp-cron.php?doing_wp_cron=1785932569.7935819625854492187500 HTTP/1.1" 200 0 "-" "WordPress/7.0; https://armgroupco.com"
103.215.222.14 - - [05/Aug/2026:15:56:23 +0330] "POST /wp-cron.php?doing_wp_cron=1785932783.1544630527496337890625 HTTP/1.1" 200 0 "-" "WordPress/7.0; https://armgroupco.com"
164.92.102.132 - - [05/Aug/2026:15:56:14 +0330] "POST /wp-login.php HTTP/1.1" 200 10911 "-" "Mozilla/5.0"
164.92.102.132 - - [05/Aug/2026:15:56:14 +0330] "POST /wp-login.php HTTP/1.1" 200 10929 "-" "Mozilla/5.0"
164.92.102.132 - - [05/Aug/2026:15:56:14 +0330] "POST /wp-login.php HTTP/1.1" 200 10905 "-" "Mozilla/5.0"
164.92.102.132 - - [05/Aug/2026:15:56:15 +0330] "POST /wp-login.php HTTP/1.1" 200 10917 "-" "Mozilla/5.0"
103.215.222.14 - - [05/Aug/2026:16:00:26 +0330] "POST /wp-cron.php?doing_wp_cron=1785933026.6120660305023193359375 HTTP/1.1" 200 0 "-" "WordPress/7.0; https://armgroupco.com"
198.38.94.67 - - [05/Aug/2026:16:00:24 +0330] "GET /wp-login.php HTTP/2" 200 3142 "-" "Mozilla/5.0 (Windows NT 10.0; Win64; x64) AppleWebKit/537.36 (KHTML, like Gecko) Chrome/150.0.0.0 Safari/537.36"
103.215.222.14 - - [05/Aug/2026:16:00:47 +0330] "POST /wp-cron.php?doing_wp_cron=1785933047.3763329982757568359375 HTTP/1.1" 200 0 "-" "WordPress/7.0; https://armgroupco.com"
198.38.94.67 - - [05/Aug/2026:16:00:46 +0330] "GET /wp-login.php HTTP/2" 200 3142 "-" "Mozilla/5.0 (Windows NT 10.0; Win64; x64) AppleWebKit/537.36 (KHTML, like Gecko) Chrome/150.0.0.0 Safari/537.36"
198.38.94.67 - - [05/Aug/2026:16:00:52 +0330] "POST /wp-login.php HTTP/2" 200 3297 "https://armgroupco.com/wp-login.php" "Mozilla/5.0 (Windows NT 10.0; Win64; x64) AppleWebKit/537.36 (KHTML, like Gecko) Chrome/150.0.0.0 Safari/537.36"
57.128.255.167 - - [05/Aug/2026:16:03:42 +0330] "GET / HTTP/2" 301 795 "-" "Mozilla/5.0 (Macintosh; Intel Mac OS X 10_15_7) AppleWebKit/537.36 (KHTML, like Gecko) Chrome/146.0.0.0 Safari/537.36"
57.128.255.167 - - [05/Aug/2026:16:03:43 +0330] "GET / HTTP/2" 200 125666 "https://armgroup101.com/" "Mozilla/5.0 (Macintosh; Intel Mac OS X 10_15_7) AppleWebKit/537.36 (KHTML, like Gecko) Chrome/146.0.0.0 Safari/537.36"
164.92.102.132 - - [05/Aug/2026:16:04:37 +0330] "POST /wp-login.php HTTP/1.1" 200 10929 "-" "Mozilla/5.0"
164.92.102.132 - - [05/Aug/2026:16:04:37 +0330] "POST /wp-login.php HTTP/1.1" 200 10927 "-" "Mozilla/5.0"
164.92.102.132 - - [05/Aug/2026:16:04:38 +0330] "POST /wp-login.php HTTP/1.1" 200 10917 "-" "Mozilla/5.0"
103.215.222.14 - - [05/Aug/2026:16:08:27 +0330] "POST /wp-cron.php?doing_wp_cron=1785933507.6308379173278808593750 HTTP/1.1" 200 0 "-" "WordPress/7.0; https://armgroupco.com"
91.193.232.4 - - [05/Aug/2026:16:04:20 +0330] "POST /wp-login.php HTTP/1.1" 200 3649 "-" "Mozilla/5.0 (Windows NT 10.0; Win64; rv:143.0) Gecko/20100101 Firefox/143.0"
103.215.222.14 - - [05/Aug/2026:16:04:39 +0330] "POST /wp-cron.php?doing_wp_cron=1785933279.1997070312500000000000 HTTP/1.1" 200 0 "-" "WordPress/7.0; https://armgroupco.com"
164.92.102.132 - - [05/Aug/2026:16:04:37 +0330] "POST /wp-login.php HTTP/1.1" 200 10891 "-" "Mozilla/5.0"
164.92.102.132 - - [05/Aug/2026:16:04:37 +0330] "POST /wp-login.php HTTP/1.1" 200 10917 "-" "Mozilla/5.0"
164.92.102.132 - - [05/Aug/2026:16:04:38 +0330] "POST /wp-login.php HTTP/1.1" 200 10905 "-" "Mozilla/5.0"
164.92.102.132 - - [05/Aug/2026:16:04:38 +0330] "POST /wp-login.php HTTP/1.1" 200 10911 "-" "Mozilla/5.0"
103.215.222.14 - - [05/Aug/2026:16:06:04 +0330] "POST /wp-cron.php?doing_wp_cron=1785933364.3068890571594238281250 HTTP/1.1" 200 0 "-" "WordPress/7.0; https://armgroupco.com"
198.38.94.5 - - [05/Aug/2026:16:06:01 +0330] "GET /wp-login.php HTTP/2" 200 3142 "-" "Mozilla/5.0 (Windows NT 10.0; Win64; x64) AppleWebKit/537.36 (KHTML, like Gecko) Chrome/150.0.0.0 Safari/537.36"
198.38.94.5 - - [05/Aug/2026:16:06:04 +0330] "POST /wp-login.php HTTP/2" 200 3297 "https://armgroupco.com/wp-login.php" "Mozilla/5.0 (Windows NT 10.0; Win64; x64) AppleWebKit/537.36 (KHTML, like Gecko) Chrome/150.0.0.0 Safari/537.36"
216.73.216.172 - - [05/Aug/2026:16:08:25 +0330] "GET /robots.txt HTTP/2" 200 107 "-" "Mozilla/5.0 AppleWebKit/537.36 (KHTML, like Gecko; compatible; ClaudeBot/1.0; +claudebot@anthropic.com)"
216.73.216.172 - - [05/Aug/2026:16:08:27 +0330] "GET /sitemap_index.xml HTTP/2" 200 306 "-" "Mozilla/5.0 AppleWebKit/537.36 (KHTML, like Gecko; compatible; ClaudeBot/1.0; +claudebot@anthropic.com)"
164.92.102.132 - - [05/Aug/2026:16:12:58 +0330] "POST /wp-login.php HTTP/1.1" 200 10891 "-" "Mozilla/5.0"
164.92.102.132 - - [05/Aug/2026:16:12:58 +0330] "POST /wp-login.php HTTP/1.1" 200 10927 "-" "Mozilla/5.0"
164.92.102.132 - - [05/Aug/2026:16:12:58 +0330] "POST /wp-login.php HTTP/1.1" 200 10905 "-" "Mozilla/5.0"
164.92.102.132 - - [05/Aug/2026:16:12:58 +0330] "POST /wp-login.php HTTP/1.1" 200 10917 "-" "Mozilla/5.0"
41.79.235.70 - - [05/Aug/2026:16:13:06 +0330] "GET /wp-login.php HTTP/2" 200 3142 "-" "Mozilla/5.0 (Windows NT 10.0; Win64; x64) AppleWebKit/537.36 (KHTML, like Gecko) Chrome/150.0.0.0 Safari/537.36"
41.79.235.70 - - [05/Aug/2026:16:13:11 +0330] "POST /wp-login.php HTTP/2" 200 3297 "https://armgroupco.com/wp-login.php" "Mozilla/5.0 (Windows NT 10.0; Win64; x64) AppleWebKit/537.36 (KHTML, like Gecko) Chrome/150.0.0.0 Safari/537.36"
103.215.222.14 - - [05/Aug/2026:16:15:19 +0330] "POST /wp-cron.php?doing_wp_cron=1785933919.2571589946746826171875 HTTP/1.1" 200 0 "-" "WordPress/7.0; https://armgroupco.com"
198.38.94.67 - - [05/Aug/2026:16:15:18 +0330] "GET /wp-login.php HTTP/2" 200 3142 "-" "Mozilla/5.0 (Windows NT 10.0; Win64; x64) AppleWebKit/537.36 (KHTML, like Gecko) Chrome/150.0.0.0 Safari/537.36"
195.178.110.103 - - [05/Aug/2026:16:19:33 +0330] "GET / HTTP/1.1" 301 795 "-" "Mozilla/5.0 (Windows NT 10.0; Win64; x64) AppleWebKit/537.36 (KHTML, like Gecko) Chrome/124.0.0.0 Safari/537.36"
103.215.222.14 - - [05/Aug/2026:16:21:20 +0330] "POST /wp-cron.php?doing_wp_cron=1785934280.0752100944519042968750 HTTP/1.1" 200 0 "-" "WordPress/7.0; https://armgroupco.com"
164.92.102.132 - - [05/Aug/2026:16:21:16 +0330] "POST /wp-login.php HTTP/1.1" 200 10891 "-" "Mozilla/5.0"
164.92.102.132 - - [05/Aug/2026:16:21:17 +0330] "POST /wp-login.php HTTP/1.1" 200 10927 "-" "Mozilla/5.0"
164.92.102.132 - - [05/Aug/2026:16:21:17 +0330] "POST /wp-login.php HTTP/1.1" 200 10917 "-" "Mozilla/5.0"
45.148.10.75 - - [05/Aug/2026:16:22:07 +0330] "POST /index.php HTTP/1.1" 403 787 "-" "Mozilla/5.0 (Windows NT 10.0; Win64; x64) AppleWebKit/537.36 (KHTML, like Gecko) Chrome/126.0.0.0 Safari/537.36"
45.148.10.75 - - [05/Aug/2026:16:22:42 +0330] "POST /index.php HTTP/1.1" 403 787 "-" "Mozilla/5.0 (Windows NT 10.0; Win64; x64) AppleWebKit/537.36 (KHTML, like Gecko) Chrome/126.0.0.0 Safari/537.36"
103.215.222.14 - - [05/Aug/2026:16:13:05 +0330] "POST /wp-cron.php?doing_wp_cron=1785933785.7537569999694824218750 HTTP/1.1" 200 0 "-" "WordPress/7.0; https://armgroupco.com"
164.92.102.132 - - [05/Aug/2026:16:12:58 +0330] "POST /wp-login.php HTTP/1.1" 200 10927 "-" "Mozilla/5.0"
164.92.102.132 - - [05/Aug/2026:16:12:58 +0330] "POST /wp-login.php HTTP/1.1" 200 10929 "-" "Mozilla/5.0"
164.92.102.132 - - [05/Aug/2026:16:12:58 +0330] "POST /wp-login.php HTTP/1.1" 200 10911 "-" "Mozilla/5.0"
164.92.102.132 - - [05/Aug/2026:16:13:01 +0330] "POST /wp-login.php HTTP/1.1" 200 10917 "-" "Mozilla/5.0"
198.38.94.67 - - [05/Aug/2026:16:15:23 +0330] "GET /wp-login.php HTTP/2" 200 3142 "-" "Mozilla/5.0 (Windows NT 10.0; Win64; x64) AppleWebKit/537.36 (KHTML, like Gecko) Chrome/150.0.0.0 Safari/537.36"
198.38.94.67 - - [05/Aug/2026:16:15:25 +0330] "POST /wp-login.php HTTP/2" 200 3261 "https://armgroupco.com/wp-login.php" "Mozilla/5.0 (Windows NT 10.0; Win64; x64) AppleWebKit/537.36 (KHTML, like Gecko) Chrome/150.0.0.0 Safari/537.36"
103.215.222.14 - - [05/Aug/2026:16:15:43 +0330] "POST /wp-cron.php?doing_wp_cron=1785933943.8024520874023437500000 HTTP/1.1" 200 0 "-" "WordPress/7.0; https://armgroupco.com"
91.193.232.45 - - [05/Aug/2026:16:15:42 +0330] "POST /wp-login.php HTTP/1.1" 200 3649 "-" "Mozilla/5.0 (Windows NT 10.0; Win64; rv:143.0) Gecko/20100101 Firefox/143.0"
195.178.110.103 - - [05/Aug/2026:16:19:33 +0330] "GET / HTTP/1.1" 200 297534 "-" "Mozilla/5.0 (Windows NT 10.0; Win64; x64) AppleWebKit/537.36 (KHTML, like Gecko) Chrome/124.0.0.0 Safari/537.36"
