198.38.94.5 - - [05/Aug/2026:18:18:46 +0330] "GET /wp-login.php HTTP/2" 200 3142 "-" "Mozilla/5.0 (Windows NT 10.0; Win64; x64) AppleWebKit/537.36 (KHTML, like Gecko) Chrome/150.0.0.0 Safari/537.36"
198.38.94.5 - - [05/Aug/2026:18:18:50 +0330] "POST /wp-login.php HTTP/2" 200 3297 "https://armgroupco.com/wp-login.php" "Mozilla/5.0 (Windows NT 10.0; Win64; x64) AppleWebKit/537.36 (KHTML, like Gecko) Chrome/150.0.0.0 Safari/537.36"
86.108.78.231 - - [05/Aug/2026:18:23:13 +0330] "POST /xmlrpc.php HTTP/1.1" 200 426 "-" "Jetpack/13.0; WordPress/6.3; http://site23264239.com"
103.215.222.14 - - [05/Aug/2026:18:23:18 +0330] "POST /wp-cron.php?doing_wp_cron=1785941598.6828000545501708984375 HTTP/1.1" 200 0 "-" "WordPress/7.0; https://armgroupco.com"
86.108.78.231 - - [05/Aug/2026:18:23:16 +0330] "POST /xmlrpc.php HTTP/1.1" 200 426 "-" "Jetpack by WordPress.com (Jetpack 12.0; WordPress 6.2)"
86.108.78.231 - - [05/Aug/2026:18:23:27 +0330] "POST /xmlrpc.php HTTP/1.1" 200 426 "-" "WordPress.com; https://wordpress.com"
86.108.78.231 - - [05/Aug/2026:18:23:38 +0330] "POST /xmlrpc.php HTTP/1.1" 200 426 "-" "Jetpack by WordPress.com"
86.108.78.231 - - [05/Aug/2026:18:23:49 +0330] "POST /xmlrpc.php HTTP/1.1" 200 426 "-" "WordPress.com; https://wordpress.com"
86.108.78.231 - - [05/Aug/2026:18:23:59 +0330] "POST /xmlrpc.php HTTP/1.1" 200 426 "-" "Jetpack/12.1; WordPress/6.4; http://site85305947.com"
86.108.78.231 - - [05/Aug/2026:18:24:10 +0330] "POST /xmlrpc.php HTTP/1.1" 200 426 "-" "Jetpack/12.5; WordPress/6.3; http://site48758361.com"
86.108.78.231 - - [05/Aug/2026:18:24:21 +0330] "POST /xmlrpc.php HTTP/1.1" 200 426 "-" "Jetpack by WordPress.com (Jetpack 12.1; WordPress 6.3)"
103.215.222.14 - - [05/Aug/2026:18:24:33 +0330] "POST /wp-cron.php?doing_wp_cron=1785941673.2904109954833984375000 HTTP/1.1" 200 0 "-" "WordPress/7.0; https://armgroupco.com"
86.108.78.231 - - [05/Aug/2026:18:24:31 +0330] "POST /xmlrpc.php HTTP/1.1" 200 426 "-" "Jetpack/12.5; WordPress/6.1; http://site32240190.com"
86.108.78.231 - - [05/Aug/2026:18:24:42 +0330] "POST /xmlrpc.php HTTP/1.1" 200 426 "-" "Jetpack by WordPress.com (Jetpack 13.0; WordPress 6.2)"
86.108.78.231 - - [05/Aug/2026:18:24:53 +0330] "POST /xmlrpc.php HTTP/1.1" 200 426 "-" "WordPress.com; https://wordpress.com"
86.108.78.231 - - [05/Aug/2026:18:25:04 +0330] "POST /xmlrpc.php HTTP/1.1" 200 426 "-" "WordPress.com; https://wordpress.com"
86.108.78.231 - - [05/Aug/2026:18:25:14 +0330] "POST /xmlrpc.php HTTP/1.1" 200 426 "-" "WordPress.com; https://wordpress.com"
86.108.78.231 - - [05/Aug/2026:18:25:25 +0330] "POST /xmlrpc.php HTTP/1.1" 200 426 "-" "Jetpack/12.5; WordPress/6.4; http://site97764465.com"
86.108.78.231 - - [05/Aug/2026:18:25:36 +0330] "POST /xmlrpc.php HTTP/1.1" 200 426 "-" "Jetpack/13.0; WordPress/6.3; http://site42875506.com"
86.108.78.231 - - [05/Aug/2026:18:25:47 +0330] "POST /xmlrpc.php HTTP/1.1" 200 426 "-" "WordPress.com; https://wordpress.com"
86.108.78.231 - - [05/Aug/2026:18:25:57 +0330] "POST /xmlrpc.php HTTP/1.1" 200 426 "-" "Jetpack by WordPress.com"
86.108.78.231 - - [05/Aug/2026:18:26:08 +0330] "POST /xmlrpc.php HTTP/1.1" 200 426 "-" "Jetpack by WordPress.com (Jetpack 13.0; WordPress 6.2)"
86.108.78.231 - - [05/Aug/2026:18:26:19 +0330] "POST /xmlrpc.php HTTP/1.1" 200 426 "-" "Jetpack by WordPress.com"
86.108.78.231 - - [05/Aug/2026:18:26:29 +0330] "POST /xmlrpc.php HTTP/1.1" 200 426 "-" "Jetpack by WordPress.com"
103.215.222.14 - - [05/Aug/2026:18:26:44 +0330] "POST /wp-cron.php?doing_wp_cron=1785941804.0911459922790527343750 HTTP/1.1" 200 0 "-" "WordPress/7.0; https://armgroupco.com"
86.108.78.231 - - [05/Aug/2026:18:26:40 +0330] "POST /xmlrpc.php HTTP/1.1" 200 426 "-" "Jetpack/12.1; WordPress/6.4; http://site35468274.com"
86.108.78.231 - - [05/Aug/2026:18:26:51 +0330] "POST /xmlrpc.php HTTP/1.1" 200 426 "-" "Jetpack by WordPress.com (Jetpack 12.5; WordPress 6.4)"
86.108.78.231 - - [05/Aug/2026:18:27:01 +0330] "POST /xmlrpc.php HTTP/1.1" 200 426 "-" "Jetpack/12.5; WordPress/6.2; http://site25527281.com"
103.215.222.14 - - [05/Aug/2026:18:18:41 +0330] "POST /wp-cron.php?doing_wp_cron=1785941321.1080360412597656250000 HTTP/1.1" 200 0 "-" "WordPress/7.0; https://armgroupco.com"
198.38.94.5 - - [05/Aug/2026:18:18:39 +0330] "GET /wp-login.php HTTP/2" 200 3142 "-" "Mozilla/5.0 (Windows NT 10.0; Win64; x64) AppleWebKit/537.36 (KHTML, like Gecko) Chrome/150.0.0.0 Safari/537.36"
43.156.232.154 - - [05/Aug/2026:18:18:38 +0330] "GET / HTTP/1.1" 200 131873 "http://armgroup101.com" "Mozilla/5.0 (iPhone; CPU iPhone OS 13_2_3 like Mac OS X) AppleWebKit/605.1.15 (KHTML, like Gecko) Version/13.0.3 Mobile/15E148 Safari/604.1"
103.215.222.14 - - [05/Aug/2026:18:19:30 +0330] "POST /wp-cron.php?doing_wp_cron=1785941370.5690419673919677734375 HTTP/1.1" 200 0 "-" "WordPress/7.0; https://armgroupco.com"
91.193.232.24 - - [05/Aug/2026:18:19:29 +0330] "POST /wp-login.php HTTP/1.1" 200 3649 "-" "Mozilla/5.0 (Windows NT 10.0; Win64; rv:143.0) Gecko/20100101 Firefox/143.0"
103.215.222.14 - - [05/Aug/2026:18:23:14 +0330] "POST /wp-cron.php?doing_wp_cron=1785941594.4901568889617919921875 HTTP/1.1" 200 0 "-" "WordPress/7.0; https://armgroupco.com"
103.215.222.14 - - [05/Aug/2026:18:23:39 +0330] "POST /wp-cron.php?doing_wp_cron=1785941619.8062279224395751953125 HTTP/1.1" 200 0 "-" "WordPress/7.0; https://armgroupco.com"
103.215.222.14 - - [05/Aug/2026:18:24:22 +0330] "POST /wp-cron.php?doing_wp_cron=1785941662.6034018993377685546875 HTTP/1.1" 200 0 "-" "WordPress/7.0; https://armgroupco.com"
103.215.222.14 - - [05/Aug/2026:18:25:16 +0330] "POST /wp-cron.php?doing_wp_cron=1785941716.0567009449005126953125 HTTP/1.1" 200 0 "-" "WordPress/7.0; https://armgroupco.com"
103.215.222.14 - - [05/Aug/2026:18:25:26 +0330] "POST /wp-cron.php?doing_wp_cron=1785941726.9099190235137939453125 HTTP/1.1" 200 0 "-" "WordPress/7.0; https://armgroupco.com"
103.215.222.14 - - [05/Aug/2026:18:25:37 +0330] "POST /wp-cron.php?doing_wp_cron=1785941737.5936479568481445312500 HTTP/1.1" 200 0 "-" "WordPress/7.0; https://armgroupco.com"
103.215.222.14 - - [05/Aug/2026:18:26:22 +0330] "POST /wp-cron.php?doing_wp_cron=1785941782.0527369976043701171875 HTTP/1.1" 200 0 "-" "WordPress/7.0; https://armgroupco.com"
103.215.222.14 - - [05/Aug/2026:18:27:37 +0330] "POST /wp-cron.php?doing_wp_cron=1785941857.0359408855438232421875 HTTP/1.1" 200 0 "-" "WordPress/7.0; https://armgroupco.com"
103.215.222.14 - - [05/Aug/2026:18:28:22 +0330] "POST /wp-cron.php?doing_wp_cron=1785941902.6716849803924560546875 HTTP/1.1" 200 0 "-" "WordPress/7.0; https://armgroupco.com"
86.108.78.231 - - [05/Aug/2026:18:29:43 +0330] "POST /xmlrpc.php HTTP/1.1" 200 0 "-" "Jetpack by WordPress.com (Jetpack 12.0; WordPress 6.2)"
86.108.78.231 - - [05/Aug/2026:18:29:56 +0330] "POST /xmlrpc.php HTTP/1.1" 200 0 "-" "Jetpack/12.5; WordPress/6.2; http://site80411110.com"
86.108.78.231 - - [05/Aug/2026:18:30:04 +0330] "POST /xmlrpc.php HTTP/1.1" 200 0 "-" "Jetpack/13.0; WordPress/6.2; http://site54499140.com"
103.215.222.14 - - [05/Aug/2026:18:30:20 +0330] "POST /wp-cron.php?doing_wp_cron=1785942020.4356369972229003906250 HTTP/1.1" 200 0 "-" "WordPress/7.0; https://armgroupco.com"
86.108.78.231 - - [05/Aug/2026:18:30:50 +0330] "POST /xmlrpc.php HTTP/1.1" 200 426 "-" "Jetpack/13.0; WordPress/6.2; http://site20784779.com"
86.108.78.231 - - [05/Aug/2026:18:30:57 +0330] "POST /xmlrpc.php HTTP/1.1" 200 426 "-" "Jetpack/13.0; WordPress/6.1; http://site20035546.com"
86.108.78.231 - - [05/Aug/2026:18:31:08 +0330] "POST /xmlrpc.php HTTP/1.1" 200 426 "-" "WordPress.com; https://wordpress.com"
86.108.78.231 - - [05/Aug/2026:18:31:19 +0330] "POST /xmlrpc.php HTTP/1.1" 200 426 "-" "Jetpack by WordPress.com"
86.108.78.231 - - [05/Aug/2026:18:31:29 +0330] "POST /xmlrpc.php HTTP/1.1" 403 787 "-" "WordPress.com; https://wordpress.com"
86.108.78.231 - - [05/Aug/2026:18:31:45 +0330] "POST /xmlrpc.php HTTP/1.1" 403 787 "-" "Jetpack by WordPress.com"
86.108.78.231 - - [05/Aug/2026:18:31:51 +0330] "POST /xmlrpc.php HTTP/1.1" 403 787 "-" "Jetpack by WordPress.com"
103.215.222.14 - - [05/Aug/2026:18:27:17 +0330] "POST /wp-cron.php?doing_wp_cron=1785941837.2180070877075195312500 HTTP/1.1" 200 0 "-" "WordPress/7.0; https://armgroupco.com"
86.108.78.231 - - [05/Aug/2026:18:27:12 +0330] "POST /xmlrpc.php HTTP/1.1" 200 426 "-" "Jetpack by WordPress.com"
86.108.78.231 - - [05/Aug/2026:18:27:23 +0330] "POST /xmlrpc.php HTTP/1.1" 200 426 "-" "WordPress.com; https://wordpress.com"
51.75.128.94 - - [05/Aug/2026:18:27:35 +0330] "GET /robots.txt HTTP/1.1" 200 172 "-" "Mozilla/5.0 (compatible; MJ12bot/v1.4.8; http://mj12bot.com/)"
86.108.78.231 - - [05/Aug/2026:18:27:34 +0330] "POST /xmlrpc.php HTTP/1.1" 200 426 "-" "Jetpack/13.0; WordPress/6.2; http://site76161567.com"
51.75.128.94 - - [05/Aug/2026:18:27:38 +0330] "GET /%D8%AA%D9%85%D8%A7%D8%B3-%D8%A8%D8%A7-%D9%85%D8%A7/ HTTP/1.1" 200 122092 "-" "Mozilla/5.0 (compatible; MJ12bot/v1.4.8; http://mj12bot.com/)"
86.108.78.231 - - [05/Aug/2026:18:27:45 +0330] "POST /xmlrpc.php HTTP/1.1" 200 426 "-" "Jetpack/12.5; WordPress/6.3; http://site28732554.com"
86.108.78.231 - - [05/Aug/2026:18:27:56 +0330] "POST /xmlrpc.php HTTP/1.1" 200 0 "-" "Jetpack by WordPress.com"
86.108.78.231 - - [05/Aug/2026:18:28:09 +0330] "POST /xmlrpc.php HTTP/1.1" 200 0 "-" "Jetpack by WordPress.com (Jetpack 12.0; WordPress 6.1)"
86.108.78.231 - - [05/Aug/2026:18:28:17 +0330] "POST /xmlrpc.php HTTP/1.1" 200 426 "-" "WordPress.com; https://wordpress.com"
86.108.78.231 - - [05/Aug/2026:18:28:27 +0330] "POST /xmlrpc.php HTTP/1.1" 200 426 "-" "Jetpack/12.5; WordPress/6.2; http://site95809326.com"
86.108.78.231 - - [05/Aug/2026:18:28:38 +0330] "POST /xmlrpc.php HTTP/1.1" 200 0 "-" "WordPress.com; https://wordpress.com"
86.108.78.231 - - [05/Aug/2026:18:28:50 +0330] "POST /xmlrpc.php HTTP/1.1" 200 0 "-" "WordPress.com; https://wordpress.com"
86.108.78.231 - - [05/Aug/2026:18:29:03 +0330] "POST /xmlrpc.php HTTP/1.1" 200 0 "-" "Jetpack/12.1; WordPress/6.3; http://site17337684.com"
86.108.78.231 - - [05/Aug/2026:18:29:11 +0330] "POST /xmlrpc.php HTTP/1.1" 200 0 "-" "Jetpack by WordPress.com"
86.108.78.231 - - [05/Aug/2026:18:29:22 +0330] "POST /xmlrpc.php HTTP/1.1" 200 0 "-" "Jetpack/13.0; WordPress/6.3; http://site55127872.com"
86.108.78.231 - - [05/Aug/2026:18:29:32 +0330] "POST /xmlrpc.php HTTP/1.1" 200 0 "-" "WordPress.com; https://wordpress.com"
86.108.78.231 - - [05/Aug/2026:18:30:15 +0330] "POST /xmlrpc.php HTTP/1.1" 200 426 "-" "Jetpack by WordPress.com"
86.108.78.231 - - [05/Aug/2026:18:30:25 +0330] "POST /xmlrpc.php HTTP/1.1" 200 426 "-" "Jetpack by WordPress.com"
103.215.222.14 - - [05/Aug/2026:18:30:43 +0330] "POST /wp-cron.php?doing_wp_cron=1785942042.9874610900878906250000 HTTP/1.1" 200 0 "-" "WordPress/7.0; https://armgroupco.com"
86.108.78.231 - - [05/Aug/2026:18:30:37 +0330] "POST /xmlrpc.php HTTP/1.1" 200 426 "-" "Jetpack by WordPress.com"
91.193.232.14 - - [05/Aug/2026:18:30:45 +0330] "POST /wp-login.php HTTP/1.1" 200 3649 "-" "Mozilla/5.0 (Windows NT 10.0; Win64; x64) AppleWebKit/537.36 Chrome/129.0.0.0 Safari/537.36"
103.215.222.14 - - [05/Aug/2026:18:31:22 +0330] "POST /wp-cron.php?doing_wp_cron=1785942082.8856968879699707031250 HTTP/1.1" 200 0 "-" "WordPress/7.0; https://armgroupco.com"
103.215.222.14 - - [05/Aug/2026:18:33:06 +0330] "POST /wp-cron.php?doing_wp_cron=1785942186.7734849452972412109375 HTTP/1.1" 200 0 "-" "WordPress/7.0; https://armgroupco.com"
47.237.12.55 - - [05/Aug/2026:18:33:05 +0330] "GET /?c=echo+WSRFLIVE634404 HTTP/1.1" 301 0 "-" "Mozilla/5.0"
47.237.12.55 - - [05/Aug/2026:18:33:07 +0330] "GET /?c=echo%20WSRFLIVE634404 HTTP/1.1" 200 131878 "-" "Mozilla/5.0"
47.237.12.55 - - [05/Aug/2026:18:33:10 +0330] "GET /wp-login.php HTTP/1.1" 200 3493 "-" "Mozilla/5.0 (Windows NT 10.0; Win64; x64) AppleWebKit/537.36 (KHTML, like Gecko) Chrome/125.0.0.0 Safari/537.36"
47.237.12.55 - - [05/Aug/2026:18:33:11 +0330] "POST /wp-login.php HTTP/1.1" 302 0 "-" "Mozilla/5.0 (Windows NT 10.0; Win64; x64) AppleWebKit/537.36 (KHTML, like Gecko) Chrome/125.0.0.0 Safari/537.36"
47.237.12.55 - - [05/Aug/2026:18:33:13 +0330] "GET /wp-login.php?redirect_to=https%3A%2F%2Farmgroupco.com%2Fwp-admin%2F&action=confirm_admin_email&wp_lang=fa_IR HTTP/1.1" 200 1785 "-" "Mozilla/5.0 (Windows NT 10.0; Win64; x64) AppleWebKit/537.36 (KHTML, like Gecko) Chrome/125.0.0.0 Safari/537.36"
47.237.12.55 - - [05/Aug/2026:18:33:14 +0330] "GET /wp-admin/ HTTP/1.1" 200 120796 "-" "Mozilla/5.0 (Windows NT 10.0; Win64; x64) AppleWebKit/537.36 (KHTML, like Gecko) Chrome/125.0.0.0 Safari/537.36"
103.215.222.14 - - [05/Aug/2026:18:33:20 +0330] "POST /wp-cron.php?doing_wp_cron=1785942200.7418439388275146484375 HTTP/1.1" 200 0 "-" "WordPress/7.0; https://armgroupco.com"
47.237.12.55 - - [05/Aug/2026:18:33:18 +0330] "GET /wp-admin/plugin-install.php?tab=upload HTTP/1.1" 200 96096 "-" "Mozilla/5.0 (Windows NT 10.0; Win64; x64) AppleWebKit/537.36 (KHTML, like Gecko) Chrome/125.0.0.0 Safari/537.36"
47.237.12.55 - - [05/Aug/2026:18:33:21 +0330] "GET /wp-admin/theme-install.php?tab=upload HTTP/1.1" 200 100710 "-" "Mozilla/5.0 (Windows NT 10.0; Win64; x64) AppleWebKit/537.36 (KHTML, like Gecko) Chrome/125.0.0.0 Safari/537.36"
47.237.12.55 - - [05/Aug/2026:18:33:24 +0330] "GET /wp-admin/plugin-install.php?tab=upload HTTP/1.1" 200 96021 "-" "Mozilla/5.0 (Windows NT 10.0; Win64; x64) AppleWebKit/537.36 (KHTML, like Gecko) Chrome/125.0.0.0 Safari/537.36"
47.237.12.55 - - [05/Aug/2026:18:33:26 +0330] "POST /wp-admin/update.php?action=upload-plugin HTTP/1.1" 403 787 "-" "Mozilla/5.0 (Windows NT 10.0; Win64; x64) AppleWebKit/537.36 (KHTML, like Gecko) Chrome/125.0.0.0 Safari/537.36"
47.237.12.55 - - [05/Aug/2026:18:33:27 +0330] "GET /wp-admin/plugin-install.php?tab=upload HTTP/1.1" 200 96225 "-" "Mozilla/5.0 (Windows NT 10.0; Win64; x64) AppleWebKit/537.36 (KHTML, like Gecko) Chrome/125.0.0.0 Safari/537.36"
47.237.12.55 - - [05/Aug/2026:18:33:29 +0330] "POST /wp-admin/update.php?action=upload-plugin HTTP/1.1" 403 787 "-" "Mozilla/5.0 (Windows NT 10.0; Win64; x64) AppleWebKit/537.36 (KHTML, like Gecko) Chrome/125.0.0.0 Safari/537.36"
157.66.47.83 - - [05/Aug/2026:18:33:28 +0330] "GET /wp-login.php HTTP/2" 200 3142 "-" "Mozilla/5.0 (Windows NT 10.0; Win64; x64) AppleWebKit/537.36 (KHTML, like Gecko) Chrome/150.0.0.0 Safari/537.36"
47.237.12.55 - - [05/Aug/2026:18:33:30 +0330] "GET /wp-admin/plugin-install.php?tab=upload HTTP/1.1" 200 96023 "-" "Mozilla/5.0 (Windows NT 10.0; Win64; x64) AppleWebKit/537.36 (KHTML, like Gecko) Chrome/125.0.0.0 Safari/537.36"
47.237.12.55 - - [05/Aug/2026:18:33:32 +0330] "POST /wp-admin/update.php?action=upload-plugin HTTP/1.1" 403 787 "-" "Mozilla/5.0 (Windows NT 10.0; Win64; x64) AppleWebKit/537.36 (KHTML, like Gecko) Chrome/125.0.0.0 Safari/537.36"
47.237.12.55 - - [05/Aug/2026:18:33:32 +0330] "GET /wp-admin/plugin-install.php?tab=upload HTTP/1.1" 200 96022 "-" "Mozilla/5.0 (Windows NT 10.0; Win64; x64) AppleWebKit/537.36 (KHTML, like Gecko) Chrome/125.0.0.0 Safari/537.36"
47.237.12.55 - - [05/Aug/2026:18:33:35 +0330] "POST /wp-admin/update.php?action=upload-plugin HTTP/1.1" 403 787 "-" "Mozilla/5.0 (Windows NT 10.0; Win64; x64) AppleWebKit/537.36 (KHTML, like Gecko) Chrome/125.0.0.0 Safari/537.36"
47.237.12.55 - - [05/Aug/2026:18:33:35 +0330] "GET /wp-admin/theme-install.php?tab=upload HTTP/1.1" 200 100747 "-" "Mozilla/5.0 (Windows NT 10.0; Win64; x64) AppleWebKit/537.36 (KHTML, like Gecko) Chrome/125.0.0.0 Safari/537.36"
47.237.12.55 - - [05/Aug/2026:18:33:38 +0330] "POST /wp-admin/update.php?action=upload-theme HTTP/1.1" 403 787 "-" "Mozilla/5.0 (Windows NT 10.0; Win64; x64) AppleWebKit/537.36 (KHTML, like Gecko) Chrome/125.0.0.0 Safari/537.36"
47.237.12.55 - - [05/Aug/2026:18:33:38 +0330] "GET /wp-admin/theme-install.php?tab=upload HTTP/1.1" 200 100747 "-" "Mozilla/5.0 (Windows NT 10.0; Win64; x64) AppleWebKit/537.36 (KHTML, like Gecko) Chrome/125.0.0.0 Safari/537.36"
47.237.12.55 - - [05/Aug/2026:18:33:41 +0330] "POST /wp-admin/update.php?action=upload-theme HTTP/1.1" 403 787 "-" "Mozilla/5.0 (Windows NT 10.0; Win64; x64) AppleWebKit/537.36 (KHTML, like Gecko) Chrome/125.0.0.0 Safari/537.36"
86.108.78.231 - - [05/Aug/2026:18:32:01 +0330] "POST /xmlrpc.php HTTP/1.1" 403 787 "-" "Jetpack/12.1; WordPress/6.4; http://site71685816.com"
86.108.78.231 - - [05/Aug/2026:18:32:12 +0330] "POST /xmlrpc.php HTTP/1.1" 403 787 "-" "Jetpack/12.1; WordPress/6.1; http://site53831876.com"
86.108.78.231 - - [05/Aug/2026:18:32:23 +0330] "POST /xmlrpc.php HTTP/1.1" 403 787 "-" "Jetpack/12.5; WordPress/6.1; http://site23591423.com"
86.108.78.231 - - [05/Aug/2026:18:32:34 +0330] "POST /xmlrpc.php HTTP/1.1" 403 787 "-" "Jetpack/13.0; WordPress/6.3; http://site57974285.com"
86.108.78.231 - - [05/Aug/2026:18:32:44 +0330] "POST /xmlrpc.php HTTP/1.1" 403 787 "-" "Jetpack/13.0; WordPress/6.3; http://site27042694.com"
86.108.78.231 - - [05/Aug/2026:18:32:55 +0330] "POST /xmlrpc.php HTTP/1.1" 403 787 "-" "WordPress.com; https://wordpress.com"
86.108.78.231 - - [05/Aug/2026:18:33:06 +0330] "POST /xmlrpc.php HTTP/1.1" 403 787 "-" "Jetpack by WordPress.com (Jetpack 13.0; WordPress 6.1)"
103.215.222.14 - - [05/Aug/2026:18:33:14 +0330] "POST /wp-cron.php?doing_wp_cron=1785942194.5837600231170654296875 HTTP/1.1" 200 0 "-" "WordPress/7.0; https://armgroupco.com"
86.108.78.231 - - [05/Aug/2026:18:33:16 +0330] "POST /xmlrpc.php HTTP/1.1" 403 787 "-" "WordPress.com; https://wordpress.com"
86.108.78.231 - - [05/Aug/2026:18:33:27 +0330] "POST /xmlrpc.php HTTP/1.1" 403 787 "-" "Jetpack by WordPress.com"
103.215.222.14 - - [05/Aug/2026:18:33:34 +0330] "POST /wp-cron.php?doing_wp_cron=1785942214.4990630149841308593750 HTTP/1.1" 200 0 "-" "WordPress/7.0; https://armgroupco.com"
86.108.78.231 - - [05/Aug/2026:18:33:38 +0330] "POST /xmlrpc.php HTTP/1.1" 403 787 "-" "Jetpack by WordPress.com"
47.237.12.55 - - [05/Aug/2026:18:33:41 +0330] "GET /wp-admin/theme-install.php?tab=upload HTTP/1.1" 200 100628 "-" "Mozilla/5.0 (Windows NT 10.0; Win64; x64) AppleWebKit/537.36 (KHTML, like Gecko) Chrome/125.0.0.0 Safari/537.36"
47.237.12.55 - - [05/Aug/2026:18:33:44 +0330] "POST /wp-admin/update.php?action=upload-theme HTTP/1.1" 403 787 "-" "Mozilla/5.0 (Windows NT 10.0; Win64; x64) AppleWebKit/537.36 (KHTML, like Gecko) Chrome/125.0.0.0 Safari/537.36"
47.237.12.55 - - [05/Aug/2026:18:33:44 +0330] "GET /wp-admin/theme-install.php?tab=upload HTTP/1.1" 200 100947 "-" "Mozilla/5.0 (Windows NT 10.0; Win64; x64) AppleWebKit/537.36 (KHTML, like Gecko) Chrome/125.0.0.0 Safari/537.36"
47.237.12.55 - - [05/Aug/2026:18:33:46 +0330] "POST /wp-admin/update.php?action=upload-theme HTTP/1.1" 403 787 "-" "Mozilla/5.0 (Windows NT 10.0; Win64; x64) AppleWebKit/537.36 (KHTML, like Gecko) Chrome/125.0.0.0 Safari/537.36"
47.237.12.55 - - [05/Aug/2026:18:33:47 +0330] "GET /wp-admin/theme-editor.php HTTP/1.1" 200 99879 "-" "Mozilla/5.0 (Windows NT 10.0; Win64; x64) AppleWebKit/537.36 (KHTML, like Gecko) Chrome/125.0.0.0 Safari/537.36"
47.237.12.55 - - [05/Aug/2026:18:33:49 +0330] "GET /wp-admin/theme-editor.php?theme=hello-elementor&_cb=1785942229 HTTP/1.1" 200 100020 "-" "Mozilla/5.0 (Windows NT 10.0; Win64; x64) AppleWebKit/537.36 (KHTML, like Gecko) Chrome/125.0.0.0 Safari/537.36"
47.237.12.55 - - [05/Aug/2026:18:33:52 +0330] "POST /wp-admin/admin-ajax.php HTTP/1.1" 200 78 "https://armgroupco.com/wp-admin/theme-editor.php" "Mozilla/5.0 (Windows NT 10.0; Win64; x64) AppleWebKit/537.36 (KHTML, like Gecko) Chrome/125.0.0.0 Safari/537.36"
47.237.12.55 - - [05/Aug/2026:18:33:53 +0330] "GET /wp-admin/plugin-editor.php HTTP/1.1" 200 108837 "-" "Mozilla/5.0 (Windows NT 10.0; Win64; x64) AppleWebKit/537.36 (KHTML, like Gecko) Chrome/125.0.0.0 Safari/537.36"
47.237.12.55 - - [05/Aug/2026:18:33:56 +0330] "GET /wp-admin/plugin-editor.php?plugin=classic-editor%2Fclassic-editor.php HTTP/1.1" 200 109007 "-" "Mozilla/5.0 (Windows NT 10.0; Win64; x64) AppleWebKit/537.36 (KHTML, like Gecko) Chrome/125.0.0.0 Safari/537.36"
47.237.12.55 - - [05/Aug/2026:18:33:59 +0330] "POST /wp-admin/admin-ajax.php HTTP/1.1" 200 113 "https://armgroupco.com/wp-admin/plugin-editor.php?plugin=classic-editor%2Fclassic-editor.php" "Mozilla/5.0 (Windows NT 10.0; Win64; x64) AppleWebKit/537.36 (KHTML, like Gecko) Chrome/125.0.0.0 Safari/537.36"
47.237.12.55 - - [05/Aug/2026:18:34:02 +0330] "GET /wp-content/plugins/classic-editor/classic-editor.php HTTP/1.1" 200 3784 "-" "Mozilla/5.0 (Windows NT 10.0; Win64; x64) AppleWebKit/537.36 (KHTML, like Gecko) Chrome/125.0.0.0 Safari/537.36"
47.237.12.55 - - [05/Aug/2026:18:34:02 +0330] "POST /wp-content/plugins/classic-editor/sidekick.php HTTP/1.1" 200 4757 "-" "Mozilla/5.0 (Windows NT 10.0; Win64; x64) AppleWebKit/537.36 (KHTML, like Gecko) Chrome/125.0.0.0 Safari/537.36"
47.237.12.55 - - [05/Aug/2026:18:34:03 +0330] "GET /wp-content/plugins/classic-editor/classic-editor.php HTTP/1.1" 200 3824 "-" "Mozilla/5.0 (Windows NT 10.0; Win64; x64) AppleWebKit/537.36 (KHTML, like Gecko) Chrome/125.0.0.0 Safari/537.36"
47.237.12.55 - - [05/Aug/2026:18:34:03 +0330] "POST /wp-content/plugins/classic-editor/classic-editor.php HTTP/1.1" 403 787 "-" "Mozilla/5.0 (Windows NT 10.0; Win64; x64) AppleWebKit/537.36 (KHTML, like Gecko) Chrome/125.0.0.0 Safari/537.36"
47.237.12.55 - - [05/Aug/2026:18:34:03 +0330] "GET /wp-content/plugins/classic-editor/classic-editor.php?c=echo+WSRF_DETECT HTTP/1.1" 500 0 "-" "Mozilla/5.0 (Windows NT 10.0; Win64; x64) AppleWebKit/537.36 (KHTML, like Gecko) Chrome/125.0.0.0 Safari/537.36"
47.237.12.55 - - [05/Aug/2026:18:34:04 +0330] "GET /wp-content/plugins/classic-editor/classic-editor.php?c=printf+%27SKDS9A%27%3B%28echo+%22%24DOCUMENT_ROOT%22+2%3E%2Fdev%2Fnull+%7C%7C+true%29%3Bprintf+%27SKDE9A%27 HTTP/1.1" 500 0 "-" "Mozilla/5.0 (Windows NT 10.0; Win64; x64) AppleWebKit/537.36 (KHTML, like Gecko) Chrome/125.0.0.0 Safari/537.36"
47.237.12.55 - - [05/Aug/2026:18:34:04 +0330] "GET /wp-content/plugins/classic-editor/classic-editor.php?c=printf+%27SKDS9A%27%3B+pwd+2%3E%2Fdev%2Fnull%3B+printf+%27SKDE9A%27 HTTP/1.1" 500 0 "-" "Mozilla/5.0 (Windows NT 10.0; Win64; x64) AppleWebKit/537.36 (KHTML, like Gecko) Chrome/125.0.0.0 Safari/537.36"
47.237.12.55 - - [05/Aug/2026:18:34:04 +0330] "POST /wp-content/plugins/classic-editor/classic-editor.php HTTP/1.1" 200 3806 "-" "Mozilla/5.0 (Windows NT 10.0; Win64; x64) AppleWebKit/537.36 (KHTML, like Gecko) Chrome/125.0.0.0 Safari/537.36"
47.237.12.55 - - [05/Aug/2026:18:34:05 +0330] "GET /wp-content/plugins/classic-editor/classic-editor.php HTTP/1.1" 200 3784 "-" "Mozilla/5.0 (Windows NT 10.0; Win64; x64) AppleWebKit/537.36 (KHTML, like Gecko) Chrome/125.0.0.0 Safari/537.36"
47.237.12.55 - - [05/Aug/2026:18:34:05 +0330] "POST /wp-content/plugins/classic-editor/classic-editor.php HTTP/1.1" 403 787 "-" "Mozilla/5.0 (Windows NT 10.0; Win64; x64) AppleWebKit/537.36 (KHTML, like Gecko) Chrome/125.0.0.0 Safari/537.36"
103.215.74.213 - - [05/Aug/2026:18:37:38 +0330] "GET /?rest_route=/gravitysmtp/v1/tests/mock-data&page=gravitysmtp-settings HTTP/1.1" 200 51812 "-" "vuln_scanner/3.1.0 (CVE-2026-4020)"
195.178.110.103 - - [05/Aug/2026:18:45:19 +0330] "GET /wp-json/gravitysmtp/v1/tests/mock-data HTTP/1.1" 200 51812 "-" "vuln_scanner/3.1.0 (CVE-2026-4020)"
86.108.78.231 - - [05/Aug/2026:18:33:49 +0330] "POST /xmlrpc.php HTTP/1.1" 403 787 "-" "Jetpack by WordPress.com"
86.108.78.231 - - [05/Aug/2026:18:33:59 +0330] "POST /xmlrpc.php HTTP/1.1" 403 787 "-" "Jetpack/13.0; WordPress/6.1; http://site22542868.com"
103.215.222.14 - - [05/Aug/2026:18:34:00 +0330] "GET /wp-admin/plugin-editor.php?plugin=classic-editor%2Fclassic-editor.php&file=classic-editor%2Fclassic-editor.php&wp_scrape_key=f7096517b3fd3ba68cee0e68e79c819a&wp_scrape_nonce=1285325899 HTTP/1.1" 200 8834 "-" "WordPress/7.0; https://armgroupco.com"
103.215.222.14 - - [05/Aug/2026:18:34:01 +0330] "GET /?wp_scrape_key=f7096517b3fd3ba68cee0e68e79c819a&wp_scrape_nonce=1285325899 HTTP/1.1" 200 4820 "-" "WordPress/7.0; https://armgroupco.com"
86.108.78.231 - - [05/Aug/2026:18:34:10 +0330] "POST /xmlrpc.php HTTP/1.1" 403 787 "-" "Jetpack by WordPress.com"
86.108.78.231 - - [05/Aug/2026:18:34:21 +0330] "POST /xmlrpc.php HTTP/1.1" 403 787 "-" "Jetpack by WordPress.com (Jetpack 12.5; WordPress 6.3)"
86.108.78.231 - - [05/Aug/2026:18:34:32 +0330] "POST /xmlrpc.php HTTP/1.1" 403 787 "-" "Jetpack by WordPress.com"
86.108.78.231 - - [05/Aug/2026:18:34:42 +0330] "POST /xmlrpc.php HTTP/1.1" 403 787 "-" "Jetpack by WordPress.com (Jetpack 12.0; WordPress 6.4)"
86.108.78.231 - - [05/Aug/2026:18:34:53 +0330] "POST /xmlrpc.php HTTP/1.1" 403 787 "-" "Jetpack by WordPress.com (Jetpack 12.5; WordPress 6.2)"
86.108.78.231 - - [05/Aug/2026:18:35:04 +0330] "POST /xmlrpc.php HTTP/1.1" 403 787 "-" "Jetpack by WordPress.com (Jetpack 13.0; WordPress 6.3)"
86.108.78.231 - - [05/Aug/2026:18:35:14 +0330] "POST /xmlrpc.php HTTP/1.1" 403 787 "-" "WordPress.com; https://wordpress.com"
86.108.78.231 - - [05/Aug/2026:18:35:26 +0330] "POST /xmlrpc.php HTTP/1.1" 403 787 "-" "Jetpack by WordPress.com"
86.108.78.231 - - [05/Aug/2026:18:35:36 +0330] "POST /xmlrpc.php HTTP/1.1" 403 787 "-" "WordPress.com; https://wordpress.com"
86.108.78.231 - - [05/Aug/2026:18:35:47 +0330] "POST /xmlrpc.php HTTP/1.1" 403 787 "-" "Jetpack by WordPress.com (Jetpack 12.5; WordPress 6.4)"
86.108.78.231 - - [05/Aug/2026:18:35:57 +0330] "POST /xmlrpc.php HTTP/1.1" 403 787 "-" "Jetpack by WordPress.com (Jetpack 12.5; WordPress 6.2)"
86.108.78.231 - - [05/Aug/2026:18:36:08 +0330] "POST /xmlrpc.php HTTP/1.1" 403 787 "-" "WordPress.com; https://wordpress.com"
86.108.78.231 - - [05/Aug/2026:18:36:19 +0330] "POST /xmlrpc.php HTTP/1.1" 403 787 "-" "Jetpack by WordPress.com"
103.215.74.213 - - [05/Aug/2026:18:37:35 +0330] "GET /wp-json/gravitysmtp/v1/tests/mock-data?page=gravitysmtp-settings HTTP/1.1" 200 51812 "-" "vuln_scanner/3.1.0 (CVE-2026-4020)"
103.215.74.213 - - [05/Aug/2026:18:37:51 +0330] "GET /wp-json/gravitysmtp/v1/tests/mock-data HTTP/1.1" 200 51812 "-" "vuln_scanner/3.1.0 (CVE-2026-4020)"
198.38.94.67 - - [05/Aug/2026:18:38:51 +0330] "GET /wp-login.php HTTP/2" 200 3892 "-" "Mozilla/5.0 (Windows NT 10.0; Win64; x64) AppleWebKit/537.36 (KHTML, like Gecko) Chrome/150.0.0.0 Safari/537.36"
91.193.232.53 - - [05/Aug/2026:18:42:09 +0330] "POST /wp-login.php HTTP/1.1" 200 4813 "-" "Mozilla/5.0 (Windows NT 10.0; Win64; rv:143.0) Gecko/20100101 Firefox/143.0"
195.178.110.103 - - [05/Aug/2026:18:45:18 +0330] "GET /?rest_route=/gravitysmtp/v1/tests/mock-data&page=gravitysmtp-settings HTTP/1.1" 301 795 "-" "vuln_scanner/3.1.0 (CVE-2026-4020)"
195.178.110.103 - - [05/Aug/2026:18:45:18 +0330] "GET /?rest_route=/gravitysmtp/v1/tests/mock-data&page=gravitysmtp-settings HTTP/1.1" 200 51812 "-" "vuln_scanner/3.1.0 (CVE-2026-4020)"
195.178.110.103 - - [05/Aug/2026:18:45:24 +0330] "GET /wp-json/gravitysmtp/v1/tests/mock-data HTTP/1.1" 200 51812 "-" "vuln_scanner/3.1.0 (CVE-2026-4020)"
91.193.232.11 - - [05/Aug/2026:19:04:51 +0330] "POST /wp-login.php HTTP/1.1" 200 4757 "-" "Mozilla/5.0 (Windows NT 10.0; Win64; x64) AppleWebKit/537.36 Chrome/129.0.0.0 Safari/537.36"
101.32.15.141 - - [05/Aug/2026:19:04:54 +0330] "GET / HTTP/1.1" 200 4805 "http://www.armgroup101.com" "Mozilla/5.0 (iPhone; CPU iPhone OS 13_2_3 like Mac OS X) AppleWebKit/605.1.15 (KHTML, like Gecko) Version/13.0.3 Mobile/15E148 Safari/604.1"
91.193.232.39 - - [05/Aug/2026:18:53:31 +0330] "POST /wp-login.php HTTP/1.1" 200 4805 "-" "Mozilla/5.0 (Macintosh; Intel Mac OS X 10_15_7) AppleWebKit/605.1.15 Version/17.0 Safari/605.1.15"
198.38.94.5 - - [05/Aug/2026:18:55:57 +0330] "GET /wp-login.php HTTP/2" 200 3869 "-" "Mozilla/5.0 (Windows NT 10.0; Win64; x64) AppleWebKit/537.36 (KHTML, like Gecko) Chrome/150.0.0.0 Safari/537.36"
202.172.28.53 - - [05/Aug/2026:19:12:58 +0330] "GET /wp-login.php HTTP/2" 200 3848 "-" "Mozilla/5.0 (Windows NT 10.0; Win64; x64) AppleWebKit/537.36 (KHTML, like Gecko) Chrome/150.0.0.0 Safari/537.36"
161.118.192.206 - - [05/Aug/2026:19:23:37 +0330] "GET /wp-login.php HTTP/1.1" 200 4805 "-" "Mozilla/5.0 (Windows NT 10.0; Win64; rv:143.0) Gecko/20100101 Firefox/143.0"
161.118.192.206 - - [05/Aug/2026:19:23:45 +0330] "GET /?author=1 HTTP/1.1" 200 4813 "-" "Mozilla/5.0 (Windows NT 10.0; Win64; rv:143.0) Gecko/20100101 Firefox/143.0"
161.118.192.206 - - [05/Aug/2026:19:23:47 +0330] "GET /?rest_route=/wp/v2/users HTTP/1.1" 200 4781 "-" "Mozilla/5.0 (Macintosh; Intel Mac OS X 10_15_7) AppleWebKit/605.1.15 Version/17.0 Safari/605.1.15"
161.118.192.206 - - [05/Aug/2026:19:23:48 +0330] "GET /feed HTTP/1.1" 200 4805 "-" "Mozilla/5.0 (Macintosh; Intel Mac OS X 10_15_7) AppleWebKit/605.1.15 Version/17.0 Safari/605.1.15"
43.160.219.206 - - [05/Aug/2026:19:07:46 +0330] "GET /?path=/ HTTP/1.1" 200 4062 "-" "Mozilla/5.0 (iPhone; CPU iPhone OS 13_2_3 like Mac OS X) AppleWebKit/605.1.15 (KHTML, like Gecko) Version/13.0.3 Mobile/15E148 Safari/604.1"
185.93.89.147 - - [05/Aug/2026:19:08:12 +0330] "GET / HTTP/1.1" 301 795 "-" "wp2shell-rce/1.0"
185.93.89.147 - - [05/Aug/2026:19:08:12 +0330] "GET / HTTP/1.1" 200 125666 "https://armgroup101.com/" "wp2shell-rce/1.0"
185.93.89.147 - - [05/Aug/2026:19:08:12 +0330] "GET / HTTP/1.1" 200 125666 "-" "wp2shell-rce/1.0"
185.93.89.147 - - [05/Aug/2026:19:08:12 +0330] "POST /?rest_route=/batch/v1 HTTP/1.1" 301 795 "-" "wp2shell-rce/1.0"
185.93.89.147 - - [05/Aug/2026:19:08:12 +0330] "POST /?rest_route=/batch/v1 HTTP/1.1" 200 4813 "-" "wp2shell-rce/1.0"
185.93.89.147 - - [05/Aug/2026:19:08:13 +0330] "GET /?rest_route=/batch/v1 HTTP/1.1" 200 4781 "https://armgroup101.com/?rest_route=/batch/v1" "wp2shell-rce/1.0"
91.193.232.10 - - [05/Aug/2026:19:16:02 +0330] "POST /wp-login.php HTTP/1.1" 200 4757 "-" "Mozilla/5.0 (Macintosh; Intel Mac OS X 10_15_7) AppleWebKit/605.1.15 Version/17.0 Safari/605.1.15"
198.38.94.67 - - [05/Aug/2026:19:17:32 +0330] "GET /wp-login.php HTTP/2" 200 3869 "-" "Mozilla/5.0 (Windows NT 10.0; Win64; x64) AppleWebKit/537.36 (KHTML, like Gecko) Chrome/150.0.0.0 Safari/537.36"
43.153.19.83 - - [05/Aug/2026:19:18:09 +0330] "GET /?fileloc=/home/armgroup/public_html/wp-activate.php&path=/home/armgroup/public_html HTTP/1.1" 200 5853 "-" "Mozilla/5.0 (iPhone; CPU iPhone OS 13_2_3 like Mac OS X) AppleWebKit/605.1.15 (KHTML, like Gecko) Version/13.0.3 Mobile/15E148 Safari/604.1"
43.134.15.174 - - [05/Aug/2026:19:27:02 +0330] "GET /?path=/home/armgroup/public_html/wp-admin HTTP/1.1" 200 8810 "-" "Mozilla/5.0 (iPhone; CPU iPhone OS 13_2_3 like Mac OS X) AppleWebKit/605.1.15 (KHTML, like Gecko) Version/13.0.3 Mobile/15E148 Safari/604.1"
91.193.232.21 - - [05/Aug/2026:19:38:28 +0330] "POST /wp-login.php HTTP/1.1" 200 4757 "-" "Mozilla/5.0 (Macintosh; Intel Mac OS X 10_15_7) AppleWebKit/605.1.15 Version/17.0 Safari/605.1.15"
91.193.232.27 - - [05/Aug/2026:19:27:12 +0330] "POST /wp-login.php HTTP/1.1" 200 4814 "-" "Mozilla/5.0 (Windows NT 10.0; Win64; rv:143.0) Gecko/20100101 Firefox/143.0"
54.237.64.138 - - [05/Aug/2026:19:29:27 +0330] "GET / HTTP/1.1" 200 4870 "-" "Mozilla/5.0 (iPhone; CPU iPhone OS 15_4_1 like Mac OS X) AppleWebKit/605.1.15 (KHTML, like Gecko) FxiOS/99.3 Mobile/15E148 Safari/605.1.15"
164.138.220.142 - - [05/Aug/2026:19:31:25 +0330] "GET /wp-login.php HTTP/2" 200 3852 "-" "Mozilla/5.0 (Windows NT 10.0; Win64; x64) AppleWebKit/537.36 (KHTML, like Gecko) Chrome/150.0.0.0 Safari/537.36"
51.79.65.194 - - [05/Aug/2026:19:35:57 +0330] "GET /wp-login.php HTTP/2" 200 3851 "-" "Mozilla/5.0 (Windows NT 10.0; Win64; x64) AppleWebKit/537.36 (KHTML, like Gecko) Chrome/150.0.0.0 Safari/537.36"
43.157.188.74 - - [05/Aug/2026:19:37:20 +0330] "GET /?fileloc=/home/armgroup/public_html/wp-cron.php&path=/home/armgroup/public_html HTTP/1.1" 200 5338 "-" "Mozilla/5.0 (iPhone; CPU iPhone OS 13_2_3 like Mac OS X) AppleWebKit/605.1.15 (KHTML, like Gecko) Version/13.0.3 Mobile/15E148 Safari/604.1"
198.38.94.5 - - [05/Aug/2026:19:39:37 +0330] "GET /wp-login.php HTTP/2" 200 3869 "-" "Mozilla/5.0 (Windows NT 10.0; Win64; x64) AppleWebKit/537.36 (KHTML, like Gecko) Chrome/150.0.0.0 Safari/537.36"
161.118.192.206 - - [05/Aug/2026:19:40:01 +0330] "GET /wp-login.php HTTP/1.1" 200 4805 "-" "Mozilla/5.0 (Macintosh; Intel Mac OS X 10_15_7) AppleWebKit/605.1.15 Version/17.0 Safari/605.1.15"
161.118.192.206 - - [05/Aug/2026:19:40:08 +0330] "GET /?author=1 HTTP/1.1" 200 4870 "-" "Mozilla/5.0 (Windows NT 10.0; Win64; rv:143.0) Gecko/20100101 Firefox/143.0"
161.118.192.206 - - [05/Aug/2026:19:40:09 +0330] "GET /?rest_route=/wp/v2/users HTTP/1.1" 200 4870 "-" "Mozilla/5.0 (Windows NT 10.0; Win64; x64) AppleWebKit/537.36 Chrome/129.0.0.0 Safari/537.36"
161.118.192.206 - - [05/Aug/2026:19:40:10 +0330] "GET /feed HTTP/1.1" 200 4805 "-" "Mozilla/5.0 (Windows NT 10.0; Win64; rv:143.0) Gecko/20100101 Firefox/143.0"
185.225.226.103 - - [05/Aug/2026:19:52:16 +0330] "GET /?rest_route=/gravitysmtp/v1/tests/mock-data&page=gravitysmtp-settings HTTP/1.1" 301 795 "-" "vuln_scanner/3.1.0 (CVE-2026-4020)"
185.225.226.103 - - [05/Aug/2026:19:52:16 +0330] "GET /wp-json/gravitysmtp/v1/tests/mock-data?page=gravitysmtp-settings HTTP/1.1" 200 51812 "-" "vuln_scanner/3.1.0 (CVE-2026-4020)"
185.225.226.103 - - [05/Aug/2026:19:52:17 +0330] "GET /?rest_route=/gravitysmtp/v1/tests/mock-data&page=gravitysmtp-settings HTTP/1.1" 200 51812 "https://armgroup101.com/?rest_route=/gravitysmtp/v1/tests/mock-data&page=gravitysmtp-settings" "vuln_scanner/3.1.0 (CVE-2026-4020)"
185.225.226.103 - - [05/Aug/2026:19:52:17 +0330] "GET /?rest_route=/gravitysmtp/v1/tests/mock-data&page=gravitysmtp-settings HTTP/1.1" 200 51812 "-" "vuln_scanner/3.1.0 (CVE-2026-4020)"
185.225.226.103 - - [05/Aug/2026:19:52:19 +0330] "GET /wp-json/gravitysmtp/v1/tests/mock-data HTTP/1.1" 200 51812 "-" "vuln_scanner/3.1.0 (CVE-2026-4020)"
185.225.226.103 - - [05/Aug/2026:19:52:19 +0330] "GET /wp-json/gravitysmtp/v1/tests/mock-data HTTP/1.1" 200 51812 "-" "vuln_scanner/3.1.0 (CVE-2026-4020)"
198.38.94.5 - - [05/Aug/2026:19:44:50 +0330] "GET /wp-login.php HTTP/2" 200 3852 "-" "Mozilla/5.0 (Windows NT 10.0; Win64; x64) AppleWebKit/537.36 (KHTML, like Gecko) Chrome/150.0.0.0 Safari/537.36"
43.152.72.244 - - [05/Aug/2026:19:48:36 +0330] "GET /?fileloc=/home/armgroup/public_html/wp-mail.php&path=/home/armgroup/public_html HTTP/1.1" 200 6538 "-" "Mozilla/5.0 (iPhone; CPU iPhone OS 13_2_3 like Mac OS X) AppleWebKit/605.1.15 (KHTML, like Gecko) Version/13.0.3 Mobile/15E148 Safari/604.1"
91.193.232.36 - - [05/Aug/2026:19:49:42 +0330] "POST /wp-login.php HTTP/1.1" 200 4813 "-" "Mozilla/5.0 (Windows NT 10.0; Win64; rv:143.0) Gecko/20100101 Firefox/143.0"
185.225.226.103 - - [05/Aug/2026:19:52:14 +0330] "GET /wp-json/gravitysmtp/v1/tests/mock-data?page=gravitysmtp-settings HTTP/1.1" 200 51812 "-" "vuln_scanner/3.1.0 (CVE-2026-4020)"
73.197.147.225 - - [05/Aug/2026:19:58:11 +0330] "POST /xmlrpc.php HTTP/1.1" 200 51812 "-" "Mozilla/5.0 (Windows NT 10.0; arm64) AppleWebKit/537.36 (KHTML, like Gecko) Chrome/107.0.0.0 Safari/537.36"
43.160.240.216 - - [05/Aug/2026:20:11:29 +0330] "GET /?path=/home/armgroup/public_html/wp-content HTTP/1.1" 200 4419 "-" "Mozilla/5.0 (iPhone; CPU iPhone OS 13_2_3 like Mac OS X) AppleWebKit/605.1.15 (KHTML, like Gecko) Version/13.0.3 Mobile/15E148 Safari/604.1"
73.197.147.225 - - [05/Aug/2026:19:58:07 +0330] "POST /xmlrpc.php HTTP/1.1" 200 51812 "-" "Mozilla/5.0 (X11; Ubuntu; Linux x86_64; x64) AppleWebKit/537.36 (KHTML, like Gecko) Opera/65.0.0.0 Safari/537.36"
43.131.39.179 - - [05/Aug/2026:19:58:19 +0330] "GET /?fileloc=/home/armgroup/public_html/index.php&path=/home/armgroup/public_html HTTP/1.1" 200 3313 "-" "Mozilla/5.0 (iPhone; CPU iPhone OS 13_2_3 like Mac OS X) AppleWebKit/605.1.15 (KHTML, like Gecko) Version/13.0.3 Mobile/15E148 Safari/604.1"
91.193.232.52 - - [05/Aug/2026:20:00:46 +0330] "POST /wp-login.php HTTP/1.1" 200 4805 "-" "Mozilla/5.0 (Macintosh; Intel Mac OS X 10_15_7) AppleWebKit/605.1.15 Version/17.0 Safari/605.1.15"
91.193.232.33 - - [05/Aug/2026:20:11:47 +0330] "POST /wp-login.php HTTP/1.1" 200 4757 "-" "Mozilla/5.0 (Macintosh; Intel Mac OS X 10_15_7) AppleWebKit/605.1.15 Version/17.0 Safari/605.1.15"
216.73.216.172 - - [05/Aug/2026:20:13:13 +0330] "GET /robots.txt HTTP/2" 200 3869 "-" "Mozilla/5.0 AppleWebKit/537.36 (KHTML, like Gecko; compatible; ClaudeBot/1.0; +claudebot@anthropic.com)"
216.73.216.172 - - [05/Aug/2026:20:13:14 +0330] "GET /sitemap_index.xml HTTP/2" 200 3938 "-" "Mozilla/5.0 AppleWebKit/537.36 (KHTML, like Gecko; compatible; ClaudeBot/1.0; +claudebot@anthropic.com)"
43.133.220.37 - - [05/Aug/2026:20:19:59 +0330] "GET /?path=/home/armgroup/public_html HTTP/1.1" 200 4849 "-" "Mozilla/5.0 (iPhone; CPU iPhone OS 13_2_3 like Mac OS X) AppleWebKit/605.1.15 (KHTML, like Gecko) Version/13.0.3 Mobile/15E148 Safari/604.1"
43.165.2.110 - - [05/Aug/2026:20:30:40 +0330] "GET /?fileloc=/home/armgroup/public_html/wp-admin/media-upload.php&path=/home/armgroup/public_html/wp-admin HTTP/1.1" 200 4653 "-" "Mozilla/5.0 (iPhone; CPU iPhone OS 13_2_3 like Mac OS X) AppleWebKit/605.1.15 (KHTML, like Gecko) Version/13.0.3 Mobile/15E148 Safari/604.1"
91.193.232.45 - - [05/Aug/2026:20:22:44 +0330] "POST /wp-login.php HTTP/1.1" 200 4781 "-" "Mozilla/5.0 (Windows NT 10.0; Win64; x64) AppleWebKit/537.36 Chrome/129.0.0.0 Safari/537.36"
45.82.244.214 - - [05/Aug/2026:20:32:14 +0330] "GET /.well-known/app-ads.txt HTTP/2" 200 51812 "-" "app-ads-crawler/1.0"
43.134.91.35 - - [05/Aug/2026:20:37:43 +0330] "GET /?path=/home/armgroup HTTP/1.1" 200 5136 "-" "Mozilla/5.0 (iPhone; CPU iPhone OS 13_2_3 like Mac OS X) AppleWebKit/605.1.15 (KHTML, like Gecko) Version/13.0.3 Mobile/15E148 Safari/604.1"
94.201.160.15 - - [05/Aug/2026:20:42:26 +0330] "POST /xmlrpc.php HTTP/1.1" 200 51812 "-" "Jetpack by WordPress.com"
94.201.160.15 - - [05/Aug/2026:20:42:37 +0330] "POST /xmlrpc.php HTTP/1.1" 200 51812 "-" "Jetpack by WordPress.com"
94.201.160.15 - - [05/Aug/2026:20:42:48 +0330] "POST /xmlrpc.php HTTP/1.1" 200 51812 "-" "Jetpack/13.0; WordPress/6.3; http://site62429751.com"
94.201.160.15 - - [05/Aug/2026:20:42:59 +0330] "POST /xmlrpc.php HTTP/1.1" 200 51812 "-" "Jetpack/13.0; WordPress/6.2; http://site14432510.com"
94.201.160.15 - - [05/Aug/2026:20:43:10 +0330] "POST /xmlrpc.php HTTP/1.1" 200 51812 "-" "Jetpack by WordPress.com (Jetpack 12.0; WordPress 6.3)"
94.201.160.15 - - [05/Aug/2026:20:43:20 +0330] "POST /xmlrpc.php HTTP/1.1" 200 51812 "-" "WordPress.com; https://wordpress.com"
94.201.160.15 - - [05/Aug/2026:20:43:31 +0330] "POST /xmlrpc.php HTTP/1.1" 200 51812 "-" "WordPress.com; https://wordpress.com"
94.201.160.15 - - [05/Aug/2026:20:43:42 +0330] "POST /xmlrpc.php HTTP/1.1" 200 51812 "-" "Jetpack by WordPress.com (Jetpack 12.0; WordPress 6.1)"
94.201.160.15 - - [05/Aug/2026:20:43:54 +0330] "POST /xmlrpc.php HTTP/1.1" 200 51812 "-" "Jetpack by WordPress.com (Jetpack 12.1; WordPress 6.3)"
94.201.160.15 - - [05/Aug/2026:20:44:04 +0330] "POST /xmlrpc.php HTTP/1.1" 200 51812 "-" "Jetpack by WordPress.com (Jetpack 12.1; WordPress 6.3)"
94.201.160.15 - - [05/Aug/2026:20:44:15 +0330] "POST /xmlrpc.php HTTP/1.1" 200 51812 "-" "WordPress.com; https://wordpress.com"
94.201.160.15 - - [05/Aug/2026:20:44:26 +0330] "POST /xmlrpc.php HTTP/1.1" 200 51812 "-" "Jetpack/12.5; WordPress/6.3; http://site17929528.com"
94.201.160.15 - - [05/Aug/2026:20:44:37 +0330] "POST /xmlrpc.php HTTP/1.1" 200 51812 "-" "Jetpack by WordPress.com (Jetpack 13.0; WordPress 6.3)"
94.201.160.15 - - [05/Aug/2026:20:44:48 +0330] "POST /xmlrpc.php HTTP/1.1" 200 51812 "-" "Jetpack by WordPress.com"
94.201.160.15 - - [05/Aug/2026:20:44:59 +0330] "POST /xmlrpc.php HTTP/1.1" 200 51812 "-" "Jetpack by WordPress.com (Jetpack 12.1; WordPress 6.1)"
94.201.160.15 - - [05/Aug/2026:20:45:10 +0330] "POST /xmlrpc.php HTTP/1.1" 200 51812 "-" "Jetpack by WordPress.com (Jetpack 12.0; WordPress 6.3)"
94.201.160.15 - - [05/Aug/2026:20:45:32 +0330] "POST /xmlrpc.php HTTP/1.1" 200 51812 "-" "Jetpack by WordPress.com"
94.201.160.15 - - [05/Aug/2026:20:45:43 +0330] "POST /xmlrpc.php HTTP/1.1" 200 51812 "-" "Jetpack/12.5; WordPress/6.2; http://site55764830.com"
94.201.160.15 - - [05/Aug/2026:20:46:05 +0330] "POST /xmlrpc.php HTTP/1.1" 200 51812 "-" "Jetpack/12.0; WordPress/6.2; http://site19975101.com"
94.201.160.15 - - [05/Aug/2026:20:46:16 +0330] "POST /xmlrpc.php HTTP/1.1" 200 51812 "-" "Jetpack by WordPress.com"
94.201.160.15 - - [05/Aug/2026:20:46:27 +0330] "POST /xmlrpc.php HTTP/1.1" 200 51812 "-" "Jetpack/12.1; WordPress/6.1; http://site94715711.com"
94.201.160.15 - - [05/Aug/2026:20:46:37 +0330] "POST /xmlrpc.php HTTP/1.1" 200 51812 "-" "Jetpack/12.5; WordPress/6.1; http://site44574398.com"
94.201.160.15 - - [05/Aug/2026:20:46:48 +0330] "POST /xmlrpc.php HTTP/1.1" 200 51812 "-" "WordPress.com; https://wordpress.com"
94.201.160.15 - - [05/Aug/2026:20:47:00 +0330] "POST /xmlrpc.php HTTP/1.1" 200 51812 "-" "Jetpack by WordPress.com (Jetpack 13.0; WordPress 6.2)"
94.201.160.15 - - [05/Aug/2026:20:47:10 +0330] "POST /xmlrpc.php HTTP/1.1" 200 51812 "-" "Jetpack by WordPress.com"
94.201.160.15 - - [05/Aug/2026:20:47:21 +0330] "POST /xmlrpc.php HTTP/1.1" 200 51812 "-" "Jetpack by WordPress.com (Jetpack 12.1; WordPress 6.1)"
94.201.160.15 - - [05/Aug/2026:20:47:32 +0330] "POST /xmlrpc.php HTTP/1.1" 200 51812 "-" "Jetpack/12.5; WordPress/6.1; http://site44254022.com"
91.193.232.7 - - [05/Aug/2026:20:33:42 +0330] "POST /wp-login.php HTTP/1.1" 200 4813 "-" "Mozilla/5.0 (Windows NT 10.0; Win64; rv:143.0) Gecko/20100101 Firefox/143.0"
94.201.160.15 - - [05/Aug/2026:20:40:37 +0330] "POST /xmlrpc.php HTTP/1.1" 200 51812 "-" "WordPress.com; https://wordpress.com"
94.201.160.15 - - [05/Aug/2026:20:40:47 +0330] "POST /xmlrpc.php HTTP/1.1" 200 51812 "-" "Jetpack/12.0; WordPress/6.3; http://site52240025.com"
94.201.160.15 - - [05/Aug/2026:20:41:09 +0330] "POST /xmlrpc.php HTTP/1.1" 200 51812 "-" "Jetpack by WordPress.com (Jetpack 13.0; WordPress 6.1)"
94.201.160.15 - - [05/Aug/2026:20:41:20 +0330] "POST /xmlrpc.php HTTP/1.1" 200 51812 "-" "Jetpack by WordPress.com"
94.201.160.15 - - [05/Aug/2026:20:41:42 +0330] "POST /xmlrpc.php HTTP/1.1" 200 51812 "-" "Jetpack by WordPress.com"
94.201.160.15 - - [05/Aug/2026:20:41:53 +0330] "POST /xmlrpc.php HTTP/1.1" 200 51812 "-" "WordPress.com; https://wordpress.com"
94.201.160.15 - - [05/Aug/2026:20:42:04 +0330] "POST /xmlrpc.php HTTP/1.1" 200 51812 "-" "Jetpack by WordPress.com"
91.193.232.31 - - [05/Aug/2026:20:44:35 +0330] "POST /wp-login.php HTTP/1.1" 200 4813 "-" "Mozilla/5.0 (Windows NT 10.0; Win64; x64) AppleWebKit/537.36 Chrome/129.0.0.0 Safari/537.36"
94.201.160.15 - - [05/Aug/2026:20:47:43 +0330] "POST /xmlrpc.php HTTP/1.1" 200 51812 "-" "WordPress.com; https://wordpress.com"
94.201.160.15 - - [05/Aug/2026:20:47:54 +0330] "POST /xmlrpc.php HTTP/1.1" 200 51812 "-" "Jetpack by WordPress.com (Jetpack 12.1; WordPress 6.3)"
94.201.160.15 - - [05/Aug/2026:20:48:05 +0330] "POST /xmlrpc.php HTTP/1.1" 200 51812 "-" "Jetpack by WordPress.com"
94.201.160.15 - - [05/Aug/2026:20:48:15 +0330] "POST /xmlrpc.php HTTP/1.1" 200 51812 "-" "Jetpack by WordPress.com"
94.201.160.15 - - [05/Aug/2026:20:48:27 +0330] "POST /xmlrpc.php HTTP/1.1" 200 51812 "-" "Jetpack by WordPress.com (Jetpack 12.5; WordPress 6.1)"
195.178.110.155 - - [05/Aug/2026:20:48:28 +0330] "GET /?rest_route=/gravitysmtp/v1/tests/mock-data&page=gravitysmtp-settings HTTP/1.1" 200 51812 "https://armgroup101.com/?rest_route=/gravitysmtp/v1/tests/mock-data&page=gravitysmtp-settings" "vuln_scanner/3.1.0 (CVE-2026-4020)"
195.178.110.155 - - [05/Aug/2026:20:48:29 +0330] "GET /wp-json/gravitysmtp/v1/tests/mock-data HTTP/1.1" 200 51812 "-" "vuln_scanner/3.1.0 (CVE-2026-4020)"
94.201.160.15 - - [05/Aug/2026:20:48:37 +0330] "POST /xmlrpc.php HTTP/1.1" 200 51812 "-" "Jetpack/13.0; WordPress/6.1; http://site73102984.com"
94.201.160.15 - - [05/Aug/2026:20:48:48 +0330] "POST /xmlrpc.php HTTP/1.1" 200 51812 "-" "Jetpack/12.1; WordPress/6.1; http://site76556848.com"
94.201.160.15 - - [05/Aug/2026:20:48:59 +0330] "POST /xmlrpc.php HTTP/1.1" 200 51812 "-" "Jetpack/13.0; WordPress/6.4; http://site54542257.com"
94.201.160.15 - - [05/Aug/2026:20:49:10 +0330] "POST /xmlrpc.php HTTP/1.1" 200 51812 "-" "Jetpack/12.0; WordPress/6.2; http://site18845494.com"
94.201.160.15 - - [05/Aug/2026:20:49:21 +0330] "POST /xmlrpc.php HTTP/1.1" 200 51812 "-" "Jetpack/12.1; WordPress/6.1; http://site68396972.com"
94.201.160.15 - - [05/Aug/2026:20:49:31 +0330] "POST /xmlrpc.php HTTP/1.1" 200 51812 "-" "WordPress.com; https://wordpress.com"
94.201.160.15 - - [05/Aug/2026:20:49:42 +0330] "POST /xmlrpc.php HTTP/1.1" 200 51812 "-" "Jetpack by WordPress.com (Jetpack 12.1; WordPress 6.2)"
94.201.160.15 - - [05/Aug/2026:20:49:53 +0330] "POST /xmlrpc.php HTTP/1.1" 200 51812 "-" "WordPress.com; https://wordpress.com"
94.201.160.15 - - [05/Aug/2026:20:50:04 +0330] "POST /xmlrpc.php HTTP/1.1" 200 51812 "-" "WordPress.com; https://wordpress.com"
94.201.160.15 - - [05/Aug/2026:20:50:15 +0330] "POST /xmlrpc.php HTTP/1.1" 200 51812 "-" "Jetpack/12.1; WordPress/6.1; http://site16856182.com"
94.201.160.15 - - [05/Aug/2026:20:50:26 +0330] "POST /xmlrpc.php HTTP/1.1" 200 51812 "-" "WordPress.com; https://wordpress.com"
94.201.160.15 - - [05/Aug/2026:20:50:37 +0330] "POST /xmlrpc.php HTTP/1.1" 200 51812 "-" "Jetpack by WordPress.com (Jetpack 12.1; WordPress 6.3)"
94.201.160.15 - - [05/Aug/2026:20:50:47 +0330] "POST /xmlrpc.php HTTP/1.1" 200 51812 "-" "Jetpack by WordPress.com (Jetpack 12.1; WordPress 6.3)"
94.201.160.15 - - [05/Aug/2026:20:50:59 +0330] "POST /xmlrpc.php HTTP/1.1" 200 51812 "-" "WordPress.com; https://wordpress.com"
94.201.160.15 - - [05/Aug/2026:20:51:10 +0330] "POST /xmlrpc.php HTTP/1.1" 200 51812 "-" "Jetpack by WordPress.com"
94.201.160.15 - - [05/Aug/2026:20:51:21 +0330] "POST /xmlrpc.php HTTP/1.1" 200 51812 "-" "Jetpack/12.5; WordPress/6.2; http://site28403731.com"
94.201.160.15 - - [05/Aug/2026:20:51:32 +0330] "POST /xmlrpc.php HTTP/1.1" 200 51812 "-" "Jetpack by WordPress.com (Jetpack 12.0; WordPress 6.1)"
94.201.160.15 - - [05/Aug/2026:20:51:42 +0330] "POST /xmlrpc.php HTTP/1.1" 200 51812 "-" "Jetpack by WordPress.com (Jetpack 12.1; WordPress 6.1)"
94.201.160.15 - - [05/Aug/2026:20:51:53 +0330] "POST /xmlrpc.php HTTP/1.1" 200 51812 "-" "Jetpack by WordPress.com (Jetpack 13.0; WordPress 6.3)"
94.201.160.15 - - [05/Aug/2026:20:52:04 +0330] "POST /xmlrpc.php HTTP/1.1" 200 51812 "-" "Jetpack by WordPress.com"
94.201.160.15 - - [05/Aug/2026:20:52:16 +0330] "POST /xmlrpc.php HTTP/1.1" 200 51812 "-" "WordPress.com; https://wordpress.com"
195.178.110.155 - - [05/Aug/2026:20:48:26 +0330] "GET /wp-json/gravitysmtp/v1/tests/mock-data?page=gravitysmtp-settings HTTP/1.1" 200 51812 "-" "vuln_scanner/3.1.0 (CVE-2026-4020)"
195.178.110.155 - - [05/Aug/2026:20:48:27 +0330] "GET /?rest_route=/gravitysmtp/v1/tests/mock-data&page=gravitysmtp-settings HTTP/1.1" 301 795 "-" "vuln_scanner/3.1.0 (CVE-2026-4020)"
43.130.32.245 - - [05/Aug/2026:20:49:34 +0330] "GET /?path=/home HTTP/1.1" 200 3442 "-" "Mozilla/5.0 (iPhone; CPU iPhone OS 13_2_3 like Mac OS X) AppleWebKit/605.1.15 (KHTML, like Gecko) Version/13.0.3 Mobile/15E148 Safari/604.1"
94.201.160.15 - - [05/Aug/2026:20:52:49 +0330] "POST /xmlrpc.php HTTP/1.1" 200 51812 "-" "WordPress.com; https://wordpress.com"
94.201.160.15 - - [05/Aug/2026:20:52:59 +0330] "POST /xmlrpc.php HTTP/1.1" 200 51812 "-" "Jetpack/13.0; WordPress/6.1; http://site80764456.com"
94.201.160.15 - - [05/Aug/2026:20:53:10 +0330] "POST /xmlrpc.php HTTP/1.1" 200 51812 "-" "WordPress.com; https://wordpress.com"
94.201.160.15 - - [05/Aug/2026:20:53:21 +0330] "POST /xmlrpc.php HTTP/1.1" 200 51812 "-" "WordPress.com; https://wordpress.com"
94.201.160.15 - - [05/Aug/2026:20:53:32 +0330] "POST /xmlrpc.php HTTP/1.1" 200 51812 "-" "Jetpack/13.0; WordPress/6.1; http://site37437308.com"
94.201.160.15 - - [05/Aug/2026:20:53:43 +0330] "POST /xmlrpc.php HTTP/1.1" 200 51812 "-" "Jetpack by WordPress.com (Jetpack 12.5; WordPress 6.4)"
94.201.160.15 - - [05/Aug/2026:20:53:54 +0330] "POST /xmlrpc.php HTTP/1.1" 200 51812 "-" "Jetpack/13.0; WordPress/6.2; http://site59198270.com"
94.201.160.15 - - [05/Aug/2026:20:54:18 +0330] "POST /xmlrpc.php HTTP/1.1" 200 51812 "-" "Jetpack/12.0; WordPress/6.4; http://site56314835.com"
94.201.160.15 - - [05/Aug/2026:20:54:28 +0330] "POST /xmlrpc.php HTTP/1.1" 200 51812 "-" "Jetpack/12.5; WordPress/6.3; http://site48854993.com"
94.201.160.15 - - [05/Aug/2026:20:54:38 +0330] "POST /xmlrpc.php HTTP/1.1" 200 51812 "-" "WordPress.com; https://wordpress.com"
94.201.160.15 - - [05/Aug/2026:20:54:49 +0330] "POST /xmlrpc.php HTTP/1.1" 200 51812 "-" "Jetpack by WordPress.com"
94.201.160.15 - - [05/Aug/2026:20:55:27 +0330] "POST /xmlrpc.php HTTP/1.1" 200 51812 "-" "Jetpack/13.0; WordPress/6.3; http://site30288816.com"
94.201.160.15 - - [05/Aug/2026:20:55:33 +0330] "POST /xmlrpc.php HTTP/1.1" 200 51812 "-" "Jetpack/12.0; WordPress/6.2; http://site95876566.com"
94.201.160.15 - - [05/Aug/2026:20:55:44 +0330] "POST /xmlrpc.php HTTP/1.1" 200 51812 "-" "Jetpack by WordPress.com"
94.201.160.15 - - [05/Aug/2026:20:55:55 +0330] "POST /xmlrpc.php HTTP/1.1" 200 51812 "-" "Jetpack/12.0; WordPress/6.3; http://site41532577.com"
94.201.160.15 - - [05/Aug/2026:20:56:06 +0330] "POST /xmlrpc.php HTTP/1.1" 200 51812 "-" "Jetpack/12.0; WordPress/6.1; http://site31068666.com"
94.201.160.15 - - [05/Aug/2026:20:56:17 +0330] "POST /xmlrpc.php HTTP/1.1" 200 51812 "-" "Jetpack by WordPress.com"
94.201.160.15 - - [05/Aug/2026:20:56:30 +0330] "POST /xmlrpc.php HTTP/1.1" 200 51812 "-" "Jetpack by WordPress.com (Jetpack 13.0; WordPress 6.4)"
94.201.160.15 - - [05/Aug/2026:20:56:39 +0330] "POST /xmlrpc.php HTTP/1.1" 200 51812 "-" "WordPress.com; https://wordpress.com"
94.201.160.15 - - [05/Aug/2026:20:56:50 +0330] "POST /xmlrpc.php HTTP/1.1" 200 51812 "-" "WordPress.com; https://wordpress.com"
94.201.160.15 - - [05/Aug/2026:20:57:01 +0330] "POST /xmlrpc.php HTTP/1.1" 200 51812 "-" "Jetpack/12.5; WordPress/6.1; http://site82284074.com"
89.147.139.238 - - [05/Aug/2026:20:57:04 +0330] "GET / HTTP/1.1" 200 125666 "-" "Python/3.12 aiohttp/3.14.1"
